000
CDUS43 KMKX 160645
CLIMKE


CLIMATE REPORT
NATIONAL WEATHER SERVICE IN MILWAUKEE
142 AM CDT MON MAY 16 2016


...................................

...THE MILWAUKEE WI CLIMATE SUMMARY FOR MAY 15 2016...

CLIMATE NORMAL PERIOD 1981 TO 2010
CLIMATE RECORD PERIOD 1871 TO 2016


WEATHER ITEM   OBSERVED TIME   RECORD YEAR NORMAL DEPARTURE LAST
                VALUE   (LST)  VALUE       VALUE  FROM      YEAR
                                                  NORMAL
..................................................................
TEMPERATURE (F)
 YESTERDAY
  MAXIMUM         56    617 PM  88    1932  65     -9       75
  MINIMUM         36    430 AM  34    1888  46    -10       47
  AVERAGE         46                        55     -9       61

PRECIPITATION (IN)
  YESTERDAY        0.00          1.82 1876   0.10  -0.10     0.01
  MONTH TO DATE    1.72                      1.57   0.15     0.91
  SINCE MAR 1      6.86                      7.40  -0.54     6.96
  SINCE JAN 1      8.17                     10.81  -2.64     8.68

SNOWFALL (IN)
  YESTERDAY        0.0           T    2012   0.0    0.0      0.0
  MONTH TO DATE    T                         0.1   -0.1      0.0
  SINCE MAR 1     10.0                       9.1    0.9      4.9
  SINCE JUL 1     39.1                      46.9   -7.8     43.0
  SNOW DEPTH       0

DEGREE DAYS
 HEATING
  YESTERDAY       19                        10      9        4
  MONTH TO DATE  200                       184     16      149
  SINCE MAR 1   1597                      1701   -104     1648
  SINCE JUL 1   5816                      6681   -865     6980

 COOLING
  YESTERDAY        0                         1     -1        0
  MONTH TO DATE    0                         5     -5       11
  SINCE MAR 1      0                        10    -10       11
  SINCE JAN 1      0                        10    -10       11
..................................................................


WIND (MPH)
  HIGHEST WIND SPEED    21   HIGHEST WIND DIRECTION    NW (300)
  HIGHEST GUST SPEED    32   HIGHEST GUST DIRECTION     W (280)
  AVERAGE WIND SPEED    11.2


SKY COVER
  POSSIBLE SUNSHINE  MM
  AVERAGE SKY COVER 0.5


WEATHER CONDITIONS
 THE FOLLOWING WEATHER WAS RECORDED YESTERDAY.
  NO SIGNIFICANT WEATHER WAS OBSERVED.


RELATIVE HUMIDITY (PERCENT)
 HIGHEST    59           200 AM
 LOWEST     29           200 PM
 AVERAGE    44

..........................................................


THE MILWAUKEE WI CLIMATE NORMALS FOR TODAY
                         NORMAL    RECORD    YEAR
 MAXIMUM TEMPERATURE (F)   65        89      1977
 MINIMUM TEMPERATURE (F)   46        31      1888


SUNRISE AND SUNSET
MAY 16 2016...........SUNRISE   527 AM CDT   SUNSET   810 PM CDT
MAY 17 2016...........SUNRISE   526 AM CDT   SUNSET   811 PM CDT


-  INDICATES NEGATIVE NUMBERS.
R  INDICATES RECORD WAS SET OR TIED.
MM INDICATES DATA IS MISSING.
T  INDICATES TRACE AMOUNT.




$$
