000
CDUS43 KMKX 220046
CLIMKE


CLIMATE REPORT
NATIONAL WEATHER SERVICE IN MILWAUKEE
746 PM CDT THU APR 21 2016


...................................

...THE MILWAUKEE WI CLIMATE SUMMARY FOR APRIL 21 2016...
VALID TODAY AS OF 0700 PM LOCAL TIME.

CLIMATE NORMAL PERIOD 1981 TO 2010
CLIMATE RECORD PERIOD 1871 TO 2016


WEATHER ITEM   OBSERVED TIME   RECORD YEAR NORMAL DEPARTURE LAST
                VALUE   (LST)  VALUE       VALUE  FROM      YEAR
                                                  NORMAL
..................................................................
TEMPERATURE (F)
 TODAY
  MAXIMUM         66   1202 PM  84    1985  56     10       44
                                      1902
  MINIMUM         50    155 AM  25    1975  39     11       37
  AVERAGE         58                        48     10       41

PRECIPITATION (IN)
  TODAY            0.07          2.78 1973   0.12  -0.05      T
  MONTH TO DATE    1.20                      2.54  -1.34     5.07
  SINCE MAR 1      4.54                      4.81  -0.27     5.90
  SINCE JAN 1      5.85                      8.22  -2.37     7.62

SNOWFALL (IN)
  TODAY            0.0           2.2  1927   0.1   -0.1       T
  MONTH TO DATE    3.4                       1.8    1.6       T
  SINCE MAR 1     10.0                       8.8    1.2      4.9
  SINCE JUL 1     39.1                      46.6   -7.5     43.0
  SNOW DEPTH       0

DEGREE DAYS
 HEATING
  TODAY            7                        18    -11       24
  MONTH TO DATE  469                       445     24      367
  SINCE MAR 1   1233                      1374   -141     1298
  SINCE JUL 1   5452                      6354   -902     6630

 COOLING
  TODAY            0                         0      0        0
  MONTH TO DATE    0                         0      0        0
  SINCE MAR 1      0                         0      0        0
  SINCE JAN 1      0                         0      0        0
..................................................................


WIND (MPH)
  HIGHEST WIND SPEED    13   HIGHEST WIND DIRECTION    SE (140)
  HIGHEST GUST SPEED    16   HIGHEST GUST DIRECTION    SE (140)
  AVERAGE WIND SPEED     6.4


SKY COVER
  POSSIBLE SUNSHINE  MM
  AVERAGE SKY COVER 1.0


WEATHER CONDITIONS
 THE FOLLOWING WEATHER WAS RECORDED TODAY.
  LIGHT RAIN
  FOG
  HAZE


RELATIVE HUMIDITY (PERCENT)
 HIGHEST   100           300 AM
 LOWEST     78          1200 PM
 AVERAGE    89

..........................................................


THE MILWAUKEE WI CLIMATE NORMALS FOR TOMORROW
                         NORMAL    RECORD    YEAR
 MAXIMUM TEMPERATURE (F)   56        91      1980
 MINIMUM TEMPERATURE (F)   40        26      1875


SUNRISE AND SUNSET
APRIL 21 2016.........SUNRISE   600 AM CDT   SUNSET   742 PM CDT
APRIL 22 2016.........SUNRISE   558 AM CDT   SUNSET   743 PM CDT


-  INDICATES NEGATIVE NUMBERS.
R  INDICATES RECORD WAS SET OR TIED.
MM INDICATES DATA IS MISSING.
T  INDICATES TRACE AMOUNT.




$$
