000
CDUS43 KMKX 122121
CLIMKE


CLIMATE REPORT
NATIONAL WEATHER SERVICE IN MILWAUKEE
421 PM CDT WED APR 12 2017


...................................

...THE MILWAUKEE WI CLIMATE SUMMARY FOR APRIL 12 2017...
VALID TODAY AS OF 0400 PM LOCAL TIME.

CLIMATE NORMAL PERIOD 1981 TO 2010
CLIMATE RECORD PERIOD 1871 TO 2017


WEATHER ITEM   OBSERVED TIME   RECORD YEAR NORMAL DEPARTURE LAST
                VALUE   (LST)  VALUE       VALUE  FROM      YEAR
                                                  NORMAL
..................................................................
TEMPERATURE (F)
 TODAY
  MAXIMUM         53   1123 AM  82    1977  53      0       41
                                      1941
  MINIMUM         36    550 AM  19    1939  36      0       30
  AVERAGE         45                        44      1       36

PRECIPITATION (IN)
  TODAY            0.00          1.01 1952   0.13  -0.13     0.00
  MONTH TO DATE    2.08                      1.43   0.65     1.01
  SINCE MAR 1      5.80                      3.70   2.10     4.35
  SINCE JAN 1      9.81                      7.11   2.70     5.66

SNOWFALL (IN)
  TODAY            0.0           4.0  1900   0.0    0.0      0.0
  MONTH TO DATE    0.0                       1.2   -1.2      3.4
  SINCE MAR 1     13.6                       8.2    5.4     10.0
  SINCE JUL 1     37.6                      46.0   -8.4     39.1
  SNOW DEPTH       0

DEGREE DAYS
 HEATING
  TODAY           20                        21     -1       29
  MONTH TO DATE  194                       274    -80      334
  SINCE MAR 1   1081                      1203   -122     1098
  SINCE JUL 1   5080                      6183  -1103     5317

 COOLING
  TODAY            0                         0      0        0
  MONTH TO DATE    1                         0      1        0
  SINCE MAR 1      1                         0      1        0
  SINCE JAN 1      1                         0      1        0
..................................................................


WIND (MPH)
  HIGHEST WIND SPEED    14   HIGHEST WIND DIRECTION    SE (140)
  HIGHEST GUST SPEED    16   HIGHEST GUST DIRECTION    SE (140)
  AVERAGE WIND SPEED     5.5


SKY COVER
  POSSIBLE SUNSHINE  MM
  AVERAGE SKY COVER 0.4


WEATHER CONDITIONS
 THE FOLLOWING WEATHER WAS RECORDED TODAY.
  NO SIGNIFICANT WEATHER WAS OBSERVED.


RELATIVE HUMIDITY (PERCENT)
 HIGHEST    76           400 AM
 LOWEST     48           100 PM
 AVERAGE    62

..........................................................


THE MILWAUKEE WI CLIMATE NORMALS FOR TOMORROW
                         NORMAL    RECORD    YEAR
 MAXIMUM TEMPERATURE (F)   53        79      1899
 MINIMUM TEMPERATURE (F)   37        19      1950


SUNRISE AND SUNSET
APRIL 12 2017.........SUNRISE   614 AM CDT   SUNSET   731 PM CDT
APRIL 13 2017.........SUNRISE   613 AM CDT   SUNSET   732 PM CDT


-  INDICATES NEGATIVE NUMBERS.
R  INDICATES RECORD WAS SET OR TIED.
MM INDICATES DATA IS MISSING.
T  INDICATES TRACE AMOUNT.




$$
