744
CDUS43 KMKX 122248
CLIMKE


CLIMATE REPORT
NATIONAL WEATHER SERVICE IN MILWAUKEE
444 PM CST THU JAN 12 2017


...................................

...THE MILWAUKEE WI CLIMATE SUMMARY FOR JANUARY 12 2017...
VALID TODAY AS OF 0400 PM LOCAL TIME.

CLIMATE NORMAL PERIOD 1981 TO 2010
CLIMATE RECORD PERIOD 1871 TO 2017


WEATHER ITEM   OBSERVED TIME   RECORD YEAR NORMAL DEPARTURE LAST
                VALUE   (LST)  VALUE       VALUE  FROM      YEAR
                                                  NORMAL
..................................................................
TEMPERATURE (F)
 TODAY
  MAXIMUM         26    221 PM  60    1871  29     -3       12
  MINIMUM         18    609 AM -14    1912  15      3        3
  AVERAGE         22                        22      0        8

PRECIPITATION (IN)
  TODAY            0.01          1.84 1908   0.06  -0.05      T
  MONTH TO DATE    0.55                      0.72  -0.17     0.34
  SINCE DEC 1      2.48                      2.76  -0.28     4.16
  SINCE JAN 1      0.55                      0.72  -0.17     0.34

SNOWFALL (IN)
  TODAY            0.2          16.0  1908   0.5   -0.3       T
  MONTH TO DATE    0.9                       5.7   -4.8      3.5
  SINCE DEC 1     19.7                      16.3    3.4     13.1
  SINCE JUL 1     19.7                      19.0    0.7     20.0
  SNOW DEPTH       0

DEGREE DAYS
 HEATING
  TODAY           43                        43      0       57
  MONTH TO DATE  532                       511     21      498
  SINCE DEC 1   1739                      1706     33     1337
  SINCE JUL 1   2569                      3071   -502     2376

 COOLING
  TODAY            0                         0      0        0
  MONTH TO DATE    0                         0      0        0
  SINCE DEC 1      0                         0      0        0
  SINCE JAN 1      0                         0      0        0
..................................................................


WIND (MPH)
  HIGHEST WIND SPEED    16   HIGHEST WIND DIRECTION    NW (330)
  HIGHEST GUST SPEED    22   HIGHEST GUST DIRECTION     N (340)
  AVERAGE WIND SPEED    10.6


SKY COVER
  POSSIBLE SUNSHINE  MM
  AVERAGE SKY COVER 0.9


WEATHER CONDITIONS
 THE FOLLOWING WEATHER WAS RECORDED TODAY.
  LT FREEZING RAIN
  LIGHT SNOW


RELATIVE HUMIDITY (PERCENT)
 HIGHEST    77           100 AM
 LOWEST     45           400 PM
 AVERAGE    61

..........................................................


THE MILWAUKEE WI CLIMATE NORMALS FOR TOMORROW
                         NORMAL    RECORD    YEAR
 MAXIMUM TEMPERATURE (F)   29        55      1961
 MINIMUM TEMPERATURE (F)   15       -18      1929


SUNRISE AND SUNSET
JANUARY 12 2017.......SUNRISE   721 AM CST   SUNSET   439 PM CST
JANUARY 13 2017.......SUNRISE   721 AM CST   SUNSET   441 PM CST


-  INDICATES NEGATIVE NUMBERS.
R  INDICATES RECORD WAS SET OR TIED.
MM INDICATES DATA IS MISSING.
T  INDICATES TRACE AMOUNT.




$$

HAHN
