000
CDUS43 KMKX 070651
CLIMKE


CLIMATE REPORT
NATIONAL WEATHER SERVICE IN MILWAUKEE
151 AM CDT WED JUN 7 2017


...................................

...THE MILWAUKEE WI CLIMATE SUMMARY FOR JUNE 6 2017...

CLIMATE NORMAL PERIOD 1981 TO 2010
CLIMATE RECORD PERIOD 1871 TO 2017


WEATHER ITEM   OBSERVED TIME   RECORD YEAR NORMAL DEPARTURE LAST
                VALUE   (LST)  VALUE       VALUE  FROM      YEAR
                                                  NORMAL
..................................................................
TEMPERATURE (F)
 YESTERDAY
  MAXIMUM         68        MM  94    2011  72     -4       77
  MINIMUM         55        MM  38    1894  54      1       57
  AVERAGE         62                        63     -1       67

PRECIPITATION (IN)
  YESTERDAY        0.00          1.39 1874   0.13  -0.13     0.01
  MONTH TO DATE    0.58                      0.75  -0.17     0.38
  SINCE JUN 1      0.58                      0.75  -0.17     0.38
  SINCE JAN 1     17.37                     13.39   3.98     9.20

SNOWFALL (IN)
  YESTERDAY        0.0           0.0    MM   0.0    0.0      0.0
  MONTH TO DATE    0.0                       0.0    0.0      0.0
  SINCE JUN 1      0.0                       0.0    0.0      0.0
  SINCE JUL 1     37.6                      46.9   -9.3     39.1
  SNOW DEPTH       0

DEGREE DAYS
 HEATING
  YESTERDAY        3                         4     -1        0
  MONTH TO DATE    7                        31    -24        0
  SINCE JUN 1      7                        31    -24        0
  SINCE JUL 1   5627                      6841  -1214     5880

 COOLING
  YESTERDAY        0                         2     -2        2
  MONTH TO DATE   26                        12     14       21
  SINCE JUN 1     26                        12     14       21
  SINCE JAN 1     47                        42      5       66
..................................................................


WIND (MPH)
  HIGHEST WIND SPEED    17   HIGHEST WIND DIRECTION    NE (30)
  HIGHEST GUST SPEED    23   HIGHEST GUST DIRECTION    NE (30)
  AVERAGE WIND SPEED    12.4


SKY COVER
  POSSIBLE SUNSHINE  MM
  AVERAGE SKY COVER 0.2


WEATHER CONDITIONS
 THE FOLLOWING WEATHER WAS RECORDED YESTERDAY.
  NO SIGNIFICANT WEATHER WAS OBSERVED.


RELATIVE HUMIDITY (PERCENT)
 HIGHEST    72          1200 AM
 LOWEST     44           800 PM
 AVERAGE    58

..........................................................


THE MILWAUKEE WI CLIMATE NORMALS FOR TODAY
                         NORMAL    RECORD    YEAR
 MAXIMUM TEMPERATURE (F)   73        97      2011
 MINIMUM TEMPERATURE (F)   54        40      1913


SUNRISE AND SUNSET
JUNE  7 2017..........SUNRISE   513 AM CDT   SUNSET   828 PM CDT
JUNE  8 2017..........SUNRISE   513 AM CDT   SUNSET   829 PM CDT


-  INDICATES NEGATIVE NUMBERS.
R  INDICATES RECORD WAS SET OR TIED.
MM INDICATES DATA IS MISSING.
T  INDICATES TRACE AMOUNT.




$$
