528
CDUS43 KMKX 060650
CLIMKE


CLIMATE REPORT
NATIONAL WEATHER SERVICE IN MILWAUKEE
1250 AM CST SAT JAN 6 2018


...................................

...THE MILWAUKEE WI CLIMATE SUMMARY FOR JANUARY 5 2018...

CLIMATE NORMAL PERIOD 1981 TO 2010
CLIMATE RECORD PERIOD 1871 TO 2018


WEATHER ITEM   OBSERVED TIME   RECORD YEAR NORMAL DEPARTURE LAST
                VALUE   (LST)  VALUE       VALUE  FROM      YEAR
                                                  NORMAL
..................................................................
TEMPERATURE (F)
 YESTERDAY
  MAXIMUM         12    228 PM  53    2007  29    -17       12
                                      1998
  MINIMUM          0    735 AM -24    1884  16    -16        1
  AVERAGE          6                        22    -16        7

PRECIPITATION (IN)
  YESTERDAY        0.00          0.75 1929   0.06  -0.06      T
  MONTH TO DATE    T                         0.30  -0.30     0.01
  SINCE DEC 1      0.46                      2.34  -1.88     1.94
  SINCE JAN 1      T                         0.30  -0.30     0.01

SNOWFALL (IN)
  YESTERDAY        0.0           4.5  1910   0.5   -0.5       T
  MONTH TO DATE    0.1                       2.3   -2.2       T
  SINCE DEC 1      4.7                      12.9   -8.2     18.8
  SINCE JUL 1      4.9                      15.6  -10.7     18.8
  SNOW DEPTH       1

DEGREE DAYS
 HEATING
  YESTERDAY       59                        42     17       58
  MONTH TO DATE  296                       210     86      214
  SINCE DEC 1   1502                      1405     97     1421
  SINCE JUL 1   2607                      2770   -163     2251

 COOLING
  YESTERDAY        0                         0      0        0
  MONTH TO DATE    0                         0      0        0
  SINCE DEC 1      0                         0      0        0
  SINCE JAN 1      0                         0      0        0
..................................................................


WIND (MPH)
  HIGHEST WIND SPEED    20   HIGHEST WIND DIRECTION     N (340)
  HIGHEST GUST SPEED    28   HIGHEST GUST DIRECTION     N (350)
  AVERAGE WIND SPEED     9.2


SKY COVER
  POSSIBLE SUNSHINE  MM
  AVERAGE SKY COVER 0.1


WEATHER CONDITIONS
 THE FOLLOWING WEATHER WAS RECORDED YESTERDAY.
  NO SIGNIFICANT WEATHER WAS OBSERVED.


RELATIVE HUMIDITY (PERCENT)
 HIGHEST    75           200 AM
 LOWEST     50           100 PM
 AVERAGE    63

..........................................................


THE MILWAUKEE WI CLIMATE NORMALS FOR TODAY
                         NORMAL    RECORD    YEAR
 MAXIMUM TEMPERATURE (F)   29        52      2008
                                             1933
 MINIMUM TEMPERATURE (F)   16       -18      1912


SUNRISE AND SUNSET
JANUARY  6 2018.......SUNRISE   723 AM CST   SUNSET   433 PM CST
JANUARY  7 2018.......SUNRISE   722 AM CST   SUNSET   434 PM CST


-  INDICATES NEGATIVE NUMBERS.
R  INDICATES RECORD WAS SET OR TIED.
MM INDICATES DATA IS MISSING.
T  INDICATES TRACE AMOUNT.




$$
