780
CDUS43 KMKX 050652
CLIMKE


CLIMATE REPORT
NATIONAL WEATHER SERVICE IN MILWAUKEE
1250 AM CST FRI FEB 5 2016


...................................

...THE MILWAUKEE WI CLIMATE SUMMARY FOR FEBRUARY 4 2016...

CLIMATE NORMAL PERIOD 1981 TO 2010
CLIMATE RECORD PERIOD 1871 TO 2016


WEATHER ITEM   OBSERVED TIME   RECORD YEAR NORMAL DEPARTURE LAST
                VALUE   (LST)  VALUE       VALUE  FROM      YEAR
                                                  NORMAL
..................................................................
TEMPERATURE (F)
 YESTERDAY
  MAXIMUM         31    335 PM  59    1890  30      1       20
  MINIMUM         22    942 AM -19    1996  17      5        8
  AVERAGE         27                        23      4       14

PRECIPITATION (IN)
  YESTERDAY        T             1.38 1924   0.05  -0.05      T
  MONTH TO DATE    0.30                      0.21   0.09     0.57
  SINCE DEC 1      4.81                      4.01   0.80     2.51
  SINCE JAN 1      0.99                      1.97  -0.98     1.48

SNOWFALL (IN)
  YESTERDAY        T             9.7  1903   0.4   -0.4       T
  MONTH TO DATE    T                         1.6   -1.6     12.4
  SINCE DEC 1     14.5                      26.9  -12.4     26.1
  SINCE JUL 1     21.4                      29.6   -8.2     30.9
  SNOW DEPTH       0

DEGREE DAYS
 HEATING
  YESTERDAY       38                        42     -4       51
  MONTH TO DATE  132                       168    -36      199
  SINCE DEC 1   2269                      2688   -419     2546
  SINCE JUL 1   3308                      4053   -745     4117

 COOLING
  YESTERDAY        0                         0      0        0
  MONTH TO DATE    0                         0      0        0
  SINCE DEC 1      0                         0      0        0
  SINCE JAN 1      0                         0      0        0
..................................................................


WIND (MPH)
  HIGHEST WIND SPEED    15   HIGHEST WIND DIRECTION     W (290)
  HIGHEST GUST SPEED    21   HIGHEST GUST DIRECTION     W (280)
  AVERAGE WIND SPEED     8.4


SKY COVER
  POSSIBLE SUNSHINE  MM
  AVERAGE SKY COVER 0.8


WEATHER CONDITIONS
 THE FOLLOWING WEATHER WAS RECORDED YESTERDAY.
  LIGHT SNOW


RELATIVE HUMIDITY (PERCENT)
 HIGHEST    75           900 PM
 LOWEST     43           300 PM
 AVERAGE    59

..........................................................


THE MILWAUKEE WI CLIMATE NORMALS FOR TODAY
                         NORMAL    RECORD    YEAR
 MAXIMUM TEMPERATURE (F)   30        53      1946
 MINIMUM TEMPERATURE (F)   17       -17      1895


SUNRISE AND SUNSET
FEBRUARY  5 2016......SUNRISE   703 AM CST   SUNSET   509 PM CST
FEBRUARY  6 2016......SUNRISE   701 AM CST   SUNSET   510 PM CST


-  INDICATES NEGATIVE NUMBERS.
R  INDICATES RECORD WAS SET OR TIED.
MM INDICATES DATA IS MISSING.
T  INDICATES TRACE AMOUNT.




$$
