000
CDUS43 KARX 170646
CLILSE


CLIMATE REPORT
NATIONAL WEATHER SERVICE LA CROSSE WI
143 AM CDT FRI MAY 17 2019


...................................

...THE LA CROSSE WI CLIMATE SUMMARY FOR MAY 16 2019...

CLIMATE NORMAL PERIOD 1981 TO 2010
CLIMATE RECORD PERIOD 1873 TO 2019


WEATHER ITEM   OBSERVED TIME   RECORD YEAR NORMAL DEPARTURE LAST
                VALUE   (LST)  VALUE       VALUE  FROM      YEAR
                                                  NORMAL
..................................................................
TEMPERATURE (F)
 YESTERDAY
  MAXIMUM         84    458 PM  90    1936  71     13       86
  MINIMUM         61    647 AM  31    1921  49     12       54
  AVERAGE         73                        60     13       70

PRECIPITATION (IN)
  YESTERDAY        1.01          2.71 1960   0.12   0.89     0.00
  MONTH TO DATE    2.37                      1.78   0.59     4.63
  SINCE MAR 1      7.35                      7.16   0.19     8.75
  SINCE JAN 1     11.68                      9.33   2.35    11.35

SNOWFALL (IN)
  YESTERDAY        0.0           0.0  2002   0.0    0.0      0.0
                                      2001
  MONTH TO DATE    0.0                       0.1   -0.1      0.0
  SINCE JUL 1     64.3                      43.4   20.9     49.8
  SNOW DEPTH       0

DEGREE DAYS
 HEATING
  YESTERDAY        0                         7     -7        0
  MONTH TO DATE  167                       133     34       50
  SINCE JUL 1   7355                      7085    270     6967

 COOLING
  YESTERDAY        8                         1      7        5
  MONTH TO DATE    9                        14     -5       30
  SINCE JAN 1     13                        21     -8       33
..................................................................


WIND (MPH)
  HIGHEST WIND SPEED    26   HIGHEST WIND DIRECTION    NW (330)
  HIGHEST GUST SPEED    33   HIGHEST GUST DIRECTION     N (360)
  AVERAGE WIND SPEED     8.6


SKY COVER
  POSSIBLE SUNSHINE  MM
  AVERAGE SKY COVER 0.1


WEATHER CONDITIONS
 THE FOLLOWING WEATHER WAS RECORDED YESTERDAY.
  THUNDERSTORM
  HEAVY RAIN
  RAIN
  LIGHT RAIN
  FOG


RELATIVE HUMIDITY (PERCENT)
 HIGHEST    90           800 AM
 LOWEST     34           400 PM
 AVERAGE    62

..........................................................


THE LA CROSSE WI CLIMATE NORMALS FOR TODAY
                         NORMAL    RECORD    YEAR
 MAXIMUM TEMPERATURE (F)   71        92      1998
 MINIMUM TEMPERATURE (F)   49        29      1925


SUNRISE AND SUNSET
MAY 17 2019...........SUNRISE   537 AM CDT   SUNSET   826 PM CDT
MAY 18 2019...........SUNRISE   536 AM CDT   SUNSET   827 PM CDT


-  INDICATES NEGATIVE NUMBERS.
R  INDICATES RECORD WAS SET OR TIED.
MM INDICATES DATA IS MISSING.
T  INDICATES TRACE AMOUNT.




$$
