000
CDUS43 KARX 200713
CLILSE


CLIMATE REPORT
NATIONAL WEATHER SERVICE LA CROSSE WI
112 AM CST THU FEB 20 2020


...................................

...THE LA CROSSE WI CLIMATE SUMMARY FOR FEBRUARY 19 2020...

CLIMATE NORMAL PERIOD 1981 TO 2010
CLIMATE RECORD PERIOD 1873 TO 2020


WEATHER ITEM   OBSERVED TIME   RECORD YEAR NORMAL DEPARTURE LAST
                VALUE   (LST)  VALUE       VALUE  FROM      YEAR
                                                  NORMAL
..................................................................
TEMPERATURE (F)
 YESTERDAY
  MAXIMUM         16        MM  65    2017  33    -17       27
  MINIMUM         -7        MM -20    1929  15    -22      -13
  AVERAGE          5                        24    -19        7

PRECIPITATION (IN)
  YESTERDAY        0.00          0.96 2002   0.04  -0.04     0.00
  MONTH TO DATE    1.05                      0.67   0.38     1.71
  SINCE DEC 1      3.49                      3.15   0.34     5.03
  SINCE JAN 1      2.06                      1.79   0.27     3.02

SNOWFALL (IN)
  YESTERDAY        0.0           7.3  1917   0.3   -0.3      0.0
  MONTH TO DATE   11.9                       5.7    6.2     21.2
  SINCE JUL 1     35.3                      32.0    3.3     42.3
  SNOW DEPTH       8

DEGREE DAYS
 HEATING
  YESTERDAY       60                        41     19       58
  MONTH TO DATE  835                       838     -3      921
  SINCE JUL 1   4747                      5157   -410     5181

 COOLING
  YESTERDAY        0                         0      0        0
  MONTH TO DATE    0                         0      0        0
  SINCE JAN 1      0                         0      0        0
..................................................................


WIND (MPH)
  HIGHEST WIND SPEED    12   HIGHEST WIND DIRECTION     N (340)
  HIGHEST GUST SPEED    MM   HIGHEST GUST DIRECTION    MM
  AVERAGE WIND SPEED     4.7



WEATHER CONDITIONS
 THE FOLLOWING WEATHER WAS RECORDED YESTERDAY.
  NO SIGNIFICANT WEATHER WAS OBSERVED.


RELATIVE HUMIDITY (PERCENT)
 HIGHEST    83           500 AM
 LOWEST     46           200 PM
 AVERAGE    65

..........................................................


THE LA CROSSE WI CLIMATE NORMALS FOR TODAY
                         NORMAL    RECORD    YEAR
 MAXIMUM TEMPERATURE (F)   33        61      1930
 MINIMUM TEMPERATURE (F)   15       -27      1929


SUNRISE AND SUNSET
FEBRUARY 20 2020......SUNRISE   657 AM CST   SUNSET   541 PM CST
FEBRUARY 21 2020......SUNRISE   655 AM CST   SUNSET   542 PM CST


-  INDICATES NEGATIVE NUMBERS.
R  INDICATES RECORD WAS SET OR TIED.
MM INDICATES DATA IS MISSING.
T  INDICATES TRACE AMOUNT.




$$
