000
CDUS43 KARX 200647
CLILSE


CLIMATE REPORT
NATIONAL WEATHER SERVICE LA CROSSE WI
147 AM CDT SAT OCT 20 2018


...................................

...THE LA CROSSE WI CLIMATE SUMMARY FOR OCTOBER 19 2018...

CLIMATE NORMAL PERIOD 1981 TO 2010
CLIMATE RECORD PERIOD 1873 TO 2018


WEATHER ITEM   OBSERVED TIME   RECORD YEAR NORMAL DEPARTURE LAST
                VALUE   (LST)  VALUE       VALUE  FROM      YEAR
                                                  NORMAL
..................................................................
TEMPERATURE (F)
 YESTERDAY
  MAXIMUM         66    350 PM  82    2000  59      7       71
  MINIMUM         50   1146 PM  15    1972  39     11       43
  AVERAGE         58                        49      9       57

PRECIPITATION (IN)
  YESTERDAY        0.13          1.00 1937   0.07   0.06     0.00
  MONTH TO DATE    3.69                      1.42   2.27     4.89
  SINCE SEP 1      9.77                      4.98   4.79     5.84
  SINCE JAN 1     37.60                     28.94   8.66    37.60

SNOWFALL (IN)
  YESTERDAY        0.0           1.8  1992   0.0    0.0      0.0
  MONTH TO DATE    0.1                       0.0    0.1      0.0
  SINCE JUL 1      0.1                       0.0    0.1      0.0
  SNOW DEPTH       0

DEGREE DAYS
 HEATING
  YESTERDAY        7                        16     -9        8
  MONTH TO DATE  287                       246     41      125
  SINCE JUL 1    389                       406    -17      173

 COOLING
  YESTERDAY        0                         0      0        0
  MONTH TO DATE    3                         7     -4       12
  SINCE JAN 1   1188                       781    407      999
..................................................................


WIND (MPH)
  HIGHEST WIND SPEED    28   HIGHEST WIND DIRECTION    NW (300)
  HIGHEST GUST SPEED    39   HIGHEST GUST DIRECTION    NW (310)
  AVERAGE WIND SPEED    12.0


SKY COVER
  POSSIBLE SUNSHINE  MM
  AVERAGE SKY COVER 0.4


WEATHER CONDITIONS
 THE FOLLOWING WEATHER WAS RECORDED YESTERDAY.
  LIGHT RAIN
  FOG
  HAZE


RELATIVE HUMIDITY (PERCENT)
 HIGHEST    83           900 AM
 LOWEST     32           600 PM
 AVERAGE    58

..........................................................


THE LA CROSSE WI CLIMATE NORMALS FOR TODAY
                         NORMAL    RECORD    YEAR
 MAXIMUM TEMPERATURE (F)   58        84      1872
 MINIMUM TEMPERATURE (F)   39        19      1952


SUNRISE AND SUNSET
OCTOBER 20 2018.......SUNRISE   726 AM CDT   SUNSET   613 PM CDT
OCTOBER 21 2018.......SUNRISE   727 AM CDT   SUNSET   611 PM CDT


-  INDICATES NEGATIVE NUMBERS.
R  INDICATES RECORD WAS SET OR TIED.
MM INDICATES DATA IS MISSING.
T  INDICATES TRACE AMOUNT.




$$
