000
CDUS43 KARX 112233
CLILSE


CLIMATE REPORT
NATIONAL WEATHER SERVICE LA CROSSE WI
431 PM CST FRI JAN 11 2019


...................................

...THE LA CROSSE WI CLIMATE SUMMARY FOR JANUARY 11 2019...
VALID TODAY AS OF 0400 PM LOCAL TIME.

CLIMATE NORMAL PERIOD 1981 TO 2010
CLIMATE RECORD PERIOD 1873 TO 2019


WEATHER ITEM   OBSERVED TIME   RECORD YEAR NORMAL DEPARTURE LAST
                VALUE   (LST)  VALUE       VALUE  FROM      YEAR
                                                  NORMAL
..................................................................
TEMPERATURE (F)
 TODAY
  MAXIMUM         32    259 PM  49    2002  25      7       42
  MINIMUM         20    646 AM -26    1912   9     11        9
  AVERAGE         26                        17      9       26

PRECIPITATION (IN)
  TODAY            0.00          0.58 1890   0.04  -0.04     0.23
  MONTH TO DATE    0.28                      0.38  -0.10     0.25
  SINCE DEC 1      2.29                      1.74   0.55     0.78
  SINCE JAN 1      0.28                      0.38  -0.10     0.25

SNOWFALL (IN)
  TODAY            0.0           6.3  1963   0.3   -0.3      0.8
  MONTH TO DATE    T                         3.2   -3.2      1.3
  SINCE JUL 1      6.0                      18.8  -12.8      5.7
  SNOW DEPTH       0

DEGREE DAYS
 HEATING
  TODAY           39                        48     -9       39
  MONTH TO DATE  412                       524   -112      560
  SINCE JUL 1   3146                      3368   -222     3124

 COOLING
  TODAY            0                         0      0        0
  MONTH TO DATE    0                         0      0        0
  SINCE JAN 1      0                         0      0        0
..................................................................


WIND (MPH)
  HIGHEST WIND SPEED    15   HIGHEST WIND DIRECTION     S (160)
  HIGHEST GUST SPEED    19   HIGHEST GUST DIRECTION     S (170)
  AVERAGE WIND SPEED     8.1


SKY COVER
  POSSIBLE SUNSHINE  MM
  AVERAGE SKY COVER 0.6


WEATHER CONDITIONS
 THE FOLLOWING WEATHER WAS RECORDED TODAY.
  NO SIGNIFICANT WEATHER WAS OBSERVED.


RELATIVE HUMIDITY (PERCENT)
 HIGHEST    73           300 AM
 LOWEST     54           200 PM
 AVERAGE    64

..........................................................


THE LA CROSSE WI CLIMATE NORMALS FOR TOMORROW
                         NORMAL    RECORD    YEAR
 MAXIMUM TEMPERATURE (F)   25        50      1928
 MINIMUM TEMPERATURE (F)    9       -34      1912


SUNRISE AND SUNSET
JANUARY 11 2019.......SUNRISE   738 AM CST   SUNSET   448 PM CST
JANUARY 12 2019.......SUNRISE   738 AM CST   SUNSET   449 PM CST


-  INDICATES NEGATIVE NUMBERS.
R  INDICATES RECORD WAS SET OR TIED.
MM INDICATES DATA IS MISSING.
T  INDICATES TRACE AMOUNT.




$$
