000
CDUS43 KARX 052136
CLILSE


CLIMATE REPORT
NATIONAL WEATHER SERVICE LA CROSSE WI
434 PM CDT FRI OCT 5 2018


...................................

...THE LA CROSSE WI CLIMATE SUMMARY FOR OCTOBER 5 2018...
VALID TODAY AS OF 0430 PM LOCAL TIME.

CLIMATE NORMAL PERIOD 1981 TO 2010
CLIMATE RECORD PERIOD 1873 TO 2018


WEATHER ITEM   OBSERVED TIME   RECORD YEAR NORMAL DEPARTURE LAST
                VALUE   (LST)  VALUE       VALUE  FROM      YEAR
                                                  NORMAL
..................................................................
TEMPERATURE (F)
 TODAY
  MAXIMUM         55    327 PM  86    1922  65    -10       63
  MINIMUM         46    656 AM  27    1935  44      2       46
  AVERAGE         51                        54     -3       55

PRECIPITATION (IN)
  TODAY            0.23          1.04 2013   0.09   0.14     0.26
  MONTH TO DATE    0.95                      0.44   0.51     0.73
  SINCE SEP 1      7.03                      4.00   3.03     1.68
  SINCE JAN 1     34.86                     27.96   6.90    33.44

SNOWFALL (IN)
  TODAY            0.0           T    1991   0.0    0.0      0.0
  MONTH TO DATE    0.0                       0.0    0.0      0.0
  SINCE JUL 1      0.0                       0.0    0.0      0.0
  SNOW DEPTH       0

DEGREE DAYS
 HEATING
  TODAY           14                        11      3       10
  MONTH TO DATE   57                        52      5       17
  SINCE JUL 1    159                       212    -53       65

 COOLING
  TODAY            0                         1     -1        0
  MONTH TO DATE    3                         5     -2       10
  SINCE JAN 1   1188                       779    409      997
..................................................................


WIND (MPH)
  HIGHEST WIND SPEED    13   HIGHEST WIND DIRECTION     E (110)
  HIGHEST GUST SPEED    20   HIGHEST GUST DIRECTION     E (80)
  AVERAGE WIND SPEED     3.6


SKY COVER
  POSSIBLE SUNSHINE  MM
  AVERAGE SKY COVER 1.0


WEATHER CONDITIONS
 THE FOLLOWING WEATHER WAS RECORDED TODAY.
  HEAVY RAIN
  LIGHT RAIN
  FOG
  HAZE


RELATIVE HUMIDITY (PERCENT)
 HIGHEST   100           800 AM
 LOWEST     61           100 AM
 AVERAGE    81

..........................................................


THE LA CROSSE WI CLIMATE NORMALS FOR TOMORROW
                         NORMAL    RECORD    YEAR
 MAXIMUM TEMPERATURE (F)   64        93      1963
 MINIMUM TEMPERATURE (F)   44        22      1935


SUNRISE AND SUNSET
OCTOBER  5 2018.......SUNRISE   707 AM CDT   SUNSET   639 PM CDT
OCTOBER  6 2018.......SUNRISE   709 AM CDT   SUNSET   637 PM CDT


-  INDICATES NEGATIVE NUMBERS.
R  INDICATES RECORD WAS SET OR TIED.
MM INDICATES DATA IS MISSING.
T  INDICATES TRACE AMOUNT.




$$
