000
CDUS43 KARX 210633
CLILSE


CLIMATE REPORT
NATIONAL WEATHER SERVICE LA CROSSE WI
133 AM CDT TUE MAY 21 2019


...................................

...THE LA CROSSE WI CLIMATE SUMMARY FOR MAY 20 2019...

CLIMATE NORMAL PERIOD 1981 TO 2010
CLIMATE RECORD PERIOD 1873 TO 2019


WEATHER ITEM   OBSERVED TIME   RECORD YEAR NORMAL DEPARTURE LAST
                VALUE   (LST)  VALUE       VALUE  FROM      YEAR
                                                  NORMAL
..................................................................
TEMPERATURE (F)
 YESTERDAY
  MAXIMUM         64    335 PM  94    1934  72     -8       64
  MINIMUM         42    534 AM  32    1892  50     -8       49
  AVERAGE         53                        61     -8       57

PRECIPITATION (IN)
  YESTERDAY        0.00          1.46 1913   0.12  -0.12     0.79
  MONTH TO DATE    4.09                      2.23   1.86     5.42
  SINCE MAR 1      9.07                      7.61   1.46     9.54
  SINCE JAN 1     13.40                      9.78   3.62    12.14

SNOWFALL (IN)
  YESTERDAY        0.0           0.0  2002   0.0    0.0      0.0
                                      2001
  MONTH TO DATE    0.0                       0.1   -0.1      0.0
  SINCE JUL 1     64.3                      43.4   20.9     49.8
  SNOW DEPTH       0

DEGREE DAYS
 HEATING
  YESTERDAY       12                         6      6        8
  MONTH TO DATE  211                       157     54       58
  SINCE JUL 1   7399                      7109    290     6975

 COOLING
  YESTERDAY        0                         1     -1        0
  MONTH TO DATE    9                        18     -9       40
  SINCE JAN 1     13                        25    -12       43
..................................................................


WIND (MPH)
  HIGHEST WIND SPEED    17   HIGHEST WIND DIRECTION     N (340)
  HIGHEST GUST SPEED    23   HIGHEST GUST DIRECTION    NW (330)
  AVERAGE WIND SPEED     9.0


SKY COVER
  POSSIBLE SUNSHINE  MM
  AVERAGE SKY COVER 0.5


WEATHER CONDITIONS
 THE FOLLOWING WEATHER WAS RECORDED YESTERDAY.
  NO SIGNIFICANT WEATHER WAS OBSERVED.


RELATIVE HUMIDITY (PERCENT)
 HIGHEST    76          1200 AM
 LOWEST     36           200 PM
 AVERAGE    56

..........................................................


THE LA CROSSE WI CLIMATE NORMALS FOR TODAY
                         NORMAL    RECORD    YEAR
 MAXIMUM TEMPERATURE (F)   72        92      1970
 MINIMUM TEMPERATURE (F)   50        31      1883


SUNRISE AND SUNSET
MAY 21 2019...........SUNRISE   534 AM CDT   SUNSET   830 PM CDT
MAY 22 2019...........SUNRISE   533 AM CDT   SUNSET   831 PM CDT


-  INDICATES NEGATIVE NUMBERS.
R  INDICATES RECORD WAS SET OR TIED.
MM INDICATES DATA IS MISSING.
T  INDICATES TRACE AMOUNT.




$$
