000
CDUS43 KARX 212137
CLILSE


CLIMATE REPORT
NATIONAL WEATHER SERVICE LA CROSSE WI
435 PM CDT SUN OCT 21 2018


...................................

...THE LA CROSSE WI CLIMATE SUMMARY FOR OCTOBER 21 2018...
VALID TODAY AS OF 0430 PM LOCAL TIME.

CLIMATE NORMAL PERIOD 1981 TO 2010
CLIMATE RECORD PERIOD 1873 TO 2018


WEATHER ITEM   OBSERVED TIME   RECORD YEAR NORMAL DEPARTURE LAST
                VALUE   (LST)  VALUE       VALUE  FROM      YEAR
                                                  NORMAL
..................................................................
TEMPERATURE (F)
 TODAY
  MAXIMUM         55    332 PM  83    1947  58     -3       73
  MINIMUM         26    547 AM  20    1896  39    -13       57
  AVERAGE         41                        48     -7       65

PRECIPITATION (IN)
  TODAY            0.00          1.60 2009   0.07  -0.07     0.94
  MONTH TO DATE    3.69                      1.55   2.14     5.83
  SINCE SEP 1      9.77                      5.11   4.66     6.78
  SINCE JAN 1     37.60                     29.07   8.53    38.54

SNOWFALL (IN)
  TODAY            0.0           T    2013   0.0    0.0      0.0
                                      1995
  MONTH TO DATE    0.1                       0.1    0.0      0.0
  SINCE JUL 1      0.1                       0.1    0.0      0.0
  SNOW DEPTH       0

DEGREE DAYS
 HEATING
  TODAY           24                        17      7        0
  MONTH TO DATE  336                       279     57      125
  SINCE JUL 1    438                       439     -1      173

 COOLING
  TODAY            0                         0      0        0
  MONTH TO DATE    3                         7     -4       14
  SINCE JAN 1   1188                       781    407     1001
..................................................................


WIND (MPH)
  HIGHEST WIND SPEED    24   HIGHEST WIND DIRECTION     S (200)
  HIGHEST GUST SPEED    30   HIGHEST GUST DIRECTION     S (200)
  AVERAGE WIND SPEED     9.4


SKY COVER
  POSSIBLE SUNSHINE  MM
  AVERAGE SKY COVER 0.0


WEATHER CONDITIONS
 THE FOLLOWING WEATHER WAS RECORDED TODAY.
  NO SIGNIFICANT WEATHER WAS OBSERVED.


RELATIVE HUMIDITY (PERCENT)
 HIGHEST    81           600 AM
 LOWEST     30           300 PM
 AVERAGE    56

..........................................................


THE LA CROSSE WI CLIMATE NORMALS FOR TOMORROW
                         NORMAL    RECORD    YEAR
 MAXIMUM TEMPERATURE (F)   57        84      1947
 MINIMUM TEMPERATURE (F)   39        19      1930


SUNRISE AND SUNSET
OCTOBER 21 2018.......SUNRISE   727 AM CDT   SUNSET   611 PM CDT
OCTOBER 22 2018.......SUNRISE   728 AM CDT   SUNSET   610 PM CDT


-  INDICATES NEGATIVE NUMBERS.
R  INDICATES RECORD WAS SET OR TIED.
MM INDICATES DATA IS MISSING.
T  INDICATES TRACE AMOUNT.




$$
