000
CDUS43 KARX 230629
CLILSE


CLIMATE REPORT
NATIONAL WEATHER SERVICE LA CROSSE WI
127 AM CDT TUE JUL 23 2019


...................................

...THE LA CROSSE WI CLIMATE SUMMARY FOR JULY 22 2019...

CLIMATE NORMAL PERIOD 1981 TO 2010
CLIMATE RECORD PERIOD 1873 TO 2019


WEATHER ITEM   OBSERVED TIME   RECORD YEAR NORMAL DEPARTURE LAST
                VALUE   (LST)  VALUE       VALUE  FROM      YEAR
                                                  NORMAL
..................................................................
TEMPERATURE (F)
 YESTERDAY
  MAXIMUM         82    301 PM 102    1934  84     -2       82
  MINIMUM         64    444 AM  47    1947  63      1       63
  AVERAGE         73                        74     -1       73

PRECIPITATION (IN)
  YESTERDAY        0.00          2.27 1883   0.14  -0.14     0.00
  MONTH TO DATE    6.42                      3.03   3.39     2.37
  SINCE JUN 1     11.75                      7.37   4.38     6.79
  SINCE JAN 1     27.09                     18.44   8.65    20.92

SNOWFALL (IN)
  YESTERDAY        0.0           0.0  2002   0.0    0.0      0.0
                                      2001
  MONTH TO DATE    0.0                       0.0    0.0      0.0
  SINCE JUL 1      0.0                       0.0    0.0      0.0
  SNOW DEPTH       0

DEGREE DAYS
 HEATING
  YESTERDAY        0                         0      0        0
  MONTH TO DATE    0                         0      0        0
  SINCE JUL 1      0                         0      0        0

 COOLING
  YESTERDAY        8                         9     -1        8
  MONTH TO DATE  291                       197     94      260
  SINCE JAN 1    479                       411     68      689
..................................................................


WIND (MPH)
  HIGHEST WIND SPEED    17   HIGHEST WIND DIRECTION     N (340)
  HIGHEST GUST SPEED    22   HIGHEST GUST DIRECTION     N (20)
  AVERAGE WIND SPEED     8.2


SKY COVER
  POSSIBLE SUNSHINE  MM
  AVERAGE SKY COVER 0.4


WEATHER CONDITIONS
 THE FOLLOWING WEATHER WAS RECORDED YESTERDAY.
  HAZE


RELATIVE HUMIDITY (PERCENT)
 HIGHEST    78           500 AM
 LOWEST     33           200 PM
 AVERAGE    56

..........................................................


THE LA CROSSE WI CLIMATE NORMALS FOR TODAY
                         NORMAL    RECORD    YEAR
 MAXIMUM TEMPERATURE (F)   84       102      1934
 MINIMUM TEMPERATURE (F)   63        49      1887


SUNRISE AND SUNSET
JULY 23 2019..........SUNRISE   544 AM CDT   SUNSET   838 PM CDT
JULY 24 2019..........SUNRISE   545 AM CDT   SUNSET   838 PM CDT


-  INDICATES NEGATIVE NUMBERS.
R  INDICATES RECORD WAS SET OR TIED.
MM INDICATES DATA IS MISSING.
T  INDICATES TRACE AMOUNT.




$$
