000
CDUS43 KARX 160706
CLILSE


CLIMATE REPORT
NATIONAL WEATHER SERVICE LA CROSSE WI
206 AM CDT THU AUG 16 2018


...................................

...THE LA CROSSE WI CLIMATE SUMMARY FOR AUGUST 15 2018...

CLIMATE NORMAL PERIOD 1981 TO 2010
CLIMATE RECORD PERIOD 1873 TO 2018


WEATHER ITEM   OBSERVED TIME   RECORD YEAR NORMAL DEPARTURE LAST
                VALUE   (LST)  VALUE       VALUE  FROM      YEAR
                                                  NORMAL
..................................................................
TEMPERATURE (F)
 YESTERDAY
  MAXIMUM         92    328 PM 100    1936  82     10       79
  MINIMUM         72   1159 PM  43    1979  62     10       63
  AVERAGE         82                        72     10       71

PRECIPITATION (IN)
  YESTERDAY        0.00          1.56 1898   0.14  -0.14     0.00
  MONTH TO DATE    0.87                      2.15  -1.28     0.51
  SINCE JUN 1      7.69                     10.75  -3.06    13.52
  SINCE JAN 1     21.82                     21.82   0.00    31.21

SNOWFALL (IN)
  YESTERDAY        0.0           0.0  2002   0.0    0.0      0.0
                                      2001
  MONTH TO DATE    0.0                       0.0    0.0      0.0
  SINCE JUL 1      0.0                       0.0    0.0      0.0
  SNOW DEPTH       0

DEGREE DAYS
 HEATING
  YESTERDAY        0                         0      0        0
  MONTH TO DATE    0                         0      0        0
  SINCE JUL 1      0                         5     -5        0

 COOLING
  YESTERDAY       17                         7     10        6
  MONTH TO DATE  175                       116     59       98
  SINCE JAN 1    935                       603    332      721
..................................................................


WIND (MPH)
  HIGHEST WIND SPEED    14   HIGHEST WIND DIRECTION    SW (210)
  HIGHEST GUST SPEED    18   HIGHEST GUST DIRECTION     S (200)
  AVERAGE WIND SPEED     3.6


SKY COVER
  POSSIBLE SUNSHINE  MM
  AVERAGE SKY COVER 0.2


WEATHER CONDITIONS
 THE FOLLOWING WEATHER WAS RECORDED YESTERDAY.
  FOG


RELATIVE HUMIDITY (PERCENT)
 HIGHEST    93           200 AM
 LOWEST     44           400 PM
 AVERAGE    69

..........................................................


THE LA CROSSE WI CLIMATE NORMALS FOR TODAY
                         NORMAL    RECORD    YEAR
 MAXIMUM TEMPERATURE (F)   82       101      1988
 MINIMUM TEMPERATURE (F)   62        44      1976


SUNRISE AND SUNSET
AUGUST 16 2018........SUNRISE   610 AM CDT   SUNSET   807 PM CDT
AUGUST 17 2018........SUNRISE   611 AM CDT   SUNSET   806 PM CDT


-  INDICATES NEGATIVE NUMBERS.
R  INDICATES RECORD WAS SET OR TIED.
MM INDICATES DATA IS MISSING.
T  INDICATES TRACE AMOUNT.




$$
