000
CDUS43 KMKX 240646
CLIMKE


CLIMATE REPORT
NATIONAL WEATHER SERVICE IN MILWAUKEE
146 AM CDT SUN JUL 24 2016


...................................

...THE MILWAUKEE WI CLIMATE SUMMARY FOR JULY 23 2016...

CLIMATE NORMAL PERIOD 1981 TO 2010
CLIMATE RECORD PERIOD 1871 TO 2016


WEATHER ITEM   OBSERVED TIME   RECORD YEAR NORMAL DEPARTURE LAST
                VALUE   (LST)  VALUE       VALUE  FROM      YEAR
                                                  NORMAL
..................................................................
TEMPERATURE (F)
 YESTERDAY
  MAXIMUM         89    958 AM  99    2012  80      9       83
                                      1940
  MINIMUM         72    337 PM  50    1876  64      8       66
  AVERAGE         81                        72      9       75

PRECIPITATION (IN)
  YESTERDAY        0.85          2.19 1935   0.12   0.73     0.00
  MONTH TO DATE    1.70                      2.76  -1.06     1.60
  SINCE JUN 1      5.19                      6.66  -1.47     4.09
  SINCE JAN 1     14.01                     19.30  -5.29    14.29

SNOWFALL (IN)
  YESTERDAY        0.0           0.0    MM   0.0    0.0      0.0
  MONTH TO DATE    0.0                       0.0    0.0      0.0
  SINCE JUN 1      0.0                       0.0    0.0      0.0
  SINCE JUL 1      0.0                       0.0    0.0      0.0
  SNOW DEPTH       0

DEGREE DAYS
 HEATING
  YESTERDAY        0                         0      0        0
  MONTH TO DATE    2                         4     -2       28
  SINCE JUN 1     31                        88    -57      130
  SINCE JUL 1      2                         4     -2       28

 COOLING
  YESTERDAY       16                         7      9       10
  MONTH TO DATE  216                       160     56      120
  SINCE JUN 1    367                       280     87      193
  SINCE JAN 1    412                       310    102      219
..................................................................


WIND (MPH)
  HIGHEST WIND SPEED    20   HIGHEST WIND DIRECTION     W (290)
  HIGHEST GUST SPEED    26   HIGHEST GUST DIRECTION    NW (310)
  AVERAGE WIND SPEED     5.6


SKY COVER
  POSSIBLE SUNSHINE  MM
  AVERAGE SKY COVER 0.6


WEATHER CONDITIONS
 THE FOLLOWING WEATHER WAS RECORDED YESTERDAY.
  THUNDERSTORM
  HEAVY RAIN
  RAIN
  LIGHT RAIN
  FOG


RELATIVE HUMIDITY (PERCENT)
 HIGHEST    88           500 AM
 LOWEST     63           800 AM
 AVERAGE    76

..........................................................


THE MILWAUKEE WI CLIMATE NORMALS FOR TODAY
                         NORMAL    RECORD    YEAR
 MAXIMUM TEMPERATURE (F)   80       105      1934
 MINIMUM TEMPERATURE (F)   64        51      2000
                                             1876


SUNRISE AND SUNSET
JULY 24 2016..........SUNRISE   535 AM CDT   SUNSET   821 PM CDT
JULY 25 2016..........SUNRISE   536 AM CDT   SUNSET   820 PM CDT


-  INDICATES NEGATIVE NUMBERS.
R  INDICATES RECORD WAS SET OR TIED.
MM INDICATES DATA IS MISSING.
T  INDICATES TRACE AMOUNT.




$$
