000
CDUS43 KMKX 040707
CLIMKE


CLIMATE REPORT
NATIONAL WEATHER SERVICE IN MILWAUKEE
106 AM CST THU FEB 4 2016


...................................

...THE MILWAUKEE WI CLIMATE SUMMARY FOR FEBRUARY 3 2016...

CLIMATE NORMAL PERIOD 1981 TO 2010
CLIMATE RECORD PERIOD 1871 TO 2016


WEATHER ITEM   OBSERVED TIME   RECORD YEAR NORMAL DEPARTURE LAST
                VALUE   (LST)  VALUE       VALUE  FROM      YEAR
                                                  NORMAL
..................................................................
TEMPERATURE (F)
 YESTERDAY
  MAXIMUM         36   1138 AM  50    1992  30      6       22
                                      1928
  MINIMUM         26   1159 PM -26    1996  17      9        5
  AVERAGE         31                        23      8       14

PRECIPITATION (IN)
  YESTERDAY        T             0.50 1936   0.05  -0.05     0.09
                                      1896
  MONTH TO DATE    0.30                      0.16   0.14     0.57
  SINCE DEC 1      4.81                      3.96   0.85     2.51
  SINCE JAN 1      0.99                      1.92  -0.93     1.48

SNOWFALL (IN)
  YESTERDAY        T             5.1  1980   0.4   -0.4      1.5
  MONTH TO DATE    T                         1.2   -1.2     12.4
  SINCE DEC 1     14.5                      26.5  -12.0     26.1
  SINCE JUL 1     21.4                      29.2   -7.8     30.9
  SNOW DEPTH       0

DEGREE DAYS
 HEATING
  YESTERDAY       34                        42     -8       51
  MONTH TO DATE   94                       126    -32      148
  SINCE DEC 1   2231                      2646   -415     2495
  SINCE JUL 1   3270                      4011   -741     4066

 COOLING
  YESTERDAY        0                         0      0        0
  MONTH TO DATE    0                         0      0        0
  SINCE DEC 1      0                         0      0        0
  SINCE JAN 1      0                         0      0        0
..................................................................


WIND (MPH)
  HIGHEST WIND SPEED    22   HIGHEST WIND DIRECTION    NW (300)
  HIGHEST GUST SPEED    27   HIGHEST GUST DIRECTION     W (290)
  AVERAGE WIND SPEED    10.6


SKY COVER
  POSSIBLE SUNSHINE  MM
  AVERAGE SKY COVER 1.0


WEATHER CONDITIONS
 THE FOLLOWING WEATHER WAS RECORDED YESTERDAY.
  LIGHT RAIN
  LIGHT SNOW
  FOG
  FOG W/VISIBILITY <= 1/4 MILE


RELATIVE HUMIDITY (PERCENT)
 HIGHEST   100           100 AM
 LOWEST     68          1100 PM
 AVERAGE    84

..........................................................


THE MILWAUKEE WI CLIMATE NORMALS FOR TODAY
                         NORMAL    RECORD    YEAR
 MAXIMUM TEMPERATURE (F)   30        59      1890
 MINIMUM TEMPERATURE (F)   17       -19      1996


SUNRISE AND SUNSET
FEBRUARY  4 2016......SUNRISE   704 AM CST   SUNSET   508 PM CST
FEBRUARY  5 2016......SUNRISE   703 AM CST   SUNSET   509 PM CST


-  INDICATES NEGATIVE NUMBERS.
R  INDICATES RECORD WAS SET OR TIED.
MM INDICATES DATA IS MISSING.
T  INDICATES TRACE AMOUNT.




$$
