000
CDUS43 KMKX 270641
CLIMKE


CLIMATE REPORT
NATIONAL WEATHER SERVICE IN MILWAUKEE
140 AM CDT THU AUG 27 2015


...................................

...THE MILWAUKEE WI CLIMATE SUMMARY FOR AUGUST 26 2015...

CLIMATE NORMAL PERIOD 1981 TO 2010
CLIMATE RECORD PERIOD 1871 TO 2015


WEATHER ITEM   OBSERVED TIME   RECORD YEAR NORMAL DEPARTURE LAST
                VALUE   (LST)  VALUE       VALUE  FROM      YEAR
                                                  NORMAL
..................................................................
TEMPERATURE (F)
 YESTERDAY
  MAXIMUM         65    440 PM  96    1953  78    -13       79
  MINIMUM         55   1157 PM  47    1964  62     -7       66
                                      1885
  AVERAGE         60                        70    -10       73

PRECIPITATION (IN)
  YESTERDAY        0.00          1.77 1921   0.12  -0.12     0.02
  MONTH TO DATE    2.56                      3.37  -0.81     5.01
  SINCE JUN 1      6.65                     10.94  -4.29    13.66
  SINCE JAN 1     16.85                     23.58  -6.73    24.61

SNOWFALL (IN)
  YESTERDAY        0.0           0.0    MM   0.0    0.0      0.0
  MONTH TO DATE    0.0                       0.0    0.0      0.0
  SINCE JUN 1      0.0                       0.0    0.0      0.0
  SINCE JUL 1      0.0                       0.0    0.0      0.0
  SNOW DEPTH       0

DEGREE DAYS
 HEATING
  YESTERDAY        5                         1      4        0
  MONTH TO DATE   14                         5      9        5
  SINCE JUN 1    144                       100     44      100
  SINCE JUL 1     42                        16     26       26

 COOLING
  YESTERDAY        0                         5     -5        8
  MONTH TO DATE  173                       169      4      137
  SINCE JUN 1    454                       511    -57      354
  SINCE JAN 1    480                       541    -61      372
..................................................................


WIND (MPH)
  HIGHEST WIND SPEED     9   HIGHEST WIND DIRECTION    NE (60)
  HIGHEST GUST SPEED    13   HIGHEST GUST DIRECTION    NW (300)
  AVERAGE WIND SPEED     4.9


SKY COVER
  POSSIBLE SUNSHINE  MM
  AVERAGE SKY COVER 0.8


WEATHER CONDITIONS
 THE FOLLOWING WEATHER WAS RECORDED YESTERDAY.
  NO SIGNIFICANT WEATHER WAS OBSERVED.


RELATIVE HUMIDITY (PERCENT)
 HIGHEST    86          1100 PM
 LOWEST     60          1200 PM
 AVERAGE    73

..........................................................


THE MILWAUKEE WI CLIMATE NORMALS FOR TODAY
                         NORMAL    RECORD    YEAR
 MAXIMUM TEMPERATURE (F)   77        99      1973
 MINIMUM TEMPERATURE (F)   62        48      1876


SUNRISE AND SUNSET
AUGUST 27 2015........SUNRISE   610 AM CDT   SUNSET   735 PM CDT
AUGUST 28 2015........SUNRISE   611 AM CDT   SUNSET   733 PM CDT


-  INDICATES NEGATIVE NUMBERS.
R  INDICATES RECORD WAS SET OR TIED.
MM INDICATES DATA IS MISSING.
T  INDICATES TRACE AMOUNT.




$$
