000
CDUS43 KMKX 220706
CLIMKE


CLIMATE REPORT
NATIONAL WEATHER SERVICE IN MILWAUKEE
206 AM CDT SAT APR 22 2017


...................................

...THE MILWAUKEE WI CLIMATE SUMMARY FOR APRIL 21 2017...

CLIMATE NORMAL PERIOD 1981 TO 2010
CLIMATE RECORD PERIOD 1871 TO 2017


WEATHER ITEM   OBSERVED TIME   RECORD YEAR NORMAL DEPARTURE LAST
                VALUE   (LST)  VALUE       VALUE  FROM      YEAR
                                                  NORMAL
..................................................................
TEMPERATURE (F)
 YESTERDAY
  MAXIMUM         54    324 PM  84    1985  56     -2       66
                                      1902
  MINIMUM         41    553 AM  25    1975  39      2       50
  AVERAGE         48                        48      0       58

PRECIPITATION (IN)
  YESTERDAY        0.00          2.78 1973   0.12  -0.12     0.07
  MONTH TO DATE    3.87                      2.54   1.33     1.20
  SINCE MAR 1      7.59                      4.81   2.78     4.54
  SINCE JAN 1     11.60                      8.22   3.38     5.85

SNOWFALL (IN)
  YESTERDAY        0.0           2.2  1927   0.1   -0.1      0.0
  MONTH TO DATE    0.0                       1.8   -1.8      3.4
  SINCE MAR 1     13.6                       8.8    4.8     10.0
  SINCE JUL 1     37.6                      46.6   -9.0     39.1
  SNOW DEPTH       0

DEGREE DAYS
 HEATING
  YESTERDAY       17                        18     -1        7
  MONTH TO DATE  295                       445   -150      469
  SINCE MAR 1   1182                      1374   -192     1233
  SINCE JUL 1   5181                      6354  -1173     5452

 COOLING
  YESTERDAY        0                         0      0        0
  MONTH TO DATE    2                         0      2        0
  SINCE MAR 1      2                         0      2        0
  SINCE JAN 1      2                         0      2        0
..................................................................


WIND (MPH)
  HIGHEST WIND SPEED    26   HIGHEST WIND DIRECTION    NW (310)
  HIGHEST GUST SPEED    34   HIGHEST GUST DIRECTION    NW (310)
  AVERAGE WIND SPEED    10.8


SKY COVER
  POSSIBLE SUNSHINE  MM
  AVERAGE SKY COVER 0.7


WEATHER CONDITIONS
 THE FOLLOWING WEATHER WAS RECORDED YESTERDAY.
  NO SIGNIFICANT WEATHER WAS OBSERVED.


RELATIVE HUMIDITY (PERCENT)
 HIGHEST    65           500 AM
 LOWEST     50           200 PM
 AVERAGE    58

..........................................................


THE MILWAUKEE WI CLIMATE NORMALS FOR TODAY
                         NORMAL    RECORD    YEAR
 MAXIMUM TEMPERATURE (F)   56        91      1980
 MINIMUM TEMPERATURE (F)   40        26      1875


SUNRISE AND SUNSET
APRIL 22 2017.........SUNRISE   558 AM CDT   SUNSET   742 PM CDT
APRIL 23 2017.........SUNRISE   557 AM CDT   SUNSET   744 PM CDT


-  INDICATES NEGATIVE NUMBERS.
R  INDICATES RECORD WAS SET OR TIED.
MM INDICATES DATA IS MISSING.
T  INDICATES TRACE AMOUNT.




$$
