000
CDUS41 KALY 190623
CLIALB


CLIMATE REPORT
NATIONAL WEATHER SERVICE ALBANY NY
223 AM EDT SUN OCT 19 2014


...................................

...THE ALBANY NY CLIMATE SUMMARY FOR OCTOBER 18 2014...

CLIMATE NORMAL PERIOD 1981 TO 2010
CLIMATE RECORD PERIOD 1874 TO 2014


WEATHER ITEM   OBSERVED TIME   RECORD YEAR NORMAL DEPARTURE LAST
                VALUE   (LST)  VALUE       VALUE  FROM      YEAR
                                                  NORMAL
..................................................................
TEMPERATURE (F)
 YESTERDAY
  MAXIMUM         61   1230 PM  82    1968  59      2       65
  MINIMUM         49   1159 PM  22    1978  39     10       41
  AVERAGE         55                        49      6       53

PRECIPITATION (IN)
  YESTERDAY        0.05          2.31 1911   0.12  -0.07     0.03
  MONTH TO DATE    1.57                      2.19  -0.62     1.97
  SINCE SEP 1      2.46                      5.49  -3.03     6.78
  SINCE JAN 1     29.24                     31.64  -2.40    38.29

SNOWFALL (IN)
  YESTERDAY        0.0           T    1972   0.0    0.0      0.0
  MONTH TO DATE    0.0                       0.0    0.0      0.0
  SINCE SEP 1      0.0                       0.0    0.0      0.0
  SINCE JUL 1      0.0                       0.0    0.0      0.0
  SNOW DEPTH       0

DEGREE DAYS
 HEATING
  YESTERDAY       10                        16     -6       12
  MONTH TO DATE  133                       238   -105      114
  SINCE SEP 1    255                       382   -127      280
  SINCE JUL 1    263                       405   -142      286

 COOLING
  YESTERDAY        0                         0      0        0
  MONTH TO DATE   18                         0     18        0
  SINCE SEP 1     92                        51     41       65
  SINCE JAN 1    659                       594     65      763
..................................................................


WIND (MPH)
  HIGHEST WIND SPEED    18   HIGHEST WIND DIRECTION     W (290)
  HIGHEST GUST SPEED    25   HIGHEST GUST DIRECTION     W (290)
  AVERAGE WIND SPEED     8.6


SKY COVER
  AVERAGE SKY COVER 0.9



RELATIVE HUMIDITY (PERCENT)
 HIGHEST    86
 LOWEST     65
 AVERAGE    76

..........................................................


THE ALBANY NY CLIMATE NORMALS FOR TODAY
                         NORMAL    RECORD    YEAR
 MAXIMUM TEMPERATURE (F)   59        79      1963
 MINIMUM TEMPERATURE (F)   38        20      1974


SUNRISE AND SUNSET
OCTOBER 19 2014.......SUNRISE   713 AM EDT   SUNSET   607 PM EDT
OCTOBER 20 2014.......SUNRISE   714 AM EDT   SUNSET   605 PM EDT


-  INDICATES NEGATIVE NUMBERS.
R  INDICATES RECORD WAS SET OR TIED.
MM INDICATES DATA IS MISSING.
T  INDICATES TRACE AMOUNT.




$$
