000
CDUS41 KALY 230629
CLIALB


CLIMATE REPORT
NATIONAL WEATHER SERVICE ALBANY NY
127 AM EST TUE DEC 23 2014


...................................

...THE ALBANY NY CLIMATE SUMMARY FOR DECEMBER 22 2014...

CLIMATE NORMAL PERIOD 1981 TO 2010
CLIMATE RECORD PERIOD 1874 TO 2014


WEATHER ITEM   OBSERVED TIME   RECORD YEAR NORMAL DEPARTURE LAST
                VALUE   (LST)  VALUE       VALUE  FROM      YEAR
                                                  NORMAL
..................................................................
TEMPERATURE (F)
 YESTERDAY
  MAXIMUM         36    237 PM  60    1990  34      2       54
  MINIMUM         29    823 AM  -8    1955  19     10       31
  AVERAGE         33                        26      7       43

PRECIPITATION (IN)
  YESTERDAY        0.01          1.11 1916   0.08  -0.07     0.02
  MONTH TO DATE    4.00                      2.15   1.85     2.24
  SINCE DEC 1      4.00                      2.15   1.85     2.24
  SINCE JAN 1     38.33                     38.57  -0.24    42.69

SNOWFALL (IN)
  YESTERDAY        0.1          12.3  1969   0.4   -0.3      0.0
  MONTH TO DATE   12.2                       8.9    3.3     18.8
  SINCE DEC 1     12.2                       8.9    3.3     18.8
  SINCE JUL 1     24.5                      11.7   12.8     20.9
  SNOW DEPTH       1

DEGREE DAYS
 HEATING
  YESTERDAY       32                        39     -7       22
  MONTH TO DATE  731                       769    -38      812
  SINCE DEC 1    731                       769    -38      812
  SINCE JUL 1   2006                      2173   -167     2182

 COOLING
  YESTERDAY        0                         0      0        0
  MONTH TO DATE    0                         0      0        0
  SINCE DEC 1      0                         0      0        0
  SINCE JAN 1    659                       598     61      763
..................................................................


WIND (MPH)
  HIGHEST WIND SPEED     6   HIGHEST WIND DIRECTION     N (350)
  HIGHEST GUST SPEED     7   HIGHEST GUST DIRECTION     N (340)
  AVERAGE WIND SPEED     2.8


SKY COVER
  AVERAGE SKY COVER 1.0



RELATIVE HUMIDITY (PERCENT)
 HIGHEST    85
 LOWEST     70
 AVERAGE    78

..........................................................


THE ALBANY NY CLIMATE NORMALS FOR TODAY
                         NORMAL    RECORD    YEAR
 MAXIMUM TEMPERATURE (F)   33        64      1990
 MINIMUM TEMPERATURE (F)   19       -12      1955


SUNRISE AND SUNSET
DECEMBER 23 2014......SUNRISE   723 AM EST   SUNSET   425 PM EST
DECEMBER 24 2014......SUNRISE   724 AM EST   SUNSET   426 PM EST


-  INDICATES NEGATIVE NUMBERS.
R  INDICATES RECORD WAS SET OR TIED.
MM INDICATES DATA IS MISSING.
T  INDICATES TRACE AMOUNT.




$$
