000
CXUS53 KSGF 010800
CF6VIH
PRELIMINARY LOCAL CLIMATOLOGICAL DATA (WS FORM: F-6)

                                          STATION:   VICHY-ROLLA MO
                                          MONTH:     FEBRUARY
                                          YEAR:      2013
                                          LATITUDE:   38  7 N
                                          LONGITUDE:  91 46 W

  TEMPERATURE IN F:       :PCPN:    SNOW:  WIND      :SUNSHINE: SKY     :PK WND
================================================================================
1   2   3   4   5  6A  6B    7    8   9   10  11  12  13   14  15   16   17  18
                                     12Z  AVG MX 2MIN
DY MAX MIN AVG DEP HDD CDD  WTR  SNW DPTH SPD SPD DIR MIN PSBL S-S WX    SPD DR
================================================================================

 1  28   5  17 -15  48   0 0.00    M    M  7.7 17 180   M    M   3        21 190
 2  41  25  33   1  32   0    T    M    M 11.0 20 300   M    M   5        26 310
 3  41  31  36   3  29   0 0.00    M    M 12.1 28 300   M    M   1        38 330
 4  59  20  40   7  25   0 0.00  0.0    0 11.7 24 250   M    M   3        31 280
 5  58  18  38   5  27   0 0.00  0.0    0  6.8 22 280   M    M   0 18     28 310
 6  58  31  45  12  20   0 0.00  0.0    0 10.4 18 170   M    M   0        22 160
 7  54  37  46  12  19   0 0.18    M    M 11.0 21 340   M    M   8 1      25 340
 8  37  30  34   0  31   0 0.00    M    M  8.9 21 330   M    M  10 18     25 340
 9  43  29  36   2  29   0 0.15    M    M 10.8 20 130   M    M   7 1      26 150
10  60  37  49  15  16   0 0.22    M    M 18.4 32 240   M    M   6 13     43 250
11  48  25  37   3  28   0 0.00  0.0    0 11.6 30 260   M    M   0        41 270
12  42  24  33  -2  32   0    T    T    0  4.8 16 210   M    M   4 1      21 210
13  48  29  39   4  26   0    T    M    0  9.8 21 220   M    M   4 12     25 280
14  52  32  42   7  23   0 0.00  0.0    0 10.1 18 270   M    M   2        22 310
15  41  23  32  -4  33   0 0.00  0.0    0 10.0 20 320   M    M   5        24 300
16  36  17  27  -9  38   0 0.00  0.0    0  5.8 15 290   M    M   3        21 280
17  54  29  42   6  23   0 0.00  0.0    0 11.1 20 170   M    M   4        24 180
18  52  29  41   5  24   0 0.10    M    M 18.7 29 290   M    M   6 1      40 300
19  36  21  29  -8  36   0 0.00    M    M 13.8 26 280   M    M   0        36 280
20  29  17  23 -14  42   0 0.00    M    M  6.7 10  70   M    M   3        12  60
21  32  22  27 -10  38   0 0.73    M    M 13.9 28 100   M    M  10 136    35  90
22  33  20  27 -11  38   0    T    M    M 10.8 21 240   M    M   7 1      26 230
23  36  16  26 -12  39   0 0.00    M    M  3.7 12 250   M    M   0 1      15 230
24  47  18  33  -5  32   0 0.00    M    M  7.2 14 100   M    M   0        17  90
25  43  30  37  -2  28   0 0.56    M    M 16.6 31  50   M    M   4 136    43  50
26  34  31  33  -6  32   0 0.30    M    M 13.3 31  60   M    M  10 16     38  60
27  32  29  31  -8  34   0    T    M    M 14.3 22 290   M    M  10 1      28 280
28  30  28  29 -11  36   0    T    M    M 10.7 17 290   M    M  10 1      21 290
================================================================================
SM 1204  703       858   0  2.24    T    301.7          M      125
================================================================================
AV 43.0 25.1                              10.8 FASTST   M    M   4    MAX(MPH)
                                 MISC ---->  # 32 240               # 43  250
================================================================================
NOTES:
# LAST OF SEVERAL OCCURRENCES

COLUMN 17 PEAK WIND IN M.P.H.

PRELIMINARY LOCAL CLIMATOLOGICAL DATA (WS FORM: F-6) , PAGE 2

                                          STATION:  VICHY-ROLLA MO
                                          MONTH:    FEBRUARY
                                          YEAR:     2013
                                          LATITUDE:   38  7 N
                                          LONGITUDE:  91 46 W

[TEMPERATURE DATA]      [PRECIPITATION DATA]       SYMBOLS USED IN COLUMN 16

AVERAGE MONTHLY: 34.1   TOTAL FOR MONTH:   2.24    1 = FOG OR MIST
DPTR FM NORMAL:  -1.6   DPTR FM NORMAL:    0.31    2 = FOG REDUCING VISIBILITY
HIGHEST:    60 ON 10    GRTST 24HR  0.86 ON 25-26      TO 1/4 MILE OR LESS
LOWEST:      5 ON  1                               3 = THUNDER
                        SNOW, ICE PELLETS, HAIL    4 = ICE PELLETS
                        TOTAL MONTH:    T          5 = HAIL
                        GRTST 24HR    T  ON 12-12  6 = FREEZING RAIN OR DRIZZLE
                        GRTST DEPTH:   0           7 = DUSTSTORM OR SANDSTORM:
                                                       VSBY 1/2 MILE OR LESS
                                                   8 = SMOKE OR HAZE
[NO. OF DAYS WITH]      [WEATHER - DAYS WITH]      9 = BLOWING SNOW
                                                   X = TORNADO
MAX 32 OR BELOW:   5    0.01 INCH OR MORE:   7
MAX 90 OR ABOVE:   0    0.10 INCH OR MORE:   7
MIN 32 OR BELOW:  26    0.50 INCH OR MORE:   2
MIN  0 OR BELOW:   0    1.00 INCH OR MORE:   0

[HDD (BASE 65) ]
TOTAL THIS MO.   858    CLEAR  (SCALE 0-3)  11
DPTR FM NORMAL    36    PTCLDY (SCALE 4-7)  11
TOTAL FM JUL 1  3586    CLOUDY (SCALE 8-10)  6
DPTR FM NORMAL  -204

[CDD (BASE 65) ]
TOTAL THIS MO.     0
DPTR FM NORMAL     0    [PRESSURE DATA]
TOTAL FM JAN 1     0    HIGHEST SLP M ON M
DPTR FM NORMAL     0    LOWEST  SLP 29.35 ON 26

[REMARKS]
#FINAL-02-13#
