000
CXUS53 KSGF 010800
CF6VIH
PRELIMINARY LOCAL CLIMATOLOGICAL DATA (WS FORM: F-6)

                                          STATION:   VICHY-ROLLA MO
                                          MONTH:     NOVEMBER
                                          YEAR:      2012
                                          LATITUDE:   38  7 N
                                          LONGITUDE:  91 46 W

  TEMPERATURE IN F:       :PCPN:    SNOW:  WIND      :SUNSHINE: SKY     :PK WND
================================================================================
1   2   3   4   5  6A  6B    7    8   9   10  11  12  13   14  15   16   17  18
                                     12Z  AVG MX 2MIN
DY MAX MIN AVG DEP HDD CDD  WTR  SNW DPTH SPD SPD DIR MIN PSBL S-S WX    SPD DR
================================================================================

 1  68  33  51  -1  14   0 0.00  0.0    M  6.4 13 240   M    M   M        17 240
 2  61  38  50  -1  15   0 0.00  0.0    M  8.2 16 110   M    M   M        23 120
 3  57  33  45  -6  20   0 0.00  0.0    M  6.7 17 340   M    M   M 1      23 350
 4  51  29  40 -10  25   0 0.00  0.0    M   M   M   M   M    M   M 12      M  M
 5  45  41  43  -7  22   0 0.34    M    M   M   M   M   M    M   M 1       M  M
 6  47  34  41  -9  24   0    T    M    M   M   M   M   M    M   M 12      M  M
 7  49  32  41  -8  24   0 0.00    M    M  8.7 20 320   M    M   M        25 330
 8  59  28  44  -5  21   0 0.00    M    M 11.3 30 330   M    M   M        37 320
 9  73  48  61  13   4   0 0.00    M    M 15.5 21 180   M    M   M        31 240
10  78  56  67  19   0   2 0.00    M    M 19.3 31 180   M    M   M        40 170
11  66  32  49   2  16   0 0.65    M    M 16.4 32 300   M    M   M 1      47 160
12  44  24  34 -13  31   0 0.00    M    M  9.6 23 270   M    M   M        30 270
13  51  21  36 -10  29   0 0.00    M    M  4.6 29 210   M    M   M        32 210
14  52  31  42  -4  23   0 0.00    M    M   M   M   M   M    M   M         M  M
15  56  29  43  -3  22   0 0.00    M    M   M   M   M   M    M   M         M  M
16  60  30  45   0  20   0 0.00    M    M   M   M   M   M    M   M         M  M
17  61  29  45   0  20   0 0.00    M    M  7.0 13 140   M    M   M        17 190
18  64  34  49   5  16   0 0.00    M    M  8.8 14 180   M    M   M        17 190
19  56  45  51   7  14   0    T    M    M 10.4 16 180   M    M   M        20 180
20  61  38  50   7  15   0 0.00    M    M  7.3 15 270   M    M   M 1      24 320
21  65  33  49   6  16   0 0.00    M    M  6.2 15 180   M    M   M 128    20 180
22  68  48  58  16   7   0 0.27    M    M 13.8 23 210   M    M   M 138    30 190
23  50  27  39  -3  26   0 0.00    M    M 11.8 22 300   M    M   M        29 320
24  41  20  31 -10  34   0 0.00    M    M  7.8 18 190   M    M   M         M  M
25  58  33  46   5  19   0 0.00    M    M  9.2 18 200   M    M   M        23 210
26  46  25  36  -4  29   0 0.00  0.0    M 12.7 22  40   M    M   M        29  10
27  40  17  29 -11  36   0 0.00  0.0    M  3.6  9 360   M    M   M        12 210
28  50  21  36  -3  29   0 0.00  0.0    M  5.8 12 210   M    M   M        25 210
29  61  36  49  10  16   0 0.00    M    M 12.5 20 170   M    M   M        26 180
30  65  43  54  15  11   0 0.00    M    M 10.4 17 190   M    M   M         M  M
================================================================================
SM 1703  988       598   2  1.26     0.0 234.0          M        M
================================================================================
AV 56.8 32.9                               9.8 FASTST   M    M   0    MAX(MPH)
                                 MISC ---->  # 32 300               # 47  160
================================================================================
NOTES:
# LAST OF SEVERAL OCCURRENCES

COLUMN 17 PEAK WIND IN M.P.H.

PRELIMINARY LOCAL CLIMATOLOGICAL DATA (WS FORM: F-6) , PAGE 2

                                          STATION:  VICHY-ROLLA MO
                                          MONTH:    NOVEMBER
                                          YEAR:     2012
                                          LATITUDE:   38  7 N
                                          LONGITUDE:  91 46 W

[TEMPERATURE DATA]      [PRECIPITATION DATA]       SYMBOLS USED IN COLUMN 16

AVERAGE MONTHLY: 44.8   TOTAL FOR MONTH:   1.26    1 = FOG OR MIST
DPTR FM NORMAL:  -0.4   DPTR FM NORMAL:   -2.61    2 = FOG REDUCING VISIBILITY
HIGHEST:    78 ON 10    GRTST 24HR  0.65 ON 10-11      TO 1/4 MILE OR LESS
LOWEST:     17 ON 27                               3 = THUNDER
                        SNOW, ICE PELLETS, HAIL    4 = ICE PELLETS
                        TOTAL MONTH:   0.0 INCH    5 = HAIL
                        GRTST 24HR     0.0         6 = FREEZING RAIN OR DRIZZLE
                        GRTST DEPTH:  M  ON   M    7 = DUSTSTORM OR SANDSTORM:
                                                       VSBY 1/2 MILE OR LESS
                                                   8 = SMOKE OR HAZE
[NO. OF DAYS WITH]      [WEATHER - DAYS WITH]      9 = BLOWING SNOW
                                                   X = TORNADO
MAX 32 OR BELOW:   0    0.01 INCH OR MORE:   3
MAX 90 OR ABOVE:   0    0.10 INCH OR MORE:   3
MIN 32 OR BELOW:  15    0.50 INCH OR MORE:   1
MIN  0 OR BELOW:   0    1.00 INCH OR MORE:   0

[HDD (BASE 65) ]
TOTAL THIS MO.   598    CLEAR  (SCALE 0-3)   0
DPTR FM NORMAL     1    PTCLDY (SCALE 4-7)   0
TOTAL FM JUL 1  1063    CLOUDY (SCALE 8-10)  0
DPTR FM NORMAL   116

[CDD (BASE 65) ]
TOTAL THIS MO.     2
DPTR FM NORMAL    -1    [PRESSURE DATA]
TOTAL FM JAN 1  1693    HIGHEST SLP M ON M
DPTR FM NORMAL   447    LOWEST  SLP 29.75 ON 11

[REMARKS]
#FINAL-11-12#
