000
CXUS53 KSGF 010800
CF6VIH
PRELIMINARY LOCAL CLIMATOLOGICAL DATA (WS FORM: F-6)

                                          STATION:   VICHY-ROLLA MO
                                          MONTH:     JUNE
                                          YEAR:      2014
                                          LATITUDE:   38  7 N
                                          LONGITUDE:  91 46 W

  TEMPERATURE IN F:       :PCPN:    SNOW:  WIND      :SUNSHINE: SKY     :PK WND
================================================================================
1   2   3   4   5  6A  6B    7    8   9   10  11  12  13   14  15   16   17  18
                                     12Z  AVG MX 2MIN
DY MAX MIN AVG DEP HDD CDD  WTR  SNW DPTH SPD SPD DIR MIN PSBL S-S WX    SPD DR
================================================================================

 1  83  65  74   6   0   9    T    M    M 10.6 23 180   M    M   3        30 170
 2  82  69  76   7   0  11    T    M    M  8.5 20 190   M    M   5        26 190
 3  86  67  77   8   0  12 0.00    M    M  6.9 15 170   M    M   3 1      20 150
 4  83  66  75   6   0  10 0.51    M    M  9.3 24 230   M    M   6 13     33 350
 5  72  64  68  -2   0   3 0.08    M    M  7.9 18 100   M    M   9 1      23 110
 6  76  65  71   1   0   6 0.00    M    M  5.1 10 120   M    M   9 1      15 110
 7  79  65  72   2   0   7 0.37    M    M 11.6 28 280   M    M   8 13     38 280
 8  70  59  65  -5   0   0 0.00    M    M  4.9 15 340   M    M   6 1      20 340
 9  71  62  67  -4   0   2 1.08  0.0    0  9.6 17 110   M    M   9 1      21 110
10  74  60  67  -4   0   2 0.49  0.0    0  5.4 16  60   M    M   8 123    22  50
11  73  58  66  -5   0   1    T  0.0    0  6.1 15 290   M    M   7 12     19 310
12  71  56  64  -8   1   0 0.21    M    M  5.8 20 240   M    M   6 123    25 250
13  74  55  65  -7   0   0 0.00    M    M  5.7 14  40   M    M   1 12     20  20
14  77  54  66  -6   0   1 0.00    M    M 13.2 23 160   M    M   0        28 160
15  81  66  74   2   0   9 0.06    M    M 10.7 23 160   M    M   4 1      32 150
16  87  72  80   7   0  15 0.00    M    M 12.6 22 170   M    M   3        31 170
17  86  72  79   6   0  14 0.00    M    M 13.2 22 190   M    M   1        28 200
18  88  73  81   8   0  16 0.00    M    M 10.6 18 180   M    M   1        25 180
19  88  69  79   5   0  14    T    M    M 10.0 18 200   M    M   1        23 190
20  89  68  79   5   0  14 0.00    M    M  8.0 15 270   M    M   3        19 260
21  87  65  76   2   0  11 0.17    M    M  7.7 17  10   M    M   2 13     23 180
22  87  65  76   2   0  11 0.14    M    M  7.5 15 210   M    M   1 8      22 230
23  82  68  75   1   0  10 0.13    M    M  5.3 15 300   M    M   4 1      18 310
24  82  65  74  -1   0   9 0.00    M    M  7.5 15 310   M    M   5 1      20 290
25  85  62  74  -1   0   9 0.00    M    M  5.5 12 260   M    M   2        15 260
26  86  65  76   1   0  11 0.05    M    M  6.1 23 170   M    M   1 1      29 170
27  85  67  76   1   0  11 0.00  0.0    0 10.4 17 180   M    M   2        22 190
28  85  68  77   1   0  12 0.02    M    M 12.7 23 170   M    M   6        29 170
29  84  68  76   0   0  11    T    M    M 11.6 18 160   M    M   6 3      24 150
30  90  74  82   6   0  17 0.00    M    M 13.7 23 190   M    M   2 1      29 200
================================================================================
SM 2443 1952         1 258  3.31     0.0 263.7          M      124
================================================================================
AV 81.4 65.1                               8.8 FASTST   M    M   4    MAX(MPH)
                                 MISC ---->  # 28 280               # 38  280
================================================================================
NOTES:
# LAST OF SEVERAL OCCURRENCES

COLUMN 17 PEAK WIND IN M.P.H.

PRELIMINARY LOCAL CLIMATOLOGICAL DATA (WS FORM: F-6) , PAGE 2

                                          STATION:  VICHY-ROLLA MO
                                          MONTH:    JUNE
                                          YEAR:     2014
                                          LATITUDE:   38  7 N
                                          LONGITUDE:  91 46 W

[TEMPERATURE DATA]      [PRECIPITATION DATA]       SYMBOLS USED IN COLUMN 16

AVERAGE MONTHLY: 73.2   TOTAL FOR MONTH:   3.31    1 = FOG OR MIST
DPTR FM NORMAL:   0.8   DPTR FM NORMAL:   -1.32    2 = FOG REDUCING VISIBILITY
HIGHEST:    90 ON 30    GRTST 24HR  1.50 ON  9-10      TO 1/4 MILE OR LESS
LOWEST:     54 ON 14                               3 = THUNDER
                        SNOW, ICE PELLETS, HAIL    4 = ICE PELLETS
                        TOTAL MONTH:   0.0 INCH    5 = HAIL
                        GRTST 24HR     0.0         6 = FREEZING RAIN OR DRIZZLE
                        GRTST DEPTH:   0           7 = DUSTSTORM OR SANDSTORM:
                                                       VSBY 1/2 MILE OR LESS
                                                   8 = SMOKE OR HAZE
[NO. OF DAYS WITH]      [WEATHER - DAYS WITH]      9 = BLOWING SNOW
                                                   X = TORNADO
MAX 32 OR BELOW:   0    0.01 INCH OR MORE:  12
MAX 90 OR ABOVE:   1    0.10 INCH OR MORE:   8
MIN 32 OR BELOW:   0    0.50 INCH OR MORE:   2
MIN  0 OR BELOW:   0    1.00 INCH OR MORE:   1

[HDD (BASE 65) ]
TOTAL THIS MO.     1    CLEAR  (SCALE 0-3)  14
DPTR FM NORMAL   -13    PTCLDY (SCALE 4-7)  13
TOTAL FM JUL 1  5479    CLOUDY (SCALE 8-10)  3
DPTR FM NORMAL   631

[CDD (BASE 65) ]
TOTAL THIS MO.   258
DPTR FM NORMAL    23    [PRESSURE DATA]
TOTAL FM JAN 1   405    HIGHEST SLP M ON M
DPTR FM NORMAL    63    LOWEST  SLP 29.65 ON M

[REMARKS]
#FINAL-06-14#
