000
CXUS53 KSGF 010800
CF6VIH
PRELIMINARY LOCAL CLIMATOLOGICAL DATA (WS FORM: F-6)

                                          STATION:   VICHY-ROLLA MO
                                          MONTH:     NOVEMBER
                                          YEAR:      2017
                                          LATITUDE:   38  7 N
                                          LONGITUDE:  91 46 W

  TEMPERATURE IN F:       :PCPN:    SNOW:  WIND      :SUNSHINE: SKY     :PK WND
================================================================================
1   2   3   4   5  6A  6B    7    8   9   10  11  12  13   14  15   16   17  18
                                     12Z  AVG MX 2MIN
DY MAX MIN AVG DEP HDD CDD  WTR  SNW DPTH SPD SPD DIR MIN PSBL S-S WX    SPD DR
================================================================================

 1  58  37  48  -4  17   0    T    M    M 10.9 16 160   M    M   9 1      24 140
 2  78  51  65  14   0   0    T    M    M 10.4 18 360   M    M   4 1      26  10
 3  61  44  53   2  12   0    T    M    M 11.5 18 110   M    M   8 1      26  90
 4  68  55  62  12   3   0 0.00    M    M  8.6 16 220   M    M   9 18     22 200
 5  79  48  64  14   1   0 0.00    M    M 12.8 21 340   M    M   7 1      27 310
 6  48  41  45  -5  20   0 0.01    M    M  9.4 15  70   M    M  10 13     20  50
 7  47  39  43  -6  22   0    T    M    M  9.4 16  10   M    M  10 1      22 350
 8  53  29  41  -8  24   0 0.00    M    M  4.3 13  10   M    M   1        16  10
 9  57  27  42  -6  23   0 0.00    M    M  8.5 17 300   M    M   0 18     23 300
10  43  23  33 -15  32   0 0.00    M    M  8.4 15  80   M    M   0        20  90
11  57  28  43  -4  22   0 0.00    M    M  9.4 20 200   M    M   3        27 200
12  55  44  50   3  15   0    T    M    M  7.0 17 330   M    M  10        22 320
13  57  40  49   3  16   0    T    M    M  6.1 15 160   M    M   5        19 160
14  53  44  49   3  16   0    T    M    M 12.3 18 180   M    M  10        24 160
15  61  40  51   5  14   0 0.08    M    M 10.7 20 330   M    M   5 1      28 330
16  52  26  39  -6  26   0 0.00    M    M  4.9 14 130   M    M   0        17 120
17  66  38  52   7  13   0 0.00    M    M 15.0 24 170   M    M   8        33 170
18  69  36  53   9  12   0 0.18    M    M 15.3 32 300   M    M   4 1      48 290
19  45  28  37  -7  28   0 0.00    M    M  8.7 16 310   M    M   0        25 310
20  61  36  49   6  16   0 0.00    M    M 15.8 26 200   M    M   0        36 210
21  56  27  42  -1  23   0 0.00    M    M 11.3 20 330   M    M   0        26 360
22  42  16  29 -13  36   0 0.00    M    M  3.9 12 340   M    M   0        16 340
23  61  26  44   2  21   0 0.00    M    M  8.3 17 220   M    M   0        24 210
24  73  36  55  14  10   0 0.00    M    M 13.0 26 210   M    M   0        35 210
25  61  33  47   6  18   0 0.00    M    M  6.3 22 330   M    M   0        32 340
26  63  30  47   7  18   0 0.00    M    M  7.9 14 220   M    M   0        18 280
27  70  43  57  17   8   0 0.00  0.0    0 13.6 22 180   M    M   0        30 190
28  72  52  62  23   3   0 0.00    M    0 13.5 24 190   M    M   4        34 180
29  62  48  55  16  10   0    T    M    M  9.8 16  50   M    M   6        21 100
30  57  31  44   5  21   0    T    M    0  8.0 17 350   M    M   3        25 320
================================================================================
SM 1785 1096       500   0  0.27     0.0 295.0          M      116
================================================================================
AV 59.5 36.5                               9.8 FASTST   M    M   4    MAX(MPH)
                                 MISC ---->  # 32 300               # 48  290
================================================================================
NOTES:
# LAST OF SEVERAL OCCURRENCES

COLUMN 17 PEAK WIND IN M.P.H.

PRELIMINARY LOCAL CLIMATOLOGICAL DATA (WS FORM: F-6) , PAGE 2

                                          STATION:  VICHY-ROLLA MO
                                          MONTH:    NOVEMBER
                                          YEAR:     2017
                                          LATITUDE:   38  7 N
                                          LONGITUDE:  91 46 W

[TEMPERATURE DATA]      [PRECIPITATION DATA]       SYMBOLS USED IN COLUMN 16

AVERAGE MONTHLY: 48.0   TOTAL FOR MONTH:   0.27    1 = FOG OR MIST
DPTR FM NORMAL:   2.8   DPTR FM NORMAL:   -3.60    2 = FOG REDUCING VISIBILITY
HIGHEST:    79 ON  5    GRTST 24HR  0.18 ON 18-18      TO 1/4 MILE OR LESS
LOWEST:     16 ON 22                               3 = THUNDER
                        SNOW, ICE PELLETS, HAIL    4 = ICE PELLETS
                        TOTAL MONTH:   0.0 INCH    5 = HAIL
                        GRTST 24HR     0.0         6 = FREEZING RAIN OR DRIZZLE
                        GRTST DEPTH:   0           7 = DUSTSTORM OR SANDSTORM:
                                                       VSBY 1/2 MILE OR LESS
                                                   8 = SMOKE OR HAZE
[NO. OF DAYS WITH]      [WEATHER - DAYS WITH]      9 = BLOWING SNOW
                                                   X = TORNADO
MAX 32 OR BELOW:   0    0.01 INCH OR MORE:   3
MAX 90 OR ABOVE:   0    0.10 INCH OR MORE:   1
MIN 32 OR BELOW:  11    0.50 INCH OR MORE:   0
MIN  0 OR BELOW:   0    1.00 INCH OR MORE:   0

[HDD (BASE 65) ]
TOTAL THIS MO.   500    CLEAR  (SCALE 0-3)  14
DPTR FM NORMAL   -97    PTCLDY (SCALE 4-7)  10
TOTAL FM JUL 1   752    CLOUDY (SCALE 8-10)  6
DPTR FM NORMAL  -195

[CDD (BASE 65) ]
TOTAL THIS MO.     0
DPTR FM NORMAL    -3    [PRESSURE DATA]
TOTAL FM JAN 1  1247    HIGHEST SLP M ON M
DPTR FM NORMAL     1    LOWEST  SLP 29.37 ON 18

[REMARKS]
#FINAL-11-17#
