000
CXUS53 KSGF 011259
CF6VIH

PRELIMINARY LOCAL CLIMATOLOGICAL DATA (WS FORM: F-6)

                                          STATION:   VICHY-ROLLA MO
                                          MONTH:     JANUARY
                                          YEAR:      2018
                                          LATITUDE:   38  7 N
                                          LONGITUDE:  91 46 W

  TEMPERATURE IN F:       :PCPN:    SNOW:  WIND      :SUNSHINE: SKY     :PK WND
================================================================================
1   2   3   4   5  6A  6B    7    8   9   10  11  12  13   14  15   16   17  18
                                     12Z  AVG MX 2MIN
DY MAX MIN AVG DEP HDD CDD  WTR  SNW DPTH SPD SPD DIR MIN PSBL S-S WX    SPD DR
================================================================================

 1  11  -7   2 -29  63   0 0.00    M    M  5.8 14 330   M    M   0        19 330
 2  21  -8   7 -24  58   0 0.00    M    M  4.5 15 230   M    M   0        20 200
 3  28  10  19 -12  46   0 0.00    M    M 12.4 22 310   M    M   4        28 310
 4  20   2  11 -20  54   0 0.00    M    M  4.8 13 330   M    M   4        18 330
 5  29  10  20 -11  45   0 0.00    M    M  6.6 12  80   M    M   3        16  80
 6  29  12  21 -10  44   0 0.00    M    M 10.3 20 150   M    M   6        27 130
 7   M  23   M   M   M   M 0.74    M    M 14.9 21 170   M    M   7 1      30 150
 8  51  29  40   9  25   0 0.00    M    M  4.7 10 330   M    M  10 128    14 320
 9  41  28  35   4  30   0 0.00    M    M  8.6 18 170   M    M  10 12     25 160
10  58  41  50  19  15   0 0.00    M    M 18.6 29 170   M    M   6 1      42 180
11  62  15  39   8  26   0 0.02    M    M 15.5 29 290   M    M   9 1      37 300
12  23   9  16 -15  49   0    T    M    M 14.2 23 330   M    M   4 1      32 340
13  22  10  16 -15  49   0 0.00    M    M  6.9 17 350   M    M   5        24 360
14  26  12  19 -12  46   0    T    M    M 12.2 18 200   M    M   9 18     27 190
15  28   2  15 -16  50   0 0.03    M    M 13.3 22 290   M    M   7 1      31 290
16   8  -5   2 -29  63   0 0.00    M    M  9.8 16 280   M    M   3        22 310
17  22  -4   9 -22  56   0 0.00    M    M  7.0 13 220   M    M   1 1      16 220
18  44  14  29  -2  36   0 0.00    M    M 13.2 22 220   M    M   0        30 230
19  53  28  41  10  24   0 0.00    M    M 16.1 23 190   M    M   0        30 190
20  59  37  48  17  17   0 0.00    M    M 13.0 23 200   M    M   3        30 210
21  70  47  59  28   6   0 0.34    M    M 13.8 29 200   M    M   5 13     39 190
22  55  33  44  13  21   0 0.52    M    M 16.5 31 220   M    M   7 1      43 230
23  34  24  29  -2  36   0 0.00    M    M 13.4 28 290   M    M  10        42 250
24  47  20  34   3  31   0 0.00    M    M  7.0 15 280   M    M   0        20 270
25  64  30  47  16  18   0 0.00    M    M 14.4 23 230   M    M   0        33 220
26  57  42  50  18  15   0 0.00    M    M 17.8 29 180   M    M   6        40 170
27  55  25  40   8  25   0 0.01    M    M  7.6 20 200   M    M   3 1      27 200
28  57  21  39   7  26   0 0.00    M    M  5.7 16 350   M    M   2 8      22 350
29  32  15  24  -8  41   0 0.00    M    M 10.4 18 340   M    M   6        24 310
30  42  13  28  -4  37   0 0.00    M    M 10.8 26 170   M    M   0        36 190
31  59  34  47  15  18   0 0.00    M    M 13.0 26 190   M    M   0        37 190
================================================================================
SM 1207  562      1070   0  1.66    M    342.8          M      130
================================================================================
AV 40.2 18.1                              11.1 FASTST   M    M   4    MAX(MPH)
                                 MISC ---->  # 31 220               # 43  230
================================================================================
NOTES:
# LAST OF SEVERAL OCCURRENCES

COLUMN 17 PEAK WIND IN M.P.H.

PRELIMINARY LOCAL CLIMATOLOGICAL DATA (WS FORM: F-6) , PAGE 2

                                          STATION:  VICHY-ROLLA MO
                                          MONTH:    JANUARY
                                          YEAR:     2018
                                          LATITUDE:   38  7 N
                                          LONGITUDE:  91 46 W

[TEMPERATURE DATA]      [PRECIPITATION DATA]       SYMBOLS USED IN COLUMN 16

AVERAGE MONTHLY: 29.2   TOTAL FOR MONTH:   1.66    1 = FOG OR MIST
DPTR FM NORMAL:  -1.9   DPTR FM NORMAL:   -0.51    2 = FOG REDUCING VISIBILITY
HIGHEST:    70 ON 21    GRTST 24HR  0.74 ON  7- 7      TO 1/4 MILE OR LESS
LOWEST:     -8 ON  2                               3 = THUNDER
                        SNOW, ICE PELLETS, HAIL    4 = ICE PELLETS
                        TOTAL MONTH:    M          5 = HAIL
                        GRTST 24HR    M  ON   M    6 = FREEZING RAIN OR DRIZZLE
                        GRTST DEPTH:  M  ON   M    7 = DUSTSTORM OR SANDSTORM:
                                                       VSBY 1/2 MILE OR LESS
                                                   8 = SMOKE OR HAZE
[NO. OF DAYS WITH]      [WEATHER - DAYS WITH]      9 = BLOWING SNOW
                                                   X = TORNADO
MAX 32 OR BELOW:  13    0.01 INCH OR MORE:   6
MAX 90 OR ABOVE:   0    0.10 INCH OR MORE:   3
MIN 32 OR BELOW:  25    0.50 INCH OR MORE:   2
MIN  0 OR BELOW:   4    1.00 INCH OR MORE:   0

[HDD (BASE 65) ]
TOTAL THIS MO.  1070    CLEAR  (SCALE 0-3)  14
DPTR FM NORMAL    19    PTCLDY (SCALE 4-7)  12
TOTAL FM JUL 1  2772    CLOUDY (SCALE 8-10)  5
DPTR FM NORMAL  -196

[CDD (BASE 65) ]
TOTAL THIS MO.     0
DPTR FM NORMAL     0    [PRESSURE DATA]
TOTAL FM JAN 1     0    HIGHEST SLP M ON M
DPTR FM NORMAL     0    LOWEST  SLP 29.55 ON 22

[REMARKS]
TEMPERATURE DATA FOR JANUARY 7TH MISSING DUE TO SENSOR FAILURE.
#FINAL-01-18#
