000
CXUS53 KSGF 010800
CF6VIH
PRELIMINARY LOCAL CLIMATOLOGICAL DATA (WS FORM: F-6)

                                          STATION:   VICHY-ROLLA MO
                                          MONTH:     JANUARY
                                          YEAR:      2016
                                          LATITUDE:   38  7 N
                                          LONGITUDE:  91 46 W

  TEMPERATURE IN F:       :PCPN:    SNOW:  WIND      :SUNSHINE: SKY     :PK WND
================================================================================
1   2   3   4   5  6A  6B    7    8   9   10  11  12  13   14  15   16   17  18
                                     12Z  AVG MX 2MIN
DY MAX MIN AVG DEP HDD CDD  WTR  SNW DPTH SPD SPD DIR MIN PSBL S-S WX    SPD DR
================================================================================

 1  39  22  31   0  34   0 0.00    M    M  9.6 17 280   M    M   0        22 280
 2  46  26  36   5  29   0 0.00    M    M  9.4 16 270   M    M   0        22 230
 3  40  24  32   1  33   0 0.00    M    M  9.3 16  10   M    M   1        19 340
 4  34  22  28  -3  37   0 0.00    M    M  8.8 16  40   M    M   5        22  10
 5  40  20  30  -1  35   0 0.00    M    M  9.8 21 180   M    M   0        26 160
 6  44  28  36   5  29   0 0.00    M    M 10.5 18 180   M    M   5        23 180
 7  46  38  42  11  23   0 0.23    M    M 11.2 16 140   M    M  10 1      20 140
 8  50  40  45  14  20   0 0.02    M    M 11.0 23 230   M    M  10 1      29 240
 9  41  14  28  -3  37   0 0.42    M    M 13.2 25 330   M    M  10 12     30 300
10  16   3  10 -21  55   0    T    M    M 12.4 25 310   M    M   2 1      34 300
11  38  13  26  -5  39   0 0.00    M    M 13.8 22 230   M    M   7        27 230
12  36  12  24  -7  41   0 0.00    M    M 10.1 24 320   M    M   3        33 330
13  45  13  29  -2  36   0 0.00    M    M 10.5 21 200   M    M   0        26 190
14  60  36  48  17  17   0 0.00    M    M 15.0 23 200   M    M   0        29 200
15  48  26  37   6  28   0 0.04    M    M 13.2 22 300   M    M   8 18     29 270
16  33  21  27  -4  38   0 0.00    M    M  7.0 18 300   M    M   3        25 310
17  22   3  13 -18  52   0    T    M    M 10.3 21 340   M    M   4 1      25 340
18  18   0   9 -22  56   0 0.00    M    M  6.9 15 270   M    M   0        23 270
19  21  14  18 -13  47   0 0.03    M    M  9.7 20 120   M    M   9 16     25 120
20  26  12  19 -12  46   0    T    M    M  3.6 15  70   M    M   6 12     19  70
21  27  19  23  -8  42   0 0.00    M    M 10.0 16  20   M    M   8        19  30
22  31  19  25  -6  40   0 0.00    M    M 12.8 20 330   M    M   7 18     25 330
23  34  20  27  -4  38   0 0.00    M    M  6.5 14 190   M    M   5 1      17 340
24  51  27  39   8  26   0 0.00    M    M 14.2 23 160   M    M   0        28 160
25  55  33  44  13  21   0 0.00    M    M 17.5 32 250   M    M   5 8      42 250
26  33  18  26  -6  39   0 0.00    M    M  9.1 25 280   M    M   8        33 290
27  44  17  31  -1  34   0 0.00    M    M  7.0 15 210   M    M   1 1      19 210
28  55  33  44  12  21   0 0.00    M    M 11.7 22 310   M    M   2        30 290
29  58  23  41   9  24   0 0.00    M    M  9.7 20 160   M    M   0        26 150
30  65  43  54  22  11   0 0.00    M    M 11.3 18 180   M    M   0        27 240
31  66  41  54  22  11   0 0.00    M    M 13.7 25 220   M    M   1        35 220
================================================================================
SM 1262  680      1039   0  0.74    M    328.8          M      120
================================================================================
AV 40.7 21.9                              10.6 FASTST   M    M   4    MAX(MPH)
                                 MISC ---->  # 32 250               # 42  250
================================================================================
NOTES:
# LAST OF SEVERAL OCCURRENCES

COLUMN 17 PEAK WIND IN M.P.H.

PRELIMINARY LOCAL CLIMATOLOGICAL DATA (WS FORM: F-6) , PAGE 2

                                          STATION:  VICHY-ROLLA MO
                                          MONTH:    JANUARY
                                          YEAR:     2016
                                          LATITUDE:   38  7 N
                                          LONGITUDE:  91 46 W

[TEMPERATURE DATA]      [PRECIPITATION DATA]       SYMBOLS USED IN COLUMN 16

AVERAGE MONTHLY: 31.3   TOTAL FOR MONTH:   0.74    1 = FOG OR MIST
DPTR FM NORMAL:   0.2   DPTR FM NORMAL:   -1.43    2 = FOG REDUCING VISIBILITY
HIGHEST:    66 ON 31    GRTST 24HR  0.42 ON  9- 9      TO 1/4 MILE OR LESS
LOWEST:      0 ON 18                               3 = THUNDER
                        SNOW, ICE PELLETS, HAIL    4 = ICE PELLETS
                        TOTAL MONTH:    M          5 = HAIL
                        GRTST 24HR    M  ON   M    6 = FREEZING RAIN OR DRIZZLE
                        GRTST DEPTH:  M  ON   M    7 = DUSTSTORM OR SANDSTORM:
                                                       VSBY 1/2 MILE OR LESS
                                                   8 = SMOKE OR HAZE
[NO. OF DAYS WITH]      [WEATHER - DAYS WITH]      9 = BLOWING SNOW
                                                   X = TORNADO
MAX 32 OR BELOW:   7    0.01 INCH OR MORE:   5
MAX 90 OR ABOVE:   0    0.10 INCH OR MORE:   2
MIN 32 OR BELOW:  24    0.50 INCH OR MORE:   0
MIN  0 OR BELOW:   1    1.00 INCH OR MORE:   0

[HDD (BASE 65) ]
TOTAL THIS MO.  1039    CLEAR  (SCALE 0-3)  15
DPTR FM NORMAL   -12    PTCLDY (SCALE 4-7)  11
TOTAL FM JUL 1  2435    CLOUDY (SCALE 8-10)  5
DPTR FM NORMAL  -533

[CDD (BASE 65) ]
TOTAL THIS MO.     0
DPTR FM NORMAL     0    [PRESSURE DATA]
TOTAL FM JAN 1     0    HIGHEST SLP M ON M
DPTR FM NORMAL     0    LOWEST  SLP 29.48 ON 15

[REMARKS]
#FINAL-01-16#
