000
CXUS53 KSGF 010800
CF6VIH
PRELIMINARY LOCAL CLIMATOLOGICAL DATA (WS FORM: F-6)

                                          STATION:   VICHY-ROLLA MO
                                          MONTH:     DECEMBER
                                          YEAR:      2016
                                          LATITUDE:   38  7 N
                                          LONGITUDE:  91 46 W

  TEMPERATURE IN F:       :PCPN:    SNOW:  WIND      :SUNSHINE: SKY     :PK WND
================================================================================
1   2   3   4   5  6A  6B    7    8   9   10  11  12  13   14  15   16   17  18
                                     12Z  AVG MX 2MIN
DY MAX MIN AVG DEP HDD CDD  WTR  SNW DPTH SPD SPD DIR MIN PSBL S-S WX    SPD DR
================================================================================

 1  45  24  35  -3  30   0 0.00    M    M  8.4 20 250   M    M   0        22 250
 2  51  24  38   0  27   0 0.00    M    M  3.9 12 320   M    M   3        16 360
 3  45  29  37   0  28   0 0.01    M    M  6.6 13 130   M    M   5        16 130
 4  41  29  35  -2  30   0 0.21    M    M  6.5 14 290   M    M   7 12     19 250
 5  47  25  36   0  29   0 0.00    M    M  7.2 14 150   M    M   1 12     19 130
 6  40  29  35  -1  30   0    T    M    M  8.1 17 340   M    M   6 12     23 290
 7  36  22  29  -7  36   0    T    M    M  6.0 16 300   M    M   8 1      22 300
 8  28  16  22 -14  43   0 0.00    M    M 11.7 20 280   M    M   0        26 300
 9  30  12  21 -14  44   0 0.00    M    M  4.8 10 290   M    M   1        14 300
10  35  22  29  -6  36   0 0.00    M    M 10.9 21 160   M    M  10        26 170
11  46  35  41   7  24   0 0.03    M    M 14.4 24 190   M    M  10 1      31 190
12  39  25  32  -2  33   0 0.00    M    M  7.6 16 170   M    M   6 18     20 310
13  40  17  29  -5  36   0    T    M    M  8.0 17 360   M    M   7 8      22 340
14  30  14  22 -12  43   0 0.00    M    M  8.1 18 340   M    M   3 1      21 340
15  23  16  20 -13  45   0 0.00    M    M  8.3 21 330   M    M   3        26 330
16  36  21  29  -4  36   0    T    M    M 14.0 23 170   M    M  10 168    31 180
17  45  11  28  -5  37   0    T    M    M 12.1 23 330   M    M  10 12     29 330
18  12  -2   5 -28  60   0    T    M    M  7.9 23 320   M    M   3 1      30 320
19  27  -3  12 -21  53   0 0.00    M    M  5.5 14 180   M    M   0        17 180
20  46  17  32   0  33   0 0.00    M    M  8.4 22 210   M    M   0        25 220
21  49  21  35   3  30   0 0.00    M    M  8.2 16 210   M    M   0        21 200
22  44  25  35   3  30   0 0.00    M    M  5.9 17 330   M    M   1        24 330
23  43  36  40   8  25   0 0.22    M    M 10.3 20 180   M    M  10 1      26 180
24  46  40  43  11  22   0 0.00    M    M  8.1 15 150   M    M   9 1      20 150
25  66  43  55  23  10   0    T    M    M 16.7 31 180   M    M  10 12     39 180
26  66  34  50  18  15   0 0.39    M    M 10.4 29 180   M    M   6 1      40 190
27  48  25  37   6  28   0 0.00    M    M  7.6 13 170   M    M   0        15 170
28   M   M   M   M   M   M    M    M    M   M   M   M   M    M   M         M  M
29   M   M   M   M   M   M    M    M    M   M   M   M   M    M   M         M  M
30  53  21  37   6  28   0 0.00    M    M 13.0 23 210   M    M   0        30 200
31  54  28  41  10  24   0 0.00    M    M 11.2 23 280   M    M   3        31 240
================================================================================
SM 1211  656       945   0  0.86    M    259.8          M      132
================================================================================
AV 41.8 22.6                               9.0 FASTST   M    M   5    MAX(MPH)
                                 MISC ---->  # 31 180               # 40  190
================================================================================
NOTES:
# LAST OF SEVERAL OCCURRENCES

COLUMN 17 PEAK WIND IN M.P.H.

PRELIMINARY LOCAL CLIMATOLOGICAL DATA (WS FORM: F-6) , PAGE 2

                                          STATION:  VICHY-ROLLA MO
                                          MONTH:    DECEMBER
                                          YEAR:     2016
                                          LATITUDE:   38  7 N
                                          LONGITUDE:  91 46 W

[TEMPERATURE DATA]      [PRECIPITATION DATA]       SYMBOLS USED IN COLUMN 16

AVERAGE MONTHLY: 32.2   TOTAL FOR MONTH:   0.86    1 = FOG OR MIST
DPTR FM NORMAL:  -1.5   DPTR FM NORMAL:   -1.78    2 = FOG REDUCING VISIBILITY
HIGHEST:    66 ON 26,25 GRTST 24HR  0.39 ON 26-26      TO 1/4 MILE OR LESS
LOWEST:     -3 ON 19                               3 = THUNDER
                        SNOW, ICE PELLETS, HAIL    4 = ICE PELLETS
                        TOTAL MONTH:    M          5 = HAIL
                        GRTST 24HR    M  ON   M    6 = FREEZING RAIN OR DRIZZLE
                        GRTST DEPTH:  M  ON   M    7 = DUSTSTORM OR SANDSTORM:
                                                       VSBY 1/2 MILE OR LESS
                                                   8 = SMOKE OR HAZE
[NO. OF DAYS WITH]      [WEATHER - DAYS WITH]      9 = BLOWING SNOW
                                                   X = TORNADO
MAX 32 OR BELOW:   6    0.01 INCH OR MORE:   5
MAX 90 OR ABOVE:   0    0.10 INCH OR MORE:   3
MIN 32 OR BELOW:  24    0.50 INCH OR MORE:   0
MIN  0 OR BELOW:   2    1.00 INCH OR MORE:   0

[HDD (BASE 65) ]
TOTAL THIS MO.   945    CLEAR  (SCALE 0-3)  13
DPTR FM NORMAL   -25    PTCLDY (SCALE 4-7)   9
TOTAL FM JUL 1  1573    CLOUDY (SCALE 8-10)  7
DPTR FM NORMAL  -344

[CDD (BASE 65) ]
TOTAL THIS MO.     0
DPTR FM NORMAL     0    [PRESSURE DATA]
TOTAL FM JAN 1  1482    HIGHEST SLP M ON M
DPTR FM NORMAL   236    LOWEST  SLP 29.46 ON 17

[REMARKS]
#FINAL-12-16#
