000
CXUS53 KSGF 010800
CF6VIH
PRELIMINARY LOCAL CLIMATOLOGICAL DATA (WS FORM: F-6)

                                          STATION:   VICHY-ROLLA MO
                                          MONTH:     MARCH
                                          YEAR:      2014
                                          LATITUDE:   38  7 N
                                          LONGITUDE:  91 46 W

  TEMPERATURE IN F:       :PCPN:    SNOW:  WIND      :SUNSHINE: SKY     :PK WND
================================================================================
1   2   3   4   5  6A  6B    7    8   9   10  11  12  13   14  15   16   17  18
                                     12Z  AVG MX 2MIN
DY MAX MIN AVG DEP HDD CDD  WTR  SNW DPTH SPD SPD DIR MIN PSBL S-S WX    SPD DR
================================================================================

 1  44  23  34  -6  31   0    T    M    M  8.8 17  40   M    M   8 168    22  10
 2  23   3  13 -27  52   0    T    M    M 15.2 21  10   M    M   9 1689   28  10
 3  25   1  13 -28  52   0 0.00  0.0    0  9.0 20 360   M    M   2 8      25  10
 4  43  12  28 -13  37   0 0.00  0.0    0  6.7 14 210   M    M   0 8      17 200
 5  49  25  37  -5  28   0 0.00  0.0    0  7.5 16  70   M    M   0 8      22  80
 6  50  23  37  -5  28   0 0.00    M    M  6.5 10 120   M    M   2 18     13  50
 7  64  29  47   5  18   0 0.00    M    M 11.2 16 190   M    M   0        20 190
 8  46  33  40  -3  25   0 0.00    M    M  8.0 15 340   M    M   8 18     19 330
 9  57  23  40  -3  25   0 0.00    M    M  8.0 17 250   M    M   3 18     22 250
10  74  39  57  14   8   0 0.00    M    M 14.1 23 230   M    M   0 18     29 220
11  79  40  60  16   5   0 0.33    M    M 13.5 31 310   M    M   3 13     40 300
12  45  29  37  -7  28   0 0.06    M    M 14.7 31 330   M    M   5 1      40 330
13  65  27  46   2  19   0 0.00    M    M 10.6 23 240   M    M   0        29 240
14  64  38  51   6  14   0 0.00    M    M 13.5 26 250   M    M   0        32 250
15  70  29  50   5  15   0 0.00    M    M  8.8 22 190   M    M   1        36 170
16  53  20  37  -8  28   0 0.13    M    M 18.1 30  40   M    M   6 16     40  40
17  44  13  29 -17  36   0 0.00    M    M  4.6 13 160   M    M   0        15 170
18  59  34  47   1  18   0 0.02    M    M 16.0 30 160   M    M   1 3      37 160
19  50  30  40  -6  25   0 0.00    M    M 13.4 25 280   M    M   4 18     33 290
20  65  27  46  -1  19   0 0.00    M    M 12.0 22 210   M    M   0        27 210
21  73  46  60  13   5   0 0.00    M    M 14.6 26 190   M    M   1        34 210
22  50  32  41  -6  24   0 0.00    M    M 10.8 17  20   M    M   2        23 350
23  43  26  35 -13  30   0 0.00    M    M  9.9 18 360   M    M   2        24 360
24  41  21  31 -17  34   0    T    M    M  6.9 16 120   M    M   6 18     20 140
25  41  18  30 -18  35   0    T    M    M 11.1 26 310   M    M   5 1      33 290
26  52  18  35 -14  30   0 0.04    M    M 13.8 25 190   M    M   3        37 190
27  58  40  49   0  16   0 0.12    M    M 19.8 31 190   M    M   9 13     42 170
28  52  35  44  -5  21   0 0.00    M    M  7.8 22 300   M    M   5        27 290
29  52  34  43  -7  22   0 0.00    M    M  9.3 17 340   M    M   4 18     22 340
30  68  29  49  -1  16   0 0.00    M    M 11.9 20 160   M    M   0        24 160
31  66  49  58   8   7   0 0.01    M    0 17.4 32 190   M    M   2 3      48 190
================================================================================
SM 1665  846       751   0  0.71     0.0 353.5          M       91
================================================================================
AV 53.7 27.3                              11.4 FASTST   M    M   3    MAX(MPH)
                                 MISC ---->  # 32 190               # 48  190
================================================================================
NOTES:
# LAST OF SEVERAL OCCURRENCES

COLUMN 17 PEAK WIND IN M.P.H.

PRELIMINARY LOCAL CLIMATOLOGICAL DATA (WS FORM: F-6) , PAGE 2

                                          STATION:  VICHY-ROLLA MO
                                          MONTH:    MARCH
                                          YEAR:     2014
                                          LATITUDE:   38  7 N
                                          LONGITUDE:  91 46 W

[TEMPERATURE DATA]      [PRECIPITATION DATA]       SYMBOLS USED IN COLUMN 16

AVERAGE MONTHLY: 40.5   TOTAL FOR MONTH:   0.71    1 = FOG OR MIST
DPTR FM NORMAL:  -4.8   DPTR FM NORMAL:   -2.74    2 = FOG REDUCING VISIBILITY
HIGHEST:    79 ON 11    GRTST 24HR  0.33 ON 11-11      TO 1/4 MILE OR LESS
LOWEST:      1 ON  3                               3 = THUNDER
                        SNOW, ICE PELLETS, HAIL    4 = ICE PELLETS
                        TOTAL MONTH:   0.0 INCH    5 = HAIL
                        GRTST 24HR     0.0         6 = FREEZING RAIN OR DRIZZLE
                        GRTST DEPTH:   0           7 = DUSTSTORM OR SANDSTORM:
                                                       VSBY 1/2 MILE OR LESS
                                                   8 = SMOKE OR HAZE
[NO. OF DAYS WITH]      [WEATHER - DAYS WITH]      9 = BLOWING SNOW
                                                   X = TORNADO
MAX 32 OR BELOW:   2    0.01 INCH OR MORE:   7
MAX 90 OR ABOVE:   0    0.10 INCH OR MORE:   3
MIN 32 OR BELOW:  21    0.50 INCH OR MORE:   0
MIN  0 OR BELOW:   0    1.00 INCH OR MORE:   0

[HDD (BASE 65) ]
TOTAL THIS MO.   751    CLEAR  (SCALE 0-3)  19
DPTR FM NORMAL   137    PTCLDY (SCALE 4-7)   9
TOTAL FM JUL 1  5057    CLOUDY (SCALE 8-10)  3
DPTR FM NORMAL   653

[CDD (BASE 65) ]
TOTAL THIS MO.     0
DPTR FM NORMAL    -4    [PRESSURE DATA]
TOTAL FM JAN 1     0    HIGHEST SLP M ON M
DPTR FM NORMAL    -4    LOWEST  SLP 29.44 ON 11

[REMARKS]
#FINAL-03-14#
