000
CXUS53 KSGF 010800
CF6VIH
PRELIMINARY LOCAL CLIMATOLOGICAL DATA (WS FORM: F-6)

                                          STATION:   VICHY-ROLLA MO
                                          MONTH:     AUGUST
                                          YEAR:      2012
                                          LATITUDE:   38  7 N
                                          LONGITUDE:  91 46 W

  TEMPERATURE IN F:       :PCPN:    SNOW:  WIND      :SUNSHINE: SKY     :PK WND
================================================================================
1   2   3   4   5  6A  6B    7    8   9   10  11  12  13   14  15   16   17  18
                                     12Z  AVG MX 2MIN
DY MAX MIN AVG DEP HDD CDD  WTR  SNW DPTH SPD SPD DIR MIN PSBL S-S WX    SPD DR
================================================================================

 1 103  72  88  10   0  23 0.00    M    M  4.8 13 200   M    M   4        16 200
 2  95  75  85   7   0  20    T    M    M  9.1 21 210   M    M   1 3      26 220
 3 100  71  86   8   0  21    T    M    M  4.0 12 180   M    M   1        29 330
 4  99  74  87   9   0  22 0.16    M    M 10.8 24 180   M    M   2 13     36 160
 5  92  66  79   1   0  14 0.18    M    M  6.7 30 220   M    M   2 13     33 210
 6  95  61  78   0   0  13 0.00    M    M  5.1 13 240   M    M   0        30  90
 7 100  65  83   5   0  18 0.00    M    M  6.6 13 160   M    M   0        20 120
 8  99  70  85   8   0  20 0.01  0.0    0  8.3 21 300   M    M   1 3      26 290
 9  95  66  81   4   0  16 0.00    M    M   M   M   M   M    M   1         M  M
10  84  59  72  -5   0   7 0.00    M    M   M   M   M   M    M   3         M  M
11  87  54  71  -6   0   6 0.00    M    M   M   M   M   M    M   0         M  M
12  84  64  74  -3   0   9    T    M    M   M   M   M   M    M   4         M  M
13  76  63  70  -7   0   5 0.00  0.0    0  9.6 20 190   M    M   7 18     25 190
14  75  53  64 -13   1   0    T  0.0    M   M   M   M   M    M   4         M  M
15  93  54  74  -3   0   9 0.00  0.0    0   M   M   M   M    M   0         M  M
16  98  65  82   5   0  17    T    M    M 10.5 23 270   M    M   2 3      30 300
17  85  54  70  -7   0   5 0.00    M    M  5.9  M   M   M    M   2         M  M
18  84  51  68  -8   0   3 0.00    M    M  4.6  M   M   M    M   2         M  M
19  87  57  72  -4   0   7 0.00    M    M  5.8 17  30   M    M   3         M  M
20  87  52  70  -6   0   5 0.00  0.0    0  6.5 17 330   M    M   1        30 330
21  93  58  76   0   0  11 0.00  0.0    0   M   M   M   M    M   2         M  M
22  96  60  78   2   0  13 0.00  0.0    0  8.1  M   M   M    M   2         M  M
23  97  63  80   4   0  15 0.00  0.0    0   M  18 180   M    M   1         M  M
24  93  67  80   5   0  15 0.00  0.0    0  8.6 22 190   M    M   0        28 200
25  86  66  76   1   0  11 0.36  0.0    0 11.2 22 160   M    M   5 1      28 180
26  88  71  80   5   0  15 0.31  0.0    0  8.2 18 210   M    M   8 13      M  M
27  87  66  77   2   0  12    T    M    M  6.8 15  30   M    M   4 12     18  40
28  92  60  76   2   0  11 0.00    M    M   M   M   M   M    M   0         M  M
29  93  65  79   5   0  14 0.00    M    M  7.5 16 110   M    M   0        22  80
30  95  63  79   5   0  14 0.00    M    M  8.9 20 120   M    M   0        41  90
31  79  72  76   2   0  11 1.54    M    M 11.9 24 110   M    M   8 18     31 120
================================================================================
SM 2817 1957         1 382  2.56     0.0 169.5          M       70
================================================================================
AV 90.9 63.1                               7.7 FASTST   M    M   2    MAX(MPH)
                                 MISC ---->  # 30 220               # 41   90
================================================================================
NOTES:
# LAST OF SEVERAL OCCURRENCES

COLUMN 17 PEAK WIND IN M.P.H.

PRELIMINARY LOCAL CLIMATOLOGICAL DATA (WS FORM: F-6) , PAGE 2

                                          STATION:  VICHY-ROLLA MO
                                          MONTH:    AUGUST
                                          YEAR:     2012
                                          LATITUDE:   38  7 N
                                          LONGITUDE:  91 46 W

[TEMPERATURE DATA]      [PRECIPITATION DATA]       SYMBOLS USED IN COLUMN 16

AVERAGE MONTHLY: 77.0   TOTAL FOR MONTH:   2.56    1 = FOG OR MIST
DPTR FM NORMAL:   0.7   DPTR FM NORMAL:   -1.11    2 = FOG REDUCING VISIBILITY
HIGHEST:   103 ON  1    GRTST 24HR  1.54 ON 31-31      TO 1/4 MILE OR LESS
LOWEST:     51 ON 18                               3 = THUNDER
                        SNOW, ICE PELLETS, HAIL    4 = ICE PELLETS
                        TOTAL MONTH:   0.0 INCH    5 = HAIL
                        GRTST 24HR     0.0         6 = FREEZING RAIN OR DRIZZLE
                        GRTST DEPTH:   0           7 = DUSTSTORM OR SANDSTORM:
                                                       VSBY 1/2 MILE OR LESS
                                                   8 = SMOKE OR HAZE
[NO. OF DAYS WITH]      [WEATHER - DAYS WITH]      9 = BLOWING SNOW
                                                   X = TORNADO
MAX 32 OR BELOW:   0    0.01 INCH OR MORE:   6
MAX 90 OR ABOVE:  18    0.10 INCH OR MORE:   5
MIN 32 OR BELOW:   0    0.50 INCH OR MORE:   1
MIN  0 OR BELOW:   0    1.00 INCH OR MORE:   1

[HDD (BASE 65) ]
TOTAL THIS MO.     1    CLEAR  (SCALE 0-3)  23
DPTR FM NORMAL    -1    PTCLDY (SCALE 4-7)   8
TOTAL FM JUL 1     1    CLOUDY (SCALE 8-10)  0
DPTR FM NORMAL    -2

[CDD (BASE 65) ]
TOTAL THIS MO.   382
DPTR FM NORMAL    29    [PRESSURE DATA]
TOTAL FM JAN 1  1541    HIGHEST SLP M ON M
DPTR FM NORMAL   464    LOWEST  SLP 29.66 ON  2

[REMARKS]
#FINAL-08-12#
