000
CDUS43 KTOP 090631
CLITOP


CLIMATE REPORT
NATIONAL WEATHER SERVICE TOPEKA KS
131 AM CDT WED APR 9 2014


...................................

...THE TOPEKA KS CLIMATE SUMMARY FOR APRIL 8 2014...

CLIMATE NORMAL PERIOD 1981 TO 2010
CLIMATE RECORD PERIOD 1887 TO 2014


WEATHER ITEM   OBSERVED TIME   RECORD YEAR NORMAL DEPARTURE LAST
                VALUE   (LST)  VALUE       VALUE  FROM      YEAR
                                                  NORMAL
..................................................................
TEMPERATURE (F)
 YESTERDAY
  MAXIMUM         63    345 PM  88    1905  64     -1       74
  MINIMUM         35   1150 PM  20    2007  41     -6       52
  AVERAGE         49                        53     -4       63

PRECIPITATION (IN)
  YESTERDAY        0.00          2.33 1922   0.10  -0.10     0.00
  MONTH TO DATE    0.28                      0.82  -0.54     0.59
  SINCE MAR 1      1.01                      3.31  -2.30     2.60
  SINCE JAN 1      2.67                      5.49  -2.82     5.04

SNOWFALL (IN)
  YESTERDAY        0.0           6.5  1938   0.0    0.0      0.0
  MONTH TO DATE    0.0                       0.2   -0.2      0.0
  SINCE JAN 1     23.0                      11.2   11.8     23.9
  SINCE JUL 1     27.3                      17.7    9.6     29.3
  SNOW DEPTH       0

DEGREE DAYS
 HEATING
  YESTERDAY       16                        13      3        2
  MONTH TO DATE  136                       112     24      110
  SINCE MAR 1    846                       740    106      874
  SINCE JUL 1   5168                      4707    461     4431

 COOLING
  YESTERDAY        0                         1     -1        0
  MONTH TO DATE    0                         1     -1        0
  SINCE MAR 1      0                         4     -4        0
  SINCE JAN 1      0                         4     -4        0
..................................................................


WIND (MPH)
  HIGHEST WIND SPEED    28   HIGHEST WIND DIRECTION     N (360)
  HIGHEST GUST SPEED    35   HIGHEST GUST DIRECTION     N (340)
  AVERAGE WIND SPEED    11.2


SKY COVER
  AVERAGE SKY COVER 0.1


WEATHER CONDITIONS
 THE FOLLOWING WEATHER WAS RECORDED YESTERDAY.
  NO SIGNIFICANT WEATHER WAS OBSERVED.


RELATIVE HUMIDITY (PERCENT)
 HIGHEST    65           100 AM
 LOWEST     21           600 PM
 AVERAGE    43

..........................................................


THE TOPEKA KS CLIMATE NORMALS FOR TODAY
                         NORMAL    RECORD    YEAR
 MAXIMUM TEMPERATURE (F)   65        93      1930
 MINIMUM TEMPERATURE (F)   41        23      2003
                                             1892


SUNRISE AND SUNSET
APRIL  9 2014.........SUNRISE   655 AM CDT   SUNSET   754 PM CDT
APRIL 10 2014.........SUNRISE   653 AM CDT   SUNSET   755 PM CDT


-  INDICATES NEGATIVE NUMBERS.
R  INDICATES RECORD WAS SET OR TIED.
MM INDICATES DATA IS MISSING.
T  INDICATES TRACE AMOUNT.




$$
