574
CDUS43 KARX 211003
CLILSE


CLIMATE REPORT
NATIONAL WEATHER SERVICE LA CROSSE WI
502 AM CDT SAT SEP 21 2019


...................................

...THE LA CROSSE WI CLIMATE SUMMARY FOR SEPTEMBER 20 2019...

CLIMATE NORMAL PERIOD 1981 TO 2010
CLIMATE RECORD PERIOD 1873 TO 2019


WEATHER ITEM   OBSERVED TIME   RECORD YEAR NORMAL DEPARTURE LAST
                VALUE   (LST)  VALUE       VALUE  FROM      YEAR
                                                  NORMAL
..................................................................
TEMPERATURE (F)
 YESTERDAY
  MAXIMUM         85    428 PM  93    1908  72     13       79
  MINIMUM         65    621 AM  32    1991  50     15       64
  AVERAGE         75                        61     14       72

PRECIPITATION (IN)
  YESTERDAY        0.00          2.05 1980   0.12  -0.12     1.12
  MONTH TO DATE    4.55                      2.45   2.10     5.80
  SINCE SEP 1      4.55                      2.45   2.10     5.80
  SINCE JAN 1     33.43                     26.41   7.02    33.63

SNOWFALL (IN)
  YESTERDAY        0.0           0.0  2002   0.0    0.0      0.0
                                      2001
  MONTH TO DATE    0.0                       0.0    0.0      0.0
  SINCE JUL 1      0.0                       0.0    0.0      0.0
  SNOW DEPTH       0

DEGREE DAYS
 HEATING
  YESTERDAY        0                         6     -6        0
  MONTH TO DATE    5                        63    -58        9
  SINCE JUL 1      8                        83    -75       10

 COOLING
  YESTERDAY       10                         2      8        7
  MONTH TO DATE  114                        64     50      130
  SINCE JAN 1    911                       764    147     1184
..................................................................


WIND (MPH)
  HIGHEST WIND SPEED    13   HIGHEST WIND DIRECTION    SE (150)
  HIGHEST GUST SPEED    16   HIGHEST GUST DIRECTION    SE (140)
  AVERAGE WIND SPEED     5.7


SKY COVER
  POSSIBLE SUNSHINE  MM
  AVERAGE SKY COVER 0.4


WEATHER CONDITIONS
 THE FOLLOWING WEATHER WAS RECORDED YESTERDAY.
  FOG W/VISIBILITY <= 1/4 MILE


RELATIVE HUMIDITY (PERCENT)
 HIGHEST    93           300 AM
 LOWEST     59           400 PM
 AVERAGE    76

..........................................................


THE LA CROSSE WI CLIMATE NORMALS FOR TODAY
                         NORMAL    RECORD    YEAR
 MAXIMUM TEMPERATURE (F)   71        93      1891
 MINIMUM TEMPERATURE (F)   50        32      1918


SUNRISE AND SUNSET
SEPTEMBER 21 2019.....SUNRISE   651 AM CDT   SUNSET   705 PM CDT
SEPTEMBER 22 2019.....SUNRISE   652 AM CDT   SUNSET   703 PM CDT


-  INDICATES NEGATIVE NUMBERS.
R  INDICATES RECORD WAS SET OR TIED.
MM INDICATES DATA IS MISSING.
T  INDICATES TRACE AMOUNT.




$$
