683
CDUS43 KARX 150643
CLILSE

CLIMATE REPORT
NATIONAL WEATHER SERVICE
143 AM CDT SAT MAY 15 2021

...................................

...THE LA CROSSE WI CLIMATE SUMMARY FOR MAY 14 2021...

CLIMATE NORMAL PERIOD 1991 TO 2020
CLIMATE RECORD PERIOD 1872 TO 2021


WEATHER ITEM   OBSERVED TIME   RECORD YEAR NORMAL DEPARTURE LAST
                VALUE   (LST)  VALUE       VALUE  FROM      YEAR
                                                  NORMAL
...................................................................
TEMPERATURE (F)
 YESTERDAY
  MAXIMUM         73   1226 PM  93    1932  71      2       71
  MINIMUM         43    513 AM  30    1895  49     -6       54
  AVERAGE         58                        60     -2       63

PRECIPITATION (IN)
  YESTERDAY        T             1.66 1900   0.13  -0.13     0.10
  MONTH TO DATE    2.17                      1.80   0.37     0.28
  SINCE MAR 1      5.00                      7.59  -2.59     4.84
  SINCE JAN 1      6.62                     10.03  -3.41     6.90

SNOWFALL (IN)
  YESTERDAY        0.0           0.0  2020   0.0    0.0      0.0
  MONTH TO DATE    0.0                       0.0    0.0      0.0
  SINCE MAR 1      4.0                      10.2   -6.2      3.9
  SINCE JUL 1     33.0                      46.3  -13.3     39.2
  SNOW DEPTH       0

DEGREE DAYS
 HEATING
  YESTERDAY        7                         6      1        2
  MONTH TO DATE  147                       112     35      176
  SINCE MAR 1   1295                      1504   -209     1473
  SINCE JUL 1   6585                      6693   -108     6621

 COOLING
  YESTERDAY        0                         2     -2        0
  MONTH TO DATE   13                        14     -1        1
  SINCE MAR 1     29                        21      8        1
  SINCE JAN 1     29                        21      8        1
...................................................................


WIND (MPH)
  HIGHEST WIND SPEED    21   HIGHEST WIND DIRECTION     S (200)
  HIGHEST GUST SPEED    31   HIGHEST GUST DIRECTION     S (180)
  AVERAGE WIND SPEED     7.6


WEATHER CONDITIONS
THE FOLLOWING WEATHER WAS RECORDED YESTERDAY.
  LIGHT RAIN


RELATIVE HUMIDITY (PERCENT)
 HIGHEST    76           400 AM
 LOWEST     20          1200 PM
 AVERAGE    48

..........................................................


THE LA CROSSE WI CLIMATE NORMALS FOR TODAY
                         NORMAL    RECORD    YEAR
 MAXIMUM TEMPERATURE (F)   72        91      2001
 MINIMUM TEMPERATURE (F)   50        30      1983
                                             2016


SUNRISE AND SUNSET
MAY 15 2021...........SUNRISE   539 AM CDT   SUNSET   824 PM CDT
MAY 16 2021...........SUNRISE   538 AM CDT   SUNSET   826 PM CDT


-  INDICATES NEGATIVE NUMBERS.
R  INDICATES RECORD WAS SET OR TIED.
MM INDICATES DATA IS MISSING.
T  INDICATES TRACE AMOUNT.




$$
