753
CDUS41 KCLE 142114
CLIERI


CLIMATE REPORT
NATIONAL WEATHER SERVICE CLEVELAND OH
512 PM EDT FRI APR 14 2017


...................................

...THE ERIE PA CLIMATE SUMMARY FOR APRIL 14 2017...
VALID TODAY AS OF 0500 PM LOCAL TIME.

CLIMATE NORMAL PERIOD 1981 TO 2010
CLIMATE RECORD PERIOD 1873 TO 2017


WEATHER ITEM   OBSERVED TIME   RECORD YEAR NORMAL DEPARTURE LAST
                VALUE   (LST)  VALUE       VALUE  FROM      YEAR
                                                  NORMAL
..................................................................
TEMPERATURE (F)
 TODAY
  MAXIMUM         59    359 PM  86    1883  56      3       52
  MINIMUM         41    142 AM  21    1975  38      3       29
                                      1950
  AVERAGE         50                        47      3       41

PRECIPITATION (IN)
  TODAY            0.00                      0.12  -0.12     0.00
  MONTH TO DATE    1.42                      1.64  -0.22     1.21
  SINCE MAR 1      5.51                      4.59   0.92     4.37
  SINCE JAN 1     12.93                      9.93   3.00    10.58

SNOWFALL (IN)
  TODAY            0.0                       0.1   -0.1      0.0
  MONTH TO DATE    0.5                       2.5   -2.0      2.9
  SINCE MAR 1     10.3                      16.2   -5.9      4.0
  SINCE JUL 1     78.6                     100.2  -21.6     71.2
  SNOW DEPTH       0

DEGREE DAYS
 HEATING
  TODAY           15                        18     -3       24
  MONTH TO DATE  226                       294    -68      384
  SINCE MAR 1   1122                      1205    -83     1060
  SINCE JUL 1   4626                      5570   -944     4658

 COOLING
  TODAY            0                         0      0        0
  MONTH TO DATE    3                         0      3        0
  SINCE MAR 1      3                         1      2        0
  SINCE JAN 1      3                         1      2        0
..................................................................


WIND (MPH)
  HIGHEST WIND SPEED    17   HIGHEST WIND DIRECTION    NE (30)
  HIGHEST GUST SPEED    22   HIGHEST GUST DIRECTION    NE (30)


SKY COVER
  POSSIBLE SUNSHINE  MM
  AVERAGE SKY COVER 0.5


WEATHER CONDITIONS
 THE FOLLOWING WEATHER WAS RECORDED TODAY.
  NO SIGNIFICANT WEATHER WAS OBSERVED.


RELATIVE HUMIDITY (PERCENT)
 HIGHEST    83           700 AM
 LOWEST     31           400 PM
 AVERAGE    57

..........................................................


THE ERIE PA CLIMATE NORMALS FOR TOMORROW
                         NORMAL    RECORD    YEAR
 MAXIMUM TEMPERATURE (F)   56        85      1993
 MINIMUM TEMPERATURE (F)   38        20      1926


SUNRISE AND SUNSET
APRIL 14 2017.........SUNRISE   641 AM EDT   SUNSET   801 PM EDT
APRIL 15 2017.........SUNRISE   640 AM EDT   SUNSET   802 PM EDT


-  INDICATES NEGATIVE NUMBERS.
R  INDICATES RECORD WAS SET OR TIED.
MM INDICATES DATA IS MISSING.
T  INDICATES TRACE AMOUNT.




$$
