138
CDUS41 KCLE 080541
CLIERI


CLIMATE REPORT
NATIONAL WEATHER SERVICE CLEVELAND OH
1241 AM EST FRI DEC 8 2017


...................................

...THE ERIE PA CLIMATE SUMMARY FOR DECEMBER 7 2017...

CLIMATE NORMAL PERIOD 1981 TO 2010
CLIMATE RECORD PERIOD 1873 TO 2017


WEATHER ITEM   OBSERVED TIME   RECORD YEAR NORMAL DEPARTURE LAST
                VALUE   (LST)  VALUE       VALUE  FROM      YEAR
                                                  NORMAL
..................................................................
TEMPERATURE (F)
 YESTERDAY
  MAXIMUM         35   1219 AM  69    1998  41     -6       43
  MINIMUM         24   1159 PM   6    1885  29     -5       34
  AVERAGE         30                        35     -5       39

PRECIPITATION (IN)
  YESTERDAY        0.45                      0.12   0.33     0.02
  MONTH TO DATE    0.69                      0.87  -0.18     1.30
  SINCE DEC 1      0.69                      0.87  -0.18     1.30
  SINCE JAN 1     46.66                     39.29   7.37    43.08

SNOWFALL (IN)
  YESTERDAY        6.1                       0.7    5.4      0.0
  MONTH TO DATE    6.1                       4.6    1.5       T
  SINCE DEC 1      6.1                       4.6    1.5       T
  SINCE JUL 1      6.6                      13.3   -6.7      2.4
  SNOW DEPTH       0

DEGREE DAYS
 HEATING
  YESTERDAY       35                        30      5       26
  MONTH TO DATE  184                       202    -18      180
  SINCE DEC 1    184                       202    -18      180
  SINCE JUL 1   1181                      1358   -177      960

 COOLING
  YESTERDAY        0                         0      0        0
  MONTH TO DATE    0                         0      0        0
  SINCE DEC 1      0                         0      0        0
  SINCE JAN 1    697                       638     59     1017
..................................................................


WIND (MPH)
  HIGHEST WIND SPEED    23   HIGHEST WIND DIRECTION    SW (230)
  HIGHEST GUST SPEED    34   HIGHEST GUST DIRECTION     W (260)
  AVERAGE WIND SPEED    15.0


SKY COVER
  POSSIBLE SUNSHINE  MM
  AVERAGE SKY COVER 1.0


WEATHER CONDITIONS
 THE FOLLOWING WEATHER WAS RECORDED YESTERDAY.
  HEAVY SNOW
  SNOW
  LIGHT SNOW
  FOG
  FOG W/VISIBILITY <= 1/4 MILE
  HAZE


RELATIVE HUMIDITY (PERCENT)
 HIGHEST    92           500 PM
 LOWEST     47          1200 AM
 AVERAGE    70

..........................................................


THE ERIE PA CLIMATE NORMALS FOR TODAY
                         NORMAL    RECORD    YEAR
 MAXIMUM TEMPERATURE (F)   40        68      1966
 MINIMUM TEMPERATURE (F)   29         3      1885
                                             1882


SUNRISE AND SUNSET
DECEMBER  8 2017......SUNRISE   737 AM EST   SUNSET   449 PM EST
DECEMBER  9 2017......SUNRISE   737 AM EST   SUNSET   449 PM EST


-  INDICATES NEGATIVE NUMBERS.
R  INDICATES RECORD WAS SET OR TIED.
MM INDICATES DATA IS MISSING.
T  INDICATES TRACE AMOUNT.




$$
