000
CDUS41 KALY 240624
CLIALB


CLIMATE REPORT
NATIONAL WEATHER SERVICE ALBANY NY
223 AM EDT FRI OCT 24 2014


...................................

...THE ALBANY NY CLIMATE SUMMARY FOR OCTOBER 23 2014...

CLIMATE NORMAL PERIOD 1981 TO 2010
CLIMATE RECORD PERIOD 1874 TO 2014


WEATHER ITEM   OBSERVED TIME   RECORD YEAR NORMAL DEPARTURE LAST
                VALUE   (LST)  VALUE       VALUE  FROM      YEAR
                                                  NORMAL
..................................................................
TEMPERATURE (F)
 YESTERDAY
  MAXIMUM         51   1219 AM  81    1947  57     -6       53
  MINIMUM         46   1051 AM  20    1969  37      9       34
  AVERAGE         49                        47      2       44

PRECIPITATION (IN)
  YESTERDAY        1.41          1.67 1990   0.12   1.29     0.00
  MONTH TO DATE    3.54                      2.77   0.77     2.00
  SINCE SEP 1      4.43                      6.07  -1.64     6.81
  SINCE JAN 1     31.21                     32.22  -1.01    38.32

SNOWFALL (IN)
  YESTERDAY       MM             0.5  2002   0.0   MM        0.0
  MONTH TO DATE    0.0                       0.0    0.0      0.0
  SINCE SEP 1      0.0                       0.0    0.0      0.0
  SINCE JUL 1      0.0                       0.0    0.0      0.0
  SNOW DEPTH      MM

DEGREE DAYS
 HEATING
  YESTERDAY       16                        18     -2       21
  MONTH TO DATE  218                       325   -107      193
  SINCE SEP 1    340                       469   -129      359
  SINCE JUL 1    348                       492   -144      365

 COOLING
  YESTERDAY        0                         0      0        0
  MONTH TO DATE   18                         0     18        0
  SINCE SEP 1     92                        51     41       65
  SINCE JAN 1    659                       594     65      763
..................................................................


WIND (MPH)
  HIGHEST WIND SPEED    20   HIGHEST WIND DIRECTION     N (10)
  HIGHEST GUST SPEED    25   HIGHEST GUST DIRECTION     N (10)
  AVERAGE WIND SPEED     9.2


SKY COVER
  AVERAGE SKY COVER 1.0



RELATIVE HUMIDITY (PERCENT)
 HIGHEST    93
 LOWEST     80
 AVERAGE    87

..........................................................


THE ALBANY NY CLIMATE NORMALS FOR TODAY
                         NORMAL    RECORD    YEAR
 MAXIMUM TEMPERATURE (F)   57        74      1973
 MINIMUM TEMPERATURE (F)   37        16      1969


SUNRISE AND SUNSET
OCTOBER 24 2014.......SUNRISE   719 AM EDT   SUNSET   559 PM EDT
OCTOBER 25 2014.......SUNRISE   720 AM EDT   SUNSET   557 PM EDT


-  INDICATES NEGATIVE NUMBERS.
R  INDICATES RECORD WAS SET OR TIED.
MM INDICATES DATA IS MISSING.
T  INDICATES TRACE AMOUNT.




$$
