000
CDUS41 KALY 210623
CLIALB


CLIMATE REPORT
NATIONAL WEATHER SERVICE ALBANY NY
223 AM EDT MON AUG 21 2017


...................................

...THE ALBANY NY CLIMATE SUMMARY FOR AUGUST 20 2017...

CLIMATE NORMAL PERIOD 1981 TO 2010
CLIMATE RECORD PERIOD 1874 TO 2017


WEATHER ITEM   OBSERVED TIME   RECORD YEAR NORMAL DEPARTURE LAST
                VALUE   (LST)  VALUE       VALUE  FROM      YEAR
                                                  NORMAL
..................................................................
TEMPERATURE (F)
 YESTERDAY
  MAXIMUM         81    212 PM  97    1937  80      1       87
  MINIMUM         63   1158 PM  45    1998  60      3       60
  AVERAGE         72                        70      2       74

PRECIPITATION (IN)
  YESTERDAY        T             1.17 2006   0.11  -0.11     0.00
  MONTH TO DATE    3.42                      2.36   1.06     3.20
  SINCE JUN 1     12.55                     10.27   2.28    11.95
  SINCE JAN 1     31.46                     25.05   6.41    22.71

DEGREE DAYS
 HEATING
  YESTERDAY        0                         1     -1        0
  MONTH TO DATE    0                         3     -3        0
  SINCE JUN 1     53                        60     -7       38
  SINCE JUL 1      2                         8     -6        0

 COOLING
  YESTERDAY        7                         5      2        9
  MONTH TO DATE  130                       128      2      211
  SINCE JUN 1    497                       464     33      639
  SINCE JAN 1    547                       494     53      714
..................................................................


WIND (MPH)
  HIGHEST WIND SPEED    17   HIGHEST WIND DIRECTION     W (290)
  HIGHEST GUST SPEED    22   HIGHEST GUST DIRECTION    NW (320)
  AVERAGE WIND SPEED     6.4


SKY COVER
  AVERAGE SKY COVER 0.5



RELATIVE HUMIDITY (PERCENT)
 HIGHEST    90
 LOWEST     45
 AVERAGE    68

..........................................................


THE ALBANY NY CLIMATE NORMALS FOR TODAY
                         NORMAL    RECORD    YEAR
 MAXIMUM TEMPERATURE (F)   80        98      1916
 MINIMUM TEMPERATURE (F)   59        42      1977


SUNRISE AND SUNSET
AUGUST 21 2017........SUNRISE   608 AM EDT   SUNSET   747 PM EDT
AUGUST 22 2017........SUNRISE   609 AM EDT   SUNSET   746 PM EDT


-  INDICATES NEGATIVE NUMBERS.
R  INDICATES RECORD WAS SET OR TIED.
MM INDICATES DATA IS MISSING.
T  INDICATES TRACE AMOUNT.




$$
