000
CDUS41 KALY 180630
CLIALB


CLIMATE REPORT
NATIONAL WEATHER SERVICE ALBANY NY
129 AM EST SAT NOV 18 2017


...................................

...THE ALBANY NY CLIMATE SUMMARY FOR NOVEMBER 17 2017...

CLIMATE NORMAL PERIOD 1981 TO 2010
CLIMATE RECORD PERIOD 1874 TO 2017


WEATHER ITEM   OBSERVED TIME   RECORD YEAR NORMAL DEPARTURE LAST
                VALUE   (LST)  VALUE       VALUE  FROM      YEAR
                                                  NORMAL
..................................................................
TEMPERATURE (F)
 YESTERDAY
  MAXIMUM         40   1212 AM  72    1928  47     -7       56
  MINIMUM         25   1146 PM   7    1972  31     -6       34
  AVERAGE         33                        39     -6       45

PRECIPITATION (IN)
  YESTERDAY        T             1.15 1993   0.11  -0.11     0.00
  MONTH TO DATE    0.47                      1.85  -1.38     1.98
  SINCE SEP 1      6.00                      8.83  -2.83     7.06
  SINCE JAN 1     37.80                     34.98   2.82    30.51

SNOWFALL (IN)
  YESTERDAY        0.0           2.8  1992   0.1   -0.1      0.0
  MONTH TO DATE    T                         0.9   -0.9      0.0
  SINCE SEP 1      T                         1.2   -1.2      1.7
  SINCE JUL 1      T                         1.2   -1.2      1.7
  SNOW DEPTH       0

DEGREE DAYS
 HEATING
  YESTERDAY       32                        26      6       20
  MONTH TO DATE  415                       393     22      354
  SINCE SEP 1    744                      1015   -271      808
  SINCE JUL 1    763                      1038   -275      809

 COOLING
  YESTERDAY        0                         0      0        0
  MONTH TO DATE    0                         0      0        0
  SINCE SEP 1    139                        55     84      114
  SINCE JAN 1    714                       598    116      902
..................................................................


WIND (MPH)
  HIGHEST WIND SPEED    29   HIGHEST WIND DIRECTION     W (290)
  HIGHEST GUST SPEED    40   HIGHEST GUST DIRECTION     W (290)
  AVERAGE WIND SPEED    15.2


SKY COVER
  AVERAGE SKY COVER 0.5



RELATIVE HUMIDITY (PERCENT)
 HIGHEST    70
 LOWEST     44
 AVERAGE    57

..........................................................


THE ALBANY NY CLIMATE NORMALS FOR TODAY
                         NORMAL    RECORD    YEAR
 MAXIMUM TEMPERATURE (F)   47        71      1928
 MINIMUM TEMPERATURE (F)   31        10      1972


SUNRISE AND SUNSET
NOVEMBER 18 2017......SUNRISE   651 AM EST   SUNSET   429 PM EST
NOVEMBER 19 2017......SUNRISE   652 AM EST   SUNSET   429 PM EST


-  INDICATES NEGATIVE NUMBERS.
R  INDICATES RECORD WAS SET OR TIED.
MM INDICATES DATA IS MISSING.
T  INDICATES TRACE AMOUNT.




$$
