000
CDUS41 KALY 062147
CLIALB


CLIMATE REPORT
NATIONAL WEATHER SERVICE ALBANY NY
445 PM EST FRI MAR 6 2015


...................................

...THE ALBANY NY CLIMATE SUMMARY FOR MARCH 6 2015...
VALID TODAY AS OF 0400 PM LOCAL TIME.

CLIMATE NORMAL PERIOD 1981 TO 2010
CLIMATE RECORD PERIOD 1874 TO 2015


WEATHER ITEM   OBSERVED TIME   RECORD YEAR NORMAL DEPARTURE LAST
                VALUE   (LST)  VALUE       VALUE  FROM      YEAR
                                                  NORMAL
..................................................................
TEMPERATURE (F)
 TODAY
  MAXIMUM         27    402 PM  63    1974  40    -13       28
  MINIMUM          0    527 AM -21    1948  22    -22        2
  AVERAGE         14                        31    -17       15

PRECIPITATION (IN)
  TODAY            0.00          1.33 2011   0.10  -0.10     0.00
  MONTH TO DATE    0.18                      0.57  -0.39      T
  SINCE MAR 1      0.18                      0.57  -0.39      T
  SINCE JAN 1      4.50                      5.36  -0.86     5.79

SNOWFALL (IN)
  TODAY            0.0          10.5  1887   0.4   -0.4      0.0
  MONTH TO DATE    2.0                       2.6   -0.6       T
  SINCE MAR 1      2.0                       2.6   -0.6       T
  SINCE JUL 1     72.6                      49.1   23.5     65.2
  SNOW DEPTH      11

DEGREE DAYS
 HEATING
  TODAY           51                        34     17       50
  MONTH TO DATE  260                       207     53      291
  SINCE MAR 1    260                       207     53      291
  SINCE JUL 1   5390                      5151    239     5408

 COOLING
  TODAY            0                         0      0        0
  MONTH TO DATE    0                         0      0        0
  SINCE MAR 1      0                         0      0        0
  SINCE JAN 1      0                         0      0        0
..................................................................


WIND (MPH)
  HIGHEST WIND SPEED    12   HIGHEST WIND DIRECTION     W (280)
  HIGHEST GUST SPEED    15   HIGHEST GUST DIRECTION    NW (320)
  AVERAGE WIND SPEED     5.5


SKY COVER
  AVERAGE SKY COVER 0.0



RELATIVE HUMIDITY (PERCENT)
 HIGHEST    69           500 AM
 LOWEST     32           300 PM
 AVERAGE    51

..........................................................


THE ALBANY NY CLIMATE NORMALS FOR TOMORROW
                         NORMAL    RECORD    YEAR
 MAXIMUM TEMPERATURE (F)   41        62      1974
 MINIMUM TEMPERATURE (F)   22        -6      1950


SUNRISE AND SUNSET
MARCH  6 2015.........SUNRISE   623 AM EST   SUNSET   550 PM EST
MARCH  7 2015.........SUNRISE   621 AM EST   SUNSET   552 PM EST


-  INDICATES NEGATIVE NUMBERS.
R  INDICATES RECORD WAS SET OR TIED.
MM INDICATES DATA IS MISSING.
T  INDICATES TRACE AMOUNT.




$$
