000
CDUS41 KALY 050623
CLIALB


CLIMATE REPORT
NATIONAL WEATHER SERVICE ALBANY NY
222 AM EDT THU OCT 5 2017


...................................

...THE ALBANY NY CLIMATE SUMMARY FOR OCTOBER 4 2017...

CLIMATE NORMAL PERIOD 1981 TO 2010
CLIMATE RECORD PERIOD 1874 TO 2017


WEATHER ITEM   OBSERVED TIME   RECORD YEAR NORMAL DEPARTURE LAST
                VALUE   (LST)  VALUE       VALUE  FROM      YEAR
                                                  NORMAL
..................................................................
TEMPERATURE (F)
 YESTERDAY
  MAXIMUM         76    320 PM  86    1881  65     11       69
  MINIMUM         46    426 AM  26    1945  44      2       53
  AVERAGE         61                        54      7       61

PRECIPITATION (IN)
  YESTERDAY        0.00          2.82 1987   0.12  -0.12     0.00
  MONTH TO DATE    0.00                      0.48  -0.48     0.06
  SINCE SEP 1      2.73                      3.78  -1.05     2.24
  SINCE JAN 1     34.53                     29.93   4.60    25.69

SNOWFALL (IN)
  YESTERDAY        0.0           6.5  1987   0.0    0.0      0.0
  MONTH TO DATE    0.0                       0.0    0.0      0.0
  SINCE SEP 1      0.0                       0.0    0.0      0.0
  SINCE JUL 1      0.0                       0.0    0.0      0.0
  SNOW DEPTH       0

DEGREE DAYS
 HEATING
  YESTERDAY        4                        11     -7        4
  MONTH TO DATE   35                        42     -7       19
  SINCE SEP 1    128                       186    -58       85
  SINCE JUL 1    147                       209    -62       86

 COOLING
  YESTERDAY        0                         0      0        0
  MONTH TO DATE    0                         0      0        0
  SINCE SEP 1    120                        51     69      108
  SINCE JAN 1    695                       594    101      896
..................................................................


WIND (MPH)
  HIGHEST WIND SPEED    20   HIGHEST WIND DIRECTION     S (180)
  HIGHEST GUST SPEED    29   HIGHEST GUST DIRECTION     S (180)
  AVERAGE WIND SPEED     9.1


SKY COVER
  AVERAGE SKY COVER 0.3



RELATIVE HUMIDITY (PERCENT)
 HIGHEST    86
 LOWEST     46
 AVERAGE    66

..........................................................


THE ALBANY NY CLIMATE NORMALS FOR TODAY
                         NORMAL    RECORD    YEAR
 MAXIMUM TEMPERATURE (F)   64        91      1941
 MINIMUM TEMPERATURE (F)   43        26      1965


SUNRISE AND SUNSET
OCTOBER  5 2017.......SUNRISE   657 AM EDT   SUNSET   629 PM EDT
OCTOBER  6 2017.......SUNRISE   658 AM EDT   SUNSET   627 PM EDT


-  INDICATES NEGATIVE NUMBERS.
R  INDICATES RECORD WAS SET OR TIED.
MM INDICATES DATA IS MISSING.
T  INDICATES TRACE AMOUNT.




$$
