000
CDUS41 KALY 170624
CLIALB


CLIMATE REPORT
NATIONAL WEATHER SERVICE ALBANY NY
222 AM EDT MON APR 17 2017


...................................

...THE ALBANY NY CLIMATE SUMMARY FOR APRIL 16 2017...

CLIMATE NORMAL PERIOD 1981 TO 2010
CLIMATE RECORD PERIOD 1874 TO 2017


WEATHER ITEM   OBSERVED TIME   RECORD YEAR NORMAL DEPARTURE LAST
                VALUE   (LST)  VALUE       VALUE  FROM      YEAR
                                                  NORMAL
..................................................................
TEMPERATURE (F)
 YESTERDAY
  MAXIMUM         87    300 PM  91    2012  59     28       66
  MINIMUM         56    457 AM  22    1981  38     18       35
  AVERAGE         72                        48     24       51

PRECIPITATION (IN)
  YESTERDAY        0.11          1.76 1983   0.11   0.00     0.00
  MONTH TO DATE    1.94                      1.73   0.21     1.30
  SINCE MAR 1      6.01                      4.94   1.07     2.48
  SINCE JAN 1     11.99                      9.73   2.26     7.79

SNOWFALL (IN)
  YESTERDAY        0.0           5.3  1983   0.1   -0.1      0.0
  MONTH TO DATE    0.2                       1.7   -1.5      6.4
  SINCE MAR 1     19.6                      12.7    6.9      6.6
  SINCE JUL 1     60.8                      59.6    1.2     16.9
  SNOW DEPTH       0

DEGREE DAYS
 HEATING
  YESTERDAY        0                        17    -17       14
  MONTH TO DATE  237                       321    -84      391
  SINCE MAR 1   1262                      1250     12     1073
  SINCE JUL 1   5425                      6194   -769     5002

 COOLING
  YESTERDAY        7                         0      7        0
  MONTH TO DATE   16                         0     16        0
  SINCE MAR 1     16                         0     16        0
  SINCE JAN 1     16                         0     16        0
..................................................................


WIND (MPH)
  HIGHEST WIND SPEED    29   HIGHEST WIND DIRECTION    NW (300)
  HIGHEST GUST SPEED    36   HIGHEST GUST DIRECTION    NW (300)
  AVERAGE WIND SPEED    11.6


SKY COVER
  AVERAGE SKY COVER 0.4



RELATIVE HUMIDITY (PERCENT)
 HIGHEST    84
 LOWEST     25
 AVERAGE    55

..........................................................


THE ALBANY NY CLIMATE NORMALS FOR TODAY
                         NORMAL    RECORD    YEAR
 MAXIMUM TEMPERATURE (F)   59        91      2002
 MINIMUM TEMPERATURE (F)   38        21      1971


SUNRISE AND SUNSET
APRIL 17 2017.........SUNRISE   610 AM EDT   SUNSET   740 PM EDT
APRIL 18 2017.........SUNRISE   609 AM EDT   SUNSET   741 PM EDT


-  INDICATES NEGATIVE NUMBERS.
R  INDICATES RECORD WAS SET OR TIED.
MM INDICATES DATA IS MISSING.
T  INDICATES TRACE AMOUNT.




$$
