000
CDUS41 KALY 280623
CLIALB


CLIMATE REPORT
NATIONAL WEATHER SERVICE ALBANY NY
222 AM EDT THU SEP 28 2017


...................................

...THE ALBANY NY CLIMATE SUMMARY FOR SEPTEMBER 27 2017...

CLIMATE NORMAL PERIOD 1981 TO 2010
CLIMATE RECORD PERIOD 1874 TO 2017


WEATHER ITEM   OBSERVED TIME   RECORD YEAR NORMAL DEPARTURE LAST
                VALUE   (LST)  VALUE       VALUE  FROM      YEAR
                                                  NORMAL
..................................................................
TEMPERATURE (F)
 YESTERDAY
  MAXIMUM         89R   253 PM  84    1920  68     21       72
                                      1998
  MINIMUM         64    617 AM  24    1947  47     17       52
  AVERAGE         77                        57     20       62

PRECIPITATION (IN)
  YESTERDAY        T             1.79 1942   0.12  -0.12     0.22
  MONTH TO DATE    2.57                      2.94  -0.37     2.12
  SINCE SEP 1      2.57                      2.94  -0.37     2.12
  SINCE JAN 1     34.37                     29.09   5.28    25.57

DEGREE DAYS
 HEATING
  YESTERDAY        0                         8     -8        3
  MONTH TO DATE   65                       115    -50       47
  SINCE SEP 1     65                       115    -50       47
  SINCE JUL 1     84                       138    -54       48

 COOLING
  YESTERDAY       12                         1     11        0
  MONTH TO DATE  120                        51     69      108
  SINCE SEP 1    120                        51     69      108
  SINCE JAN 1    695                       594    101      896
..................................................................


WIND (MPH)
  HIGHEST WIND SPEED    17   HIGHEST WIND DIRECTION    NW (300)
  HIGHEST GUST SPEED    23   HIGHEST GUST DIRECTION    NW (320)
  AVERAGE WIND SPEED     6.4


SKY COVER
  AVERAGE SKY COVER 0.2



RELATIVE HUMIDITY (PERCENT)
 HIGHEST   100
 LOWEST     42
 AVERAGE    71

..........................................................


THE ALBANY NY CLIMATE NORMALS FOR TODAY
                         NORMAL    RECORD    YEAR
 MAXIMUM TEMPERATURE (F)   67        83      2014
                                             1959
 MINIMUM TEMPERATURE (F)   46        24      1947


SUNRISE AND SUNSET
SEPTEMBER 28 2017.....SUNRISE   649 AM EDT   SUNSET   641 PM EDT
SEPTEMBER 29 2017.....SUNRISE   650 AM EDT   SUNSET   640 PM EDT


-  INDICATES NEGATIVE NUMBERS.
R  INDICATES RECORD WAS SET OR TIED.
MM INDICATES DATA IS MISSING.
T  INDICATES TRACE AMOUNT.




$$
