000
CXUS53 KSGF 010800
CF6SGF
PRELIMINARY LOCAL CLIMATOLOGICAL DATA (WS FORM: F-6)

                                          STATION:   SPRINGFIELD MO
                                          MONTH:     JUNE
                                          YEAR:      2010
                                          LATITUDE:   37 13 N
                                          LONGITUDE:  93 23 W

  TEMPERATURE IN F:       :PCPN:    SNOW:  WIND      :SUNSHINE: SKY     :PK WND
================================================================================
1   2   3   4   5  6A  6B    7    8   9   10  11  12  13   14  15   16   17  18
                                     12Z  AVG MX 2MIN
DY MAX MIN AVG DEP HDD CDD  WTR  SNW DPTH SPD SPD DIR MIN PSBL S-S WX    SPD DR
================================================================================

 1  89  64  77   7   0  12 0.00  0.0    0  7.9 17 200   M    M   1 1      22 170
 2  89  68  79   9   0  14 0.02  0.0    0 11.4 25 330   M    M   1 18     32  30
 3  83  65  74   4   0   9 0.05  0.0    0  4.7 24 160   M    M   1 13     30 160
 4  88  65  77   6   0  12 0.00  0.0    0  7.1 15 240   M    M   0        21 230
 5  89  68  79   8   0  14 0.00  0.0    0  8.5 25 310   M    M   1        31 320
 6  82  66  74   3   0   9    T  0.0    0  8.7 22  20   M    M   2        25  20
 7  73  62  68  -3   0   3 0.03  0.0    0  7.9 18 350   M    M   5 3      23 150
 8  89  67  78   6   0  13 0.13  0.0    0 11.6 23 320   M    M   1 38     31 310
 9  84  68  76   4   0  11    T  0.0    0  9.6 23 240   M    M   1        31 240
10  87  70  79   7   0  14 0.00  0.0    0 13.2 24 190   M    M   2 1      32 180
11  83  71  77   5   0  12 0.04  0.0    0 12.0 22 160   M    M   5 1      29 160
12  88  74  81   8   0  16    T  0.0    0 11.0 22 210   M    M   2        28 210
13  92  72  82   9   0  17 0.00  0.0    0 10.6 20 200   M    M   1 1      25 220
14  87  68  78   5   0  13 0.04  0.0    0  7.7 21 230   M    M   2 1      26 270
15  83  67  75   2   0  10 0.04  0.0    0  7.0 18 240   M    M   4 1      22 230
16  90  64  77   3   0  12 0.38  0.0    0  3.8 37 230   M    M   3 13     47 210
17  91  69  80   6   0  15 0.00  0.0    0 10.9 17 190   M    M   1        23 190
18  91  71  81   7   0  16 0.00  0.0    0 12.0 22 200   M    M   0        25 200
19  93  66  80   6   0  15 1.05  0.0    0  9.7 31  10   M    M   2 13     39 310
20  91  67  79   4   0  14 0.00  0.0    0  5.6 13 200   M    M   0        16 190
21  93  74  84   9   0  19 0.00  0.0    0  9.9 18 190   M    M   1        24 190
22  93  75  84   9   0  19 0.00  0.0    0 10.0 16 190   M    M   1        21 210
23  93  73  83   8   0  18 0.00  0.0    0  9.3 20 180   M    M   0        23 190
24  88  73  81   6   0  16 0.00  0.0    0  8.1 14  40   M    M   3        18  50
25  93  72  83   7   0  18 0.00  0.0    0  6.6 16 150   M    M   2        17 160
26  87  71  79   3   0  14 0.25  0.0    0  9.4 20 170   M    M   1 13     26 150
27  93  70  82   6   0  17 0.30  0.0    0 11.4  6 210   M    M   1 13      7 210
28  87  69  78   2   0  13 0.00  0.0    0  4.4 15  30   M    M   2        17  30
29  85  67  76   0   0  11 0.00  0.0    0  6.0 14 360   M    M   1        17  10
30  84  62  73  -4   0   8 0.00  0.0    0  8.1 16  80   M    M   0        25  20
================================================================================
SM 2638 2058         0 404  2.33     0.0 264.1          M       47
================================================================================
AV 87.9 68.6                               8.8 FASTST   M    M   2    MAX(MPH)
                                 MISC ---->  # 37 230               # 47  210
================================================================================
NOTES:
# LAST OF SEVERAL OCCURRENCES

COLUMN 17 PEAK WIND IN M.P.H.

PRELIMINARY LOCAL CLIMATOLOGICAL DATA (WS FORM: F-6) , PAGE 2

                                          STATION:  SPRINGFIELD MO
                                          MONTH:    JUNE
                                          YEAR:     2010
                                          LATITUDE:   37 13 N
                                          LONGITUDE:  93 23 W

[TEMPERATURE DATA]      [PRECIPITATION DATA]       SYMBOLS USED IN COLUMN 16

AVERAGE MONTHLY: 78.3   TOTAL FOR MONTH:   2.33    1 = FOG OR MIST
DPTR FM NORMAL:   4.9   DPTR FM NORMAL:   -2.69    2 = FOG REDUCING VISIBILITY
HIGHEST:    93 ON 27,25 GRTST 24HR  1.05 ON 19-19      TO 1/4 MILE OR LESS
LOWEST:     62 ON 30, 7                            3 = THUNDER
                        SNOW, ICE PELLETS, HAIL    4 = ICE PELLETS
                        TOTAL MONTH:   0.0 INCH    5 = HAIL
                        GRTST 24HR     0.0         6 = FREEZING RAIN OR DRIZZLE
                        GRTST DEPTH:   0           7 = DUSTSTORM OR SANDSTORM:
                                                       VSBY 1/2 MILE OR LESS
                                                   8 = SMOKE OR HAZE
[NO. OF DAYS WITH]      [WEATHER - DAYS WITH]      9 = BLOWING SNOW
                                                   X = TORNADO
MAX 32 OR BELOW:   0    0.01 INCH OR MORE:  11
MAX 90 OR ABOVE:  11    0.10 INCH OR MORE:   5
MIN 32 OR BELOW:   0    0.50 INCH OR MORE:   1
MIN  0 OR BELOW:   0    1.00 INCH OR MORE:   1

[HDD (BASE 65) ]
TOTAL THIS MO.     0    CLEAR  (SCALE 0-3)  27
DPTR FM NORMAL    -8    PTCLDY (SCALE 4-7)   3
TOTAL FM JUL 1  4820    CLOUDY (SCALE 8-10)  0
DPTR FM NORMAL   218

[CDD (BASE 65) ]
TOTAL THIS MO.   404
DPTR FM NORMAL   146    [PRESSURE DATA]
TOTAL FM JAN 1   548    HIGHEST SLP 30.23 ON 30
DPTR FM NORMAL   184    LOWEST  SLP 29.66 ON  2

[REMARKS]
#FINAL-06-10#
