000
CDUS41 KCLE 170532
CLIERI


CLIMATE REPORT
NATIONAL WEATHER SERVICE CLEVELAND OH
132 AM EDT TUE MAY 17 2016


...................................

...THE ERIE PA CLIMATE SUMMARY FOR MAY 16 2016...

CLIMATE NORMAL PERIOD 1981 TO 2010
CLIMATE RECORD PERIOD 1873 TO 2016


WEATHER ITEM   OBSERVED TIME   RECORD YEAR NORMAL DEPARTURE LAST
                VALUE   (LST)  VALUE       VALUE  FROM      YEAR
                                                  NORMAL
..................................................................
TEMPERATURE (F)
 YESTERDAY
  MAXIMUM         66    418 PM  90    1991  67     -1       73
  MINIMUM         38    208 AM  32    1980  48    -10       64
  AVERAGE         52                        57     -5       69

PRECIPITATION (IN)
  YESTERDAY        0.00                      0.11  -0.11     0.25
  MONTH TO DATE    1.46                      1.73  -0.27     1.42
  SINCE MAR 1      6.45                      8.01  -1.56     6.39
  SINCE JAN 1     12.66                     13.35  -0.69    12.15

SNOWFALL (IN)
  YESTERDAY        0.0                       0.0    0.0      0.0
  MONTH TO DATE    T                         0.0    0.0      0.0
  SINCE MAR 1      4.0                      16.9  -12.9     10.9
  SINCE JUL 1     71.2                     100.9  -29.7    110.3
  SNOW DEPTH       0

DEGREE DAYS
 HEATING
  YESTERDAY       13                         9      4        0
  MONTH TO DATE  202                       171     31       90
  SINCE MAR 1   1505                      1625   -120     1666
  SINCE JUL 1   5103                      5990   -887     6542

 COOLING
  YESTERDAY        0                         1     -1        4
  MONTH TO DATE    4                        11     -7       46
  SINCE MAR 1      4                        18    -14       46
  SINCE JAN 1      4                        18    -14       46
..................................................................


WIND (MPH)
  HIGHEST WIND SPEED    24   HIGHEST WIND DIRECTION     W (260)
  HIGHEST GUST SPEED    33   HIGHEST GUST DIRECTION     W (280)
  AVERAGE WIND SPEED    12.2


SKY COVER
  POSSIBLE SUNSHINE  MM
  AVERAGE SKY COVER 0.2


WEATHER CONDITIONS
 THE FOLLOWING WEATHER WAS RECORDED YESTERDAY.
  NO SIGNIFICANT WEATHER WAS OBSERVED.


RELATIVE HUMIDITY (PERCENT)
 HIGHEST    70           600 AM
 LOWEST     30           300 PM
 AVERAGE    50

..........................................................


THE ERIE PA CLIMATE NORMALS FOR TODAY
                         NORMAL    RECORD    YEAR
 MAXIMUM TEMPERATURE (F)   67        87      1962
 MINIMUM TEMPERATURE (F)   49        31      1957


SUNRISE AND SUNSET
MAY 17 2016...........SUNRISE   558 AM EDT   SUNSET   837 PM EDT
MAY 18 2016...........SUNRISE   557 AM EDT   SUNSET   838 PM EDT


-  INDICATES NEGATIVE NUMBERS.
R  INDICATES RECORD WAS SET OR TIED.
MM INDICATES DATA IS MISSING.
T  INDICATES TRACE AMOUNT.




$$
