000
CDUS41 KCLE 010526
CLIERI


CLIMATE REPORT
NATIONAL WEATHER SERVICE CLEVELAND OH
1226 AM EST SUN JAN 1 2017


...................................

...THE ERIE PA CLIMATE SUMMARY FOR DECEMBER 31 2016...

CLIMATE NORMAL PERIOD 1981 TO 2010
CLIMATE RECORD PERIOD 1873 TO 2016


WEATHER ITEM   OBSERVED TIME   RECORD YEAR NORMAL DEPARTURE LAST
                VALUE   (LST)  VALUE       VALUE  FROM      YEAR
                                                  NORMAL
..................................................................
TEMPERATURE (F)
 YESTERDAY
  MAXIMUM         41    958 PM  68    1875  35      6       37
  MINIMUM         28    518 AM  -4    1880  23      5       30
  AVERAGE         35                        29      6       34

PRECIPITATION (IN)
  YESTERDAY        T                         0.11  -0.11     0.10
  MONTH TO DATE    3.88                      3.74   0.14     3.89
  SINCE DEC 1      3.88                      3.74   0.14     3.89
  SINCE JAN 1     45.66                     42.16   3.50    37.37

SNOWFALL (IN)
  YESTERDAY        T                         1.1   -1.1      0.6
  MONTH TO DATE   22.2                      27.5   -5.3      4.9
  SINCE DEC 1     22.2                      27.5   -5.3      4.9
  SINCE JUL 1     24.6                      36.2  -11.6      5.4
  SNOW DEPTH       1

DEGREE DAYS
 HEATING
  YESTERDAY       30                        36     -6       31
  MONTH TO DATE  993                      1012    -19      644
  SINCE DEC 1    993                      1012    -19      644
  SINCE JUL 1   1773                      2168   -395     1535

 COOLING
  YESTERDAY        0                         0      0        0
  MONTH TO DATE    0                         0      0        0
  SINCE DEC 1      0                         0      0        0
  SINCE JAN 1   1017                       638    379      773
..................................................................


WIND (MPH)
  HIGHEST WIND SPEED    31   HIGHEST WIND DIRECTION     S (190)
  HIGHEST GUST SPEED    46   HIGHEST GUST DIRECTION     S (180)
  AVERAGE WIND SPEED    19.2


SKY COVER
  POSSIBLE SUNSHINE  MM
  AVERAGE SKY COVER 0.7


WEATHER CONDITIONS
 THE FOLLOWING WEATHER WAS RECORDED YESTERDAY.
  LIGHT SNOW


RELATIVE HUMIDITY (PERCENT)
 HIGHEST    79           800 PM
 LOWEST     44          1200 PM
 AVERAGE    62

..........................................................


THE ERIE PA CLIMATE NORMALS FOR TODAY
                         NORMAL    RECORD    YEAR
 MAXIMUM TEMPERATURE (F)   35        73      1876
 MINIMUM TEMPERATURE (F)   22         0      1968


SUNRISE AND SUNSET
JANUARY  1 2017.......SUNRISE   749 AM EST   SUNSET   500 PM EST
JANUARY  2 2017.......SUNRISE   749 AM EST   SUNSET   501 PM EST


-  INDICATES NEGATIVE NUMBERS.
R  INDICATES RECORD WAS SET OR TIED.
MM INDICATES DATA IS MISSING.
T  INDICATES TRACE AMOUNT.




$$
