000
CDUS41 KCLE 280534
CLIERI


CLIMATE REPORT
NATIONAL WEATHER SERVICE CLEVELAND OH
1234 AM EST SAT JAN 28 2017


...................................

...THE ERIE PA CLIMATE SUMMARY FOR JANUARY 27 2017...

CLIMATE NORMAL PERIOD 1981 TO 2010
CLIMATE RECORD PERIOD 1873 TO 2017


WEATHER ITEM   OBSERVED TIME   RECORD YEAR NORMAL DEPARTURE LAST
                VALUE   (LST)  VALUE       VALUE  FROM      YEAR
                                                  NORMAL
..................................................................
TEMPERATURE (F)
 YESTERDAY
  MAXIMUM         34   1224 PM  67    1916  34      0       33
  MINIMUM         29   1159 PM  -5    1936  20      9       28
  AVERAGE         32                        27      5       31

PRECIPITATION (IN)
  YESTERDAY        0.11                      0.08   0.03     0.02
  MONTH TO DATE    4.14                      2.62   1.52     2.30
  SINCE DEC 1      8.02                      6.36   1.66     6.19
  SINCE JAN 1      4.14                      2.62   1.52     2.30

SNOWFALL (IN)
  YESTERDAY        1.5                       0.9    0.6      0.5
  MONTH TO DATE   21.7                      26.3   -4.6     37.7
  SINCE DEC 1     43.9                      53.8   -9.9     42.6
  SINCE JUL 1     46.3                      62.5  -16.2     43.1
  SNOW DEPTH       0

DEGREE DAYS
 HEATING
  YESTERDAY       33                        38     -5       34
  MONTH TO DATE  827                      1018   -191     1008
  SINCE DEC 1   1820                      2030   -210     1652
  SINCE JUL 1   2600                      3186   -586     2543

 COOLING
  YESTERDAY        0                         0      0        0
  MONTH TO DATE    0                         0      0        0
  SINCE DEC 1      0                         0      0        0
  SINCE JAN 1      0                         0      0        0
..................................................................


WIND (MPH)
  HIGHEST WIND SPEED    24   HIGHEST WIND DIRECTION     W (260)
  HIGHEST GUST SPEED    34   HIGHEST GUST DIRECTION     W (270)
  AVERAGE WIND SPEED    15.3


SKY COVER
  POSSIBLE SUNSHINE  MM
  AVERAGE SKY COVER 0.9


WEATHER CONDITIONS
 THE FOLLOWING WEATHER WAS RECORDED YESTERDAY.
  SNOW
  LIGHT SNOW
  FOG
  HAZE


RELATIVE HUMIDITY (PERCENT)
 HIGHEST    92           900 PM
 LOWEST     72           700 PM
 AVERAGE    82

..........................................................


THE ERIE PA CLIMATE NORMALS FOR TODAY
                         NORMAL    RECORD    YEAR
 MAXIMUM TEMPERATURE (F)   34        58      1949
                                             1887
 MINIMUM TEMPERATURE (F)   20       -10      1977


SUNRISE AND SUNSET
JANUARY 28 2017.......SUNRISE   737 AM EST   SUNSET   531 PM EST
JANUARY 29 2017.......SUNRISE   736 AM EST   SUNSET   532 PM EST


-  INDICATES NEGATIVE NUMBERS.
R  INDICATES RECORD WAS SET OR TIED.
MM INDICATES DATA IS MISSING.
T  INDICATES TRACE AMOUNT.




$$
