000
CDUS41 KCLE 132215
CLIERI


CLIMATE REPORT
NATIONAL WEATHER SERVICE CLEVELAND OH
515 PM EST TUE JAN 13 2015


...................................

...THE ERIE PA CLIMATE SUMMARY FOR JANUARY 13 2015...
VALID TODAY AS OF 0500 PM LOCAL TIME.

CLIMATE NORMAL PERIOD 1981 TO 2010
CLIMATE RECORD PERIOD 1873 TO 2015


WEATHER ITEM   OBSERVED TIME   RECORD YEAR NORMAL DEPARTURE LAST
                VALUE   (LST)  VALUE       VALUE  FROM      YEAR
                                                  NORMAL
..................................................................
TEMPERATURE (F)
 TODAY
  MAXIMUM         21   1224 AM  70    2005  34    -13       51
  MINIMUM         11   1108 AM  -9    1912  21    -10       39
  AVERAGE         16                        27    -11       45

PRECIPITATION (IN)
  TODAY            T                         0.09  -0.09     0.22
  MONTH TO DATE    2.75                      1.36   1.39     1.89
  SINCE DEC 1      5.20                      5.10   0.10     7.85
  SINCE JAN 1      2.75                      1.36   1.39     1.89

SNOWFALL (IN)
  TODAY            0.6                       1.0   -0.4      0.0
  MONTH TO DATE   27.7                      13.3   14.4     15.1
  SINCE DEC 1     33.2                      40.8   -7.6     63.1
  SINCE JUL 1     58.2                      49.5    8.7     78.7
  SNOW DEPTH       8

DEGREE DAYS
 HEATING
  TODAY           49                        38     11       20
  MONTH TO DATE  557                       486     71      525
  SINCE DEC 1   1450                      1498    -48     1568
  SINCE JUL 1   2664                      2654     10     2767

 COOLING
  TODAY            0                         0      0        0
  MONTH TO DATE    0                         0      0        0
  SINCE DEC 1      0                         0      0        0
  SINCE JAN 1      0                         0      0        0
..................................................................


WIND (MPH)
  HIGHEST WIND SPEED    18   HIGHEST WIND DIRECTION    NE (50)
  HIGHEST GUST SPEED    24   HIGHEST GUST DIRECTION    NE (40)


SKY COVER
  POSSIBLE SUNSHINE  MM
  AVERAGE SKY COVER 0.7


WEATHER CONDITIONS
 THE FOLLOWING WEATHER WAS RECORDED TODAY.
  LIGHT SNOW
  HAZE


RELATIVE HUMIDITY (PERCENT)
 HIGHEST    76           700 AM
 LOWEST     61          1200 PM
 AVERAGE    69

..........................................................


THE ERIE PA CLIMATE NORMALS FOR TOMORROW
                         NORMAL    RECORD    YEAR
 MAXIMUM TEMPERATURE (F)   34        68      1995
 MINIMUM TEMPERATURE (F)   21        -5      1893


SUNRISE AND SUNSET
JANUARY 13 2015.......SUNRISE   747 AM EST   SUNSET   512 PM EST
JANUARY 14 2015.......SUNRISE   747 AM EST   SUNSET   513 PM EST


-  INDICATES NEGATIVE NUMBERS.
R  INDICATES RECORD WAS SET OR TIED.
MM INDICATES DATA IS MISSING.
T  INDICATES TRACE AMOUNT.




$$
