508
CDUS41 KCLE 290526
CLIERI


CLIMATE REPORT
NATIONAL WEATHER SERVICE CLEVELAND OH
1226 AM EST FRI JAN 29 2016


...................................

...THE ERIE PA CLIMATE SUMMARY FOR JANUARY 28 2016...

CLIMATE NORMAL PERIOD 1981 TO 2010
CLIMATE RECORD PERIOD 1873 TO 2016


WEATHER ITEM   OBSERVED TIME   RECORD YEAR NORMAL DEPARTURE LAST
                VALUE   (LST)  VALUE       VALUE  FROM      YEAR
                                                  NORMAL
..................................................................
TEMPERATURE (F)
 YESTERDAY
  MAXIMUM         41    523 PM  58    1949  34      7       24
                                      1887
  MINIMUM         27    720 AM -10    1977  20      7        1
  AVERAGE         34                        27      7       13

PRECIPITATION (IN)
  YESTERDAY        0.06                      0.09  -0.03     0.00
  MONTH TO DATE    2.36                      2.71  -0.35     3.28
  SINCE DEC 1      6.25                      6.45  -0.20     5.73
  SINCE JAN 1      2.36                      2.71  -0.35     3.28

SNOWFALL (IN)
  YESTERDAY        0.1                       0.8   -0.7      0.0
  MONTH TO DATE   37.8                      27.1   10.7     34.1
  SINCE DEC 1     42.7                      54.6  -11.9     39.6
  SINCE JUL 1     43.2                      63.3  -20.1     64.6
  SNOW DEPTH       T

DEGREE DAYS
 HEATING
  YESTERDAY       31                        38     -7       52
  MONTH TO DATE 1039                      1056    -17     1198
  SINCE DEC 1   1683                      2068   -385     2091
  SINCE JUL 1   2574                      3224   -650     3305

 COOLING
  YESTERDAY        0                         0      0        0
  MONTH TO DATE    0                         0      0        0
  SINCE DEC 1      0                         0      0        0
  SINCE JAN 1      0                         0      0        0
..................................................................


WIND (MPH)
  HIGHEST WIND SPEED    24   HIGHEST WIND DIRECTION     S (170)
  HIGHEST GUST SPEED    34   HIGHEST GUST DIRECTION     S (180)
  AVERAGE WIND SPEED    14.4


SKY COVER
  POSSIBLE SUNSHINE  MM
  AVERAGE SKY COVER 0.7


WEATHER CONDITIONS
 THE FOLLOWING WEATHER WAS RECORDED YESTERDAY.
  LIGHT SNOW
  FOG
  HAZE


RELATIVE HUMIDITY (PERCENT)
 HIGHEST    69           900 AM
 LOWEST     46           300 PM
 AVERAGE    58

..........................................................


THE ERIE PA CLIMATE NORMALS FOR TODAY
                         NORMAL    RECORD    YEAR
 MAXIMUM TEMPERATURE (F)   34        65      1914
 MINIMUM TEMPERATURE (F)   20       -10      1977


SUNRISE AND SUNSET
JANUARY 29 2016.......SUNRISE   737 AM EST   SUNSET   531 PM EST
JANUARY 30 2016.......SUNRISE   736 AM EST   SUNSET   532 PM EST


-  INDICATES NEGATIVE NUMBERS.
R  INDICATES RECORD WAS SET OR TIED.
MM INDICATES DATA IS MISSING.
T  INDICATES TRACE AMOUNT.




$$
