000
CDUS41 KCLE 272112
CLIERI


CLIMATE REPORT
NATIONAL WEATHER SERVICE CLEVELAND OH
511 PM EDT THU MAR 27 2014


...................................

...THE ERIE PA CLIMATE SUMMARY FOR MARCH 27 2014...
VALID TODAY AS OF 0500 PM LOCAL TIME.

CLIMATE NORMAL PERIOD 1981 TO 2010
CLIMATE RECORD PERIOD 1873 TO 2014


WEATHER ITEM   OBSERVED TIME   RECORD YEAR NORMAL DEPARTURE LAST
                VALUE   (LST)  VALUE       VALUE  FROM      YEAR
                                                  NORMAL
..................................................................
TEMPERATURE (F)
 TODAY
  MAXIMUM         45    359 PM  80    1998  48     -3       38
  MINIMUM         16    105 AM  13    1982  31    -15       33
  AVERAGE         31                        40     -9       36

PRECIPITATION (IN)
  TODAY            0.00                      0.10  -0.10     0.06
  MONTH TO DATE    1.92                      2.53  -0.61     2.44
  SINCE MAR 1      1.92                      2.53  -0.61     2.44
  SINCE JAN 1      7.83                      7.87  -0.04     8.95

SNOWFALL (IN)
  TODAY            0.0                       0.4   -0.4      0.2
  MONTH TO DATE   13.5                      12.6    0.9     23.9
  SINCE MAR 1     13.5                      12.6    0.9     23.9
  SINCE JUL 1    133.1                      96.6   36.5    103.2
  SNOW DEPTH       1

DEGREE DAYS
 HEATING
  TODAY           34                        25      9       29
  MONTH TO DATE 1026                       813    213      895
  SINCE MAR 1   1026                       813    213      895
  SINCE JUL 1   5847                      5178    669     4989

 COOLING
  TODAY            0                         0      0        0
  MONTH TO DATE    0                         0      0        0
  SINCE MAR 1      0                         0      0        0
  SINCE JAN 1      0                         0      0        0
..................................................................


WIND (MPH)
  HIGHEST WIND SPEED    23   HIGHEST WIND DIRECTION     S (190)
  HIGHEST GUST SPEED    32   HIGHEST GUST DIRECTION     S (170)


SKY COVER
  POSSIBLE SUNSHINE  MM
  AVERAGE SKY COVER 0.5


WEATHER CONDITIONS
 THE FOLLOWING WEATHER WAS RECORDED TODAY.
  NO SIGNIFICANT WEATHER WAS OBSERVED.


RELATIVE HUMIDITY (PERCENT)
 HIGHEST    67          1200 AM
 LOWEST     31           100 PM
 AVERAGE    49

..........................................................


THE ERIE PA CLIMATE NORMALS FOR TOMORROW
                         NORMAL    RECORD    YEAR
 MAXIMUM TEMPERATURE (F)   49        82      1945
 MINIMUM TEMPERATURE (F)   32        10      1923


SUNRISE AND SUNSET
MARCH 27 2014.........SUNRISE   712 AM EDT   SUNSET   741 PM EDT
MARCH 28 2014.........SUNRISE   710 AM EDT   SUNSET   742 PM EDT


-  INDICATES NEGATIVE NUMBERS.
R  INDICATES RECORD WAS SET OR TIED.
MM INDICATES DATA IS MISSING.
T  INDICATES TRACE AMOUNT.




$$
