000
CXUS53 KGLD 010800
CF6GLD
PRELIMINARY LOCAL CLIMATOLOGICAL DATA (WS FORM: F-6)

                                          STATION:   GOODLAND KS
                                          MONTH:     NOVEMBER
                                          YEAR:      2016
                                          LATITUDE:   39 22 N
                                          LONGITUDE: 101 42 W

  TEMPERATURE IN F:       :PCPN:    SNOW:  WIND      :SUNSHINE: SKY     :PK WND
================================================================================
1   2   3   4   5  6A  6B    7    8   9   10  11  12  13   14  15   16   17  18
                                     12Z  AVG MX 2MIN
DY MAX MIN AVG DEP HDD CDD  WTR  SNW DPTH SPD SPD DIR MIN PSBL S-S WX    SPD DR
================================================================================

 1  66  39  53   7  12   0 0.00  0.0    0  6.2 10 100   M    M   0        14  30
 2  70  37  54   9  11   0 0.00  0.0    0  8.8 18 360   M    M   1        23 360
 3  73  36  55  10  10   0 0.00  0.0    0  6.9 12 260   M    M   0        16 190
 4  72  40  56  12   9   0 0.00  0.0    0 10.9 18 180   M    M   0        22 180
 5  73  35  54  10  11   0 0.00  0.0    0 14.5 23 190   M    M   0 1      27 170
 6  64  51  58  14   7   0    T  0.0    0 15.2 24 160   M    M   8 1      28 180
 7  68  34  51   8  14   0 0.00  0.0    0 11.0 24  20   M    M   3 1      30  40
 8  62  29  46   3  19   0 0.00  0.0    0  6.9 12 210   M    M   0        16 200
 9  69  33  51   9  14   0 0.00  0.0    0 12.7 18 200   M    M   0        25 200
10  76  34  55  13  10   0 0.00  0.0    0 12.0 20 330   M    M   0        25 360
11  55  26  41   0  24   0 0.00  0.0    0  7.4 13  40   M    M   0        16  40
12  63  26  45   4  20   0 0.00  0.0    0 15.2 24 180   M    M   0        32 190
13  72  24  48   8  17   0 0.00  0.0    0 11.4 24 340   M    M   1        29 350
14  74  35  55  15  10   0 0.00  0.0    0 10.2 21 290   M    M   0        28 300
15  73  41  57  18   8   0 0.00  0.0    0 10.0 18 190   M    M   0        22 190
16  82  46  64  25   1   0 0.00  0.0    0 14.0 23 230   M    M   0        27 230
17  48  30  39   1  26   0 0.10  0.6    0 16.2 32 330   M    M   5 1      39 320
18  36  14  25 -13  40   0    T    T    1 18.5 35 320   M    M   2 1      43 330
19  48  13  31  -6  34   0 0.00  0.0    0 12.2 29 170   M    M   0        33 170
20  71  19  45   8  20   0 0.00  0.0    0  6.6 13 210   M    M   0        16 210
21  56  31  44   8  21   0 0.00  0.0    0 11.3 26 160   M    M   4        32 150
22  44  29  37   1  28   0 0.11    T    0 19.3 33 340   M    M   9 1      42 340
23  53  27  40   5  25   0 0.00  0.0    0  9.9 18 160   M    M   0        22 160
24  53  20  37   2  28   0 0.00  0.0    0 15.1 38 320   M    M   0        44 310
25  56  22  39   4  26   0 0.00  0.0    0 13.5 23 220   M    M   0        28 230
26  62  20  41   7  24   0 0.00  0.0    0  9.0 16 240   M    M   0        21 230
27  63  35  49  15  16   0    T  0.0    0 17.2 39 270   M    M   2        52 280
28  55  27  41   8  24   0 0.00  0.0    0 16.2 32 330   M    M   1        39 340
29  39  22  31  -2  34   0    T    T    0 21.7 39 320   M    M   6        48 320
30  45  15  30  -3  35   0 0.00  0.0    0 16.9 36 320   M    M   0        43 330
================================================================================
SM 1841  890       578   0  0.21     0.6 376.9          M       42
================================================================================
AV 61.4 29.7                              12.6 FASTST   M    M   1    MAX(MPH)
                                 MISC ---->  # 39 270               # 52  280
================================================================================
NOTES:
# LAST OF SEVERAL OCCURRENCES

COLUMN 17 PEAK WIND IN M.P.H.

PRELIMINARY LOCAL CLIMATOLOGICAL DATA (WS FORM: F-6) , PAGE 2

                                          STATION:  GOODLAND KS
                                          MONTH:    NOVEMBER
                                          YEAR:     2016
                                          LATITUDE:   39 22 N
                                          LONGITUDE: 101 42 W

[TEMPERATURE DATA]      [PRECIPITATION DATA]       SYMBOLS USED IN COLUMN 16

AVERAGE MONTHLY: 45.5   TOTAL FOR MONTH:   0.21    1 = FOG OR MIST
DPTR FM NORMAL:   6.5   DPTR FM NORMAL:   -0.50    2 = FOG REDUCING VISIBILITY
HIGHEST:    82 ON 16    GRTST 24HR  0.11 ON 22-22      TO 1/4 MILE OR LESS
LOWEST:     13 ON 19                               3 = THUNDER
                        SNOW, ICE PELLETS, HAIL    4 = ICE PELLETS
                        TOTAL MONTH:   0.6 INCH    5 = HAIL
                        GRTST 24HR   0.6 ON   M    6 = FREEZING RAIN OR DRIZZLE
                        GRTST DEPTH:   1 ON 18     7 = DUSTSTORM OR SANDSTORM:
                                                       VSBY 1/2 MILE OR LESS
                                                   8 = SMOKE OR HAZE
[NO. OF DAYS WITH]      [WEATHER - DAYS WITH]      9 = BLOWING SNOW
                                                   X = TORNADO
MAX 32 OR BELOW:   0    0.01 INCH OR MORE:   2
MAX 90 OR ABOVE:   0    0.10 INCH OR MORE:   2
MIN 32 OR BELOW:  17    0.50 INCH OR MORE:   0
MIN  0 OR BELOW:   0    1.00 INCH OR MORE:   0

[HDD (BASE 65) ]
TOTAL THIS MO.   578    CLEAR  (SCALE 0-3)  24
DPTR FM NORMAL  -201    PTCLDY (SCALE 4-7)   4
TOTAL FM JUL 1   863    CLOUDY (SCALE 8-10)  2
DPTR FM NORMAL  -456

[CDD (BASE 65) ]
TOTAL THIS MO.     0
DPTR FM NORMAL     0    [PRESSURE DATA]
TOTAL FM JAN 1  1103    HIGHEST SLP M ON M
DPTR FM NORMAL   162    LOWEST  SLP 29.19 ON 27

[REMARKS]
#FINAL-11-16#
