000
CXUS53 KGLD 010800
CF6GLD
PRELIMINARY LOCAL CLIMATOLOGICAL DATA (WS FORM: F-6)

                                          STATION:   GOODLAND KS
                                          MONTH:     MARCH
                                          YEAR:      2014
                                          LATITUDE:   39 22 N
                                          LONGITUDE: 101 42 W

  TEMPERATURE IN F:       :PCPN:    SNOW:  WIND      :SUNSHINE: SKY     :PK WND
================================================================================
1   2   3   4   5  6A  6B    7    8   9   10  11  12  13   14  15   16   17  18
                                     12Z  AVG MX 2MIN
DY MAX MIN AVG DEP HDD CDD  WTR  SNW DPTH SPD SPD DIR MIN PSBL S-S WX    SPD DR
================================================================================

 1  20   1  11 -25  54   0 0.01  0.3    0 15.4 24  80   M    M  10 18     28  80
 2   9  -1   4 -32  61   0    T    T    T  6.9 14 180   M    M   7 18     17 180
 3  48   2  25 -12  40   0 0.00  0.0    T 16.7 32 190   M    M   0        38 190
 4  65  26  46   9  19   0 0.00  0.0    0  9.4 25  30   M    M   0        30  30
 5  51  30  41   4  24   0 0.02    T    0 11.2 22 360   M    M   5 16     27 360
 6  72  32  52  14  13   0 0.00  0.0    0 14.8 22 210   M    M   0        28 190
 7  51  26  39   1  26   0 0.03  0.3    0 19.2 32  40   M    M   5 1      39  20
 8  54  25  40   2  25   0 0.00  0.0    T 10.8 21  10   M    M   6        25 360
 9  77  33  55  16  10   0 0.00  0.0    0 13.2 23 240   M    M   0        27 240
10  73  29  51  12  14   0 0.00  0.0    0 11.0 22 160   M    M   0        25 170
11  54  26  40   1  25   0 0.02    T    0 24.2 39 360   M    M   5 1      46 360
12  53  22  38  -2  27   0 0.00  0.0    0 12.0 22 300   M    M   0        26 300
13  67  20  44   4  21   0 0.00  0.0    0 11.8 23 290   M    M   0        30 200
14  62  28  45   5  20   0 0.00  0.0    0 11.9 20 220   M    M   0        25 220
15  61  29  45   5  20   0 0.00  0.0    0 23.1 41 340   M    M   4        51 340
16  52  29  41   0  24   0 0.00  0.0    0 11.7 22 220   M    M   4        28 220
17  72  38  55  14  10   0 0.00  0.0    0 18.5 36 330   M    M   0        46 330
18  45  26  36  -5  29   0 0.23  2.5    0 25.1 41 340   M    M   5 128    50 350
19  55  20  38  -4  27   0 0.00  0.0    2 10.7 20 310   M    M   0        26 310
20  68  27  48   6  17   0 0.00  0.0    0 10.5 21 210   M    M   0        27 200
21  54  29  42   0  23   0 0.00  0.0    0 17.3 30 330   M    M   0        36 330
22  30  14  22 -20  43   0 0.04  0.4    T 11.5 18  50   M    M   9 1      22  80
23  49  16  33  -9  32   0 0.00  0.0    T 14.6 31 180   M    M   4        37 180
24  45  18  32 -11  33   0 0.00  0.0    0 11.7 24  10   M    M   2        30  20
25  55  26  41  -2  24   0 0.00  0.0    0 15.7 29 180   M    M   3        35 180
26  72  37  55  12  10   0 0.00  0.0    0 20.8 36 290   M    M   1        42 280
27  55  28  42  -2  23   0    T  0.0    0 15.2 33 340   M    M   2        44 340
28  59  24  42  -2  23   0 0.07    T    T 10.6 30 340   M    M   4 1      35 330
29  70  25  48   4  17   0 0.00  0.0    0 18.2 32 190   M    M   1        42 190
30  69  42  56  12   9   0 0.00  0.0    0 11.7 28 230   M    M   0        37 230
31  59  21  40  -4  25   0 0.00  0.0    0 21.9 47 320   M    M   2 8      58 320
================================================================================
SM 1726  748       768   0  0.42     3.5 457.3          M       79
================================================================================
AV 55.7 24.1                              14.8 FASTST   M    M   3    MAX(MPH)
                                 MISC ---->  # 47 320               # 58  320
================================================================================
NOTES:
# LAST OF SEVERAL OCCURRENCES

COLUMN 17 PEAK WIND IN M.P.H.

PRELIMINARY LOCAL CLIMATOLOGICAL DATA (WS FORM: F-6) , PAGE 2

                                          STATION:  GOODLAND KS
                                          MONTH:    MARCH
                                          YEAR:     2014
                                          LATITUDE:   39 22 N
                                          LONGITUDE: 101 42 W

[TEMPERATURE DATA]      [PRECIPITATION DATA]       SYMBOLS USED IN COLUMN 16

AVERAGE MONTHLY: 39.9   TOTAL FOR MONTH:   0.42    1 = FOG OR MIST
DPTR FM NORMAL:  -0.6   DPTR FM NORMAL:   -0.65    2 = FOG REDUCING VISIBILITY
HIGHEST:    77 ON  9    GRTST 24HR  0.23 ON 18-18      TO 1/4 MILE OR LESS
LOWEST:     -1 ON  2                               3 = THUNDER
                        SNOW, ICE PELLETS, HAIL    4 = ICE PELLETS
                        TOTAL MONTH:   3.5 INCHES  5 = HAIL
                        GRTST 24HR   2.5 ON 18-18  6 = FREEZING RAIN OR DRIZZLE
                        GRTST DEPTH:   2 ON 19     7 = DUSTSTORM OR SANDSTORM:
                                                       VSBY 1/2 MILE OR LESS
                                                   8 = SMOKE OR HAZE
[NO. OF DAYS WITH]      [WEATHER - DAYS WITH]      9 = BLOWING SNOW
                                                   X = TORNADO
MAX 32 OR BELOW:   3    0.01 INCH OR MORE:   7
MAX 90 OR ABOVE:   0    0.10 INCH OR MORE:   1
MIN 32 OR BELOW:  27    0.50 INCH OR MORE:   0
MIN  0 OR BELOW:   1    1.00 INCH OR MORE:   0

[HDD (BASE 65) ]
TOTAL THIS MO.   768    CLEAR  (SCALE 0-3)  18
DPTR FM NORMAL    10    PTCLDY (SCALE 4-7)  11
TOTAL FM JUL 1  5312    CLOUDY (SCALE 8-10)  2
DPTR FM NORMAL   137

[CDD (BASE 65) ]
TOTAL THIS MO.     0
DPTR FM NORMAL     0    [PRESSURE DATA]
TOTAL FM JAN 1     0    HIGHEST SLP M ON M
DPTR FM NORMAL     0    LOWEST  SLP 29.16 ON 17

[REMARKS]
#FINAL-03-14#
