000
CXUS53 KGLD 041532
CF6GLD
PRELIMINARY LOCAL CLIMATOLOGICAL DATA (WS FORM: F-6)

                                          STATION:   GOODLAND KS
                                          MONTH:     DECEMBER
                                          YEAR:      2016
                                          LATITUDE:   39 22 N
                                          LONGITUDE: 101 42 W

  TEMPERATURE IN F:       :PCPN:    SNOW:  WIND      :SUNSHINE: SKY     :PK WND
================================================================================
1   2   3   4   5  6A  6B    7    8   9   10  11  12  13   14  15   16   17  18
                                     12Z  AVG MX 2MIN
DY MAX MIN AVG DEP HDD CDD  WTR  SNW DPTH SPD SPD DIR MIN PSBL S-S WX    SPD DR
================================================================================

 1  46  14  30  -2  35   0 0.00  0.0    0  7.6 13 210   M    M   0        17 220
 2  44  14  29  -3  36   0    T    T    0  5.4 13 170   M    M   4        16 170
 3  40  20  30  -2  35   0 0.00  0.0    0  8.8 16 190   M    M   3        18 180
 4  50  18  34   3  31   0 0.00  0.0    0 12.8 20 190   M    M   0        25 190
 5  62  17  40   9  25   0 0.00  0.0    0 14.2 32 350   M    M   2 8      40 340
 6  34   7  21 -10  44   0 0.00  0.0    0  7.2 20 330   M    M   3 8      23 330
 7  24   1  13 -18  52   0 0.07  1.7    2 12.6 21  80   M    M   8 12     26  80
 8  19  -6   7 -23  58   0 0.00  0.0    1  8.2 18  10   M    M   0        22  10
 9  38   4  21  -9  44   0 0.00  0.0    1 11.1 24 180   M    M   1        28 180
10  38  14  26  -4  39   0 0.00  0.0    T  9.8 18 150   M    M   2 1      22 150
11  38  19  29  -1  36   0 0.02  0.4    0 10.9 23 340   M    M   3 1      29 340
12  46  15  31   1  34   0 0.00  0.0    T  7.5 16 220   M    M   1        19  30
13  32   2  17 -13  48   0 0.00  0.0    0  8.8 21 190   M    M   0        27 190
14  26  11  19 -11  46   0 0.00  0.0    0  8.1 26 360   M    M   4        34 360
15  30   9  20  -9  45   0 0.00  0.0    0 18.3 36 180   M    M   0        45 180
16  22   7  15 -14  50   0 0.00  0.0    0 12.6 28 360   M    M   5 12     36 340
17   8 -15  -3 -32  68   0 0.12  2.7    1 17.5 30 350   M    M   7 18     36 360
18  24 -13   6 -23  59   0 0.00  0.0    3  9.4 18 230   M    M   0        23 220
19  42   2  22  -7  43   0 0.00  0.0    1 11.9 23 220   M    M   0        30 230
20  47  22  35   6  30   0 0.00  0.0    T 12.1 21 200   M    M   0        28 210
21  48  22  35   6  30   0 0.00  0.0    0 12.4 26  10   M    M   0        33  10
22  39  22  31   2  34   0 0.01    T    T 13.8 26 190   M    M   6 16     32 200
23  53  13  33   4  32   0 0.02  0.0    T 12.5 29 330   M    M   4 16     36 320
24  53  14  34   5  31   0 0.00  0.0    0 15.8 28 170   M    M   0        33 180
25  51  14  33   4  32   0 0.36  0.2    0 20.5 48 230   M    M   5 123    65 220
26  42  11  27  -2  38   0 0.00  0.0    0  7.2 13 330   M    M   0        15 200
27  51  14  33   4  32   0 0.00  0.0    0  8.0 18 220   M    M   0        23 210
28  50  21  36   7  29   0 0.00  0.0    0 12.9 29 340   M    M   3 8      37 340
29  46  18  32   3  33   0 0.00  0.0    0 12.4 18 320   M    M   0        23 330
30  67  26  47  18  18   0 0.00  0.0    0 11.5 20 180   M    M   0        25  10
31  43  16  30   1  35   0 0.00  0.0    0  9.9 18 190   M    M   0        24 190
================================================================================
SM 1253  353      1202   0  0.60     5.0 351.7          M       61
================================================================================
AV 40.4 11.4                              11.3 FASTST   M    M   2    MAX(MPH)
                                 MISC ---->  # 48 230               # 65  220
================================================================================
NOTES:
# LAST OF SEVERAL OCCURRENCES

COLUMN 17 PEAK WIND IN M.P.H.

PRELIMINARY LOCAL CLIMATOLOGICAL DATA (WS FORM: F-6) , PAGE 2

                                          STATION:  GOODLAND KS
                                          MONTH:    DECEMBER
                                          YEAR:     2016
                                          LATITUDE:   39 22 N
                                          LONGITUDE: 101 42 W

[TEMPERATURE DATA]      [PRECIPITATION DATA]       SYMBOLS USED IN COLUMN 16

AVERAGE MONTHLY: 25.9   TOTAL FOR MONTH:   0.60    1 = FOG OR MIST
DPTR FM NORMAL:  -4.0   DPTR FM NORMAL:    0.14    2 = FOG REDUCING VISIBILITY
HIGHEST:    67 ON 30    GRTST 24HR  0.36 ON 25-25      TO 1/4 MILE OR LESS
LOWEST:    -15 ON 17                               3 = THUNDER
                        SNOW, ICE PELLETS, HAIL    4 = ICE PELLETS
                        TOTAL MONTH:   5.0 INCHES  5 = HAIL
                        GRTST 24HR   2.7 ON   M    6 = FREEZING RAIN OR DRIZZLE
                        GRTST DEPTH:   3 ON 18     7 = DUSTSTORM OR SANDSTORM:
                                                       VSBY 1/2 MILE OR LESS
                                                   8 = SMOKE OR HAZE
[NO. OF DAYS WITH]      [WEATHER - DAYS WITH]      9 = BLOWING SNOW
                                                   X = TORNADO
MAX 32 OR BELOW:   8    0.01 INCH OR MORE:   6
MAX 90 OR ABOVE:   0    0.10 INCH OR MORE:   2
MIN 32 OR BELOW:  31    0.50 INCH OR MORE:   0
MIN  0 OR BELOW:   3    1.00 INCH OR MORE:   0

[HDD (BASE 65) ]
TOTAL THIS MO.  1202    CLEAR  (SCALE 0-3)  22
DPTR FM NORMAL   114    PTCLDY (SCALE 4-7)   9
TOTAL FM JUL 1  2065    CLOUDY (SCALE 8-10)  0
DPTR FM NORMAL  -342

[CDD (BASE 65) ]
TOTAL THIS MO.     0
DPTR FM NORMAL     0    [PRESSURE DATA]
TOTAL FM JAN 1  1103    HIGHEST SLP 30.81 ON  8
DPTR FM NORMAL   162    LOWEST  SLP 29.14 ON 25

[REMARKS]
#FINAL-12-16#
