000
CXUS53 KLSX 011600
CF6SUS
PRELIMINARY LOCAL CLIMATOLOGICAL DATA (WS FORM: F-6)

                                          STATION:   SPIRIT OF ST LOUIS MO
                                          MONTH:     JUNE
                                          YEAR:      2011
                                          LATITUDE:   38 39 N
                                          LONGITUDE:  90 38 W

  TEMPERATURE IN F:       :PCPN:    SNOW:  WIND      :SUNSHINE: SKY     :PK WND
================================================================================
1   2   3   4   5  6A  6B    7    8   9   10  11  12  13   14  15   16   17  18
                                     12Z  AVG MX 2MIN
DY MAX MIN AVG DEP HDD CDD  WTR  SNW DPTH SPD SPD DIR MIN PSBL S-S WX    SPD DR
================================================================================

 1  90  59  75   M   0  10 0.00  0.0    0  0.8  8 300   M    M   3        21 210
 2  85  68  77   M   0  12    T  0.0    0  5.0 13  90   M    M   4        16  80
 3  95  67  81   M   0  16 0.00  0.0    0  5.3 13 210   M    M   2 18     17 180
 4  97  72  85   M   0  20 0.00  0.0    0  5.2 13 280   M    M   0 18     17 260
 5  89  70  80   M   0  15 0.00  0.0    0  3.7  9 200   M    M   3 1       M  M
 6  94  67  81   M   0  16 0.00  0.0    0  4.0  7 210   M    M   0 18      9 200
 7  95  67  81   M   0  16 0.00  0.0    0  4.7 14 190   M    M   1 1      20 250
 8  95  70  83   M   0  18 0.00  0.0    0  6.6 16 200   M    M   1 18     22 240
 9  92  71  82   M   0  17 0.00  0.0    0  3.9 14 340   M    M   1 18     16 340
10  93  68  81   M   0  16 0.29  0.0    0  6.8 31 330   M    M   3 138    39 330
11  82  62  72   M   0   7 0.01  0.0    0  5.9 15 310   M    M   7 13     20 310
12  78  58  68   M   0   3    T  0.0    0  4.9 14  70   M    M   6 18     20  50
13  75  60  68   M   0   3 0.82  0.0    0  6.0 22  50   M    M   7 123     M  90
14  78  64  71   M   0   6 0.15  0.0    0  9.0 18 140   M    M   7 13     28 140
15  87  60  74   M   0   9 0.52  0.0    0  8.8 24 270   M    M   5 13     35 280
16  87  58  73   M   0   8    T  0.0    0  3.9  9 170   M    M   3        15 170
17  79  66  73   M   0   8 1.11  0.0    0  5.0 23 150   M    M   5 123    33 140
18  86  68  77   M   0  12 0.79  0.0    0  6.2 35 300   M    M   6 13     47 300
19  88  68  78   M   0  13 0.34  0.0    0  6.6 25 310   M    M   5 1      35 290
20  89  76  83   M   0  18 0.00  0.0    0  5.6 16 170   M    M   4        23 150
21  87  68  78   M   0  13 0.05  0.0    0  8.6 20 160   M    M   6 3      29 160
22  83  67  75   M   0  10 0.00  0.0    0 10.9 26 250   M    M   5        35 260
23  78  63  71   M   0   6 0.00  0.0    0  9.3 21 300   M    M   5        26 300
24  84  59  72   M   0   7 0.00  0.0    0  5.5 16 290   M    M   1        21 270
25  81  65  73   M   0   8 1.53  0.0    0  6.6 24  40   M    M   7 13     32  50
26  88  68  78   M   0  13 0.26  0.0    0  5.3 15 110   M    M   5 13     22 120
27  84  66  75   M   0  10 0.95    M    M  6.9 33 340   M    M   4 13     43 320
28  83  64  74   M   0   9 0.00    M    M  3.1 12 330   M    M   2        15 360
29  87  62  75   M   0  10 0.00  0.0    0  3.1  9 140   M    M   2        13 170
30  91  66  79   M   0  14 0.00  0.0    0  5.0 13 210   M    M   1        16 160
================================================================================
SM 2600 1967         0 343  6.82     0.0 172.2          M      111
================================================================================
AV 86.7 65.6                               5.7 FASTST   M    M   4    MAX(MPH)
                                 MISC ---->  # 35 300               # 47  300
================================================================================
NOTES:
# LAST OF SEVERAL OCCURRENCES

COLUMN 17 PEAK WIND IN M.P.H.

PRELIMINARY LOCAL CLIMATOLOGICAL DATA (WS FORM: F-6) , PAGE 2

                                          STATION:  SPIRIT OF ST LOUIS MO
                                          MONTH:    JUNE
                                          YEAR:     2011
                                          LATITUDE:   38 39 N
                                          LONGITUDE:  90 38 W

[TEMPERATURE DATA]      [PRECIPITATION DATA]       SYMBOLS USED IN COLUMN 16

AVERAGE MONTHLY: 76.1   TOTAL FOR MONTH:   6.82    1 = FOG OR MIST
DPTR FM NORMAL:     M   DPTR FM NORMAL:       M    2 = FOG REDUCING VISIBILITY
HIGHEST:    97 ON  4    GRTST 24HR  1.88 ON 17-18      TO 1/4 MILE OR LESS
LOWEST:     58 ON 16,12                            3 = THUNDER
                        SNOW, ICE PELLETS, HAIL    4 = ICE PELLETS
                        TOTAL MONTH:   0.0 INCH    5 = HAIL
                        GRTST 24HR     0.0         6 = FREEZING RAIN OR DRIZZLE
                        GRTST DEPTH:   0           7 = DUSTSTORM OR SANDSTORM:
                                                       VSBY 1/2 MILE OR LESS
                                                   8 = SMOKE OR HAZE
[NO. OF DAYS WITH]      [WEATHER - DAYS WITH]      9 = BLOWING SNOW
                                                   X = TORNADO
MAX 32 OR BELOW:   0    0.01 INCH OR MORE:  12
MAX 90 OR ABOVE:   9    0.10 INCH OR MORE:  10
MIN 32 OR BELOW:   0    0.50 INCH OR MORE:   6
MIN  0 OR BELOW:   0    1.00 INCH OR MORE:   2

[HDD (BASE 65) ]
TOTAL THIS MO.     0    CLEAR  (SCALE 0-3)  12
DPTR FM NORMAL     M    PTCLDY (SCALE 4-7)  18
TOTAL FM JUL 1  4893    CLOUDY (SCALE 8-10)  0
DPTR FM NORMAL     M

[CDD (BASE 65) ]
TOTAL THIS MO.   343
DPTR FM NORMAL     M    [PRESSURE DATA]
TOTAL FM JAN 1   526    HIGHEST SLP 30.28 ON  1
DPTR FM NORMAL     M    LOWEST  SLP 29.57 ON 21

[REMARKS]
#FINAL-06-11#
