000
CXUS53 KLSX 011600
CF6SUS
PRELIMINARY LOCAL CLIMATOLOGICAL DATA (WS FORM: F-6)

                                          STATION:   SPIRIT OF ST LOUIS MO
                                          MONTH:     OCTOBER
                                          YEAR:      2010
                                          LATITUDE:   38 39 N
                                          LONGITUDE:  90 38 W

  TEMPERATURE IN F:       :PCPN:    SNOW:  WIND      :SUNSHINE: SKY     :PK WND
================================================================================
1   2   3   4   5  6A  6B    7    8   9   10  11  12  13   14  15   16   17  18
                                     12Z  AVG MX 2MIN
DY MAX MIN AVG DEP HDD CDD  WTR  SNW DPTH SPD SPD DIR MIN PSBL S-S WX    SPD DR
================================================================================

 1  74  44  59   M   6   0 0.00  0.0    0  1.1  9 330   M    M   0        14  10
 2  63  44  54   M  11   0    T  0.0    0  7.2 21 330   M    M   4        28 350
 3  62  38  50   M  15   0 0.00  0.0    0  5.1 15  30   M    M   2 1      20 360
 4  63  34  49   M  16   0 0.00  0.0    0  3.0 12  50   M    M   1 1      15  40
 5  69  36  53   M  12   0 0.00  0.0    0  0.7  6  70   M    M   2 12      9 150
 6  77  38  58   M   7   0 0.00  0.0    0  3.9 15 250   M    M   0 12     17 250
 7  79  46  63   M   2   0 0.00  0.0    0  1.6  8 310   M    M   0 1      13 300
 8  82  41  62   M   3   0 0.00  0.0    0  1.2  9 230   M    M   1 12     12 200
 9  86  49  68   M   0   3 0.00  0.0    0  0.7  7 240   M    M   0 12     10 110
10  86  50  68   M   0   3 0.00  0.0    0  1.9 15 240   M    M   2 12     20 250
11  84  52  68   M   0   3 0.00  0.0    0  1.4 12 140   M    M   3 1      15 140
12  80  51  66   M   0   1 0.01  0.0    0  1.3 10  10   M    M   3 1      13 350
13  71  45  58   M   7   0    T  0.0    0  7.1 20 330   M    M   3        26 330
14  72  38  55   M  10   0 0.00  0.0    0  6.4 20 250   M    M   0        23 250
15  71  41  56   M   9   0 0.00  0.0    0  4.1 14 330   M    M   0        17 330
16  79  36  58   M   7   0 0.00  0.0    0  3.4 16 210   M    M   0 1      21 220
17  77  48  63   M   2   0 0.00  0.0    0  1.6  9 250   M    M   1        12 230
18  79  45  62   M   3   0 0.00  0.0    0  3.6 16 340   M    M   4 1      21 330
19  66  38  52   M  13   0 0.00  0.0    0  0.8  8  40   M    M   4        10 340
20  75  37  56   M   9   0 0.00  0.0    0  6.6 18 250   M    M   0        23 260
21  69  39  54   M  11   0 0.00  0.0    0  4.6 15 320   M    M   0        18 320
22  78  37  58   M   7   0 0.00  0.0    0  4.1 14 190   M    M   4        20 140
23  84  68  76   M   0  11    T  0.0    0  9.0 22 220   M    M   5        30 200
24  78  59  69   M   0   4 0.41  0.0    0  6.6 24 290   M    M   5 13     40 280
25  76  53  65   M   0   0 0.00  0.0    0  8.9 23 180   M    M   5 12     37 180
26  77  56  67   M   0   2 0.38  0.0    0 17.4 41 240   M    M   2 1      53 250
27  71  50  61   M   4   0 0.00  0.0    0 12.7 28 250   M    M   3        37 250
28  53  34  44   M  21   0 0.00  0.0    0 10.7 21 310   M    M   3        25 300
29  61  27  44   M  21   0 0.00  0.0    0  2.4  7  80   M    M   1 1       9 180
30  75  33  54   M  11   0 0.00  0.0    0  6.1 17 250   M    M   2        25 250
31  61  37  49   M  16   0 0.00  0.0    0  7.6 17  60   M    M   1        21  60
================================================================================
SM 2278 1344       223  27  0.80     0.0 152.8          M       61
================================================================================
AV 73.5 43.4                               4.9 FASTST   M    M   2    MAX(MPH)
                                 MISC ---->  # 41 240               # 53  250
================================================================================
NOTES:
# LAST OF SEVERAL OCCURRENCES

COLUMN 17 PEAK WIND IN M.P.H.

PRELIMINARY LOCAL CLIMATOLOGICAL DATA (WS FORM: F-6) , PAGE 2

                                          STATION:  SPIRIT OF ST LOUIS MO
                                          MONTH:    OCTOBER
                                          YEAR:     2010
                                          LATITUDE:   38 39 N
                                          LONGITUDE:  90 38 W

[TEMPERATURE DATA]      [PRECIPITATION DATA]       SYMBOLS USED IN COLUMN 16

AVERAGE MONTHLY: 58.4   TOTAL FOR MONTH:   0.80    1 = FOG OR MIST
DPTR FM NORMAL:     M   DPTR FM NORMAL:       M    2 = FOG REDUCING VISIBILITY
HIGHEST:    86 ON 10, 9 GRTST 24HR  0.42 ON 24-25      TO 1/4 MILE OR LESS
LOWEST:     27 ON 29                               3 = THUNDER
                        SNOW, ICE PELLETS, HAIL    4 = ICE PELLETS
                        TOTAL MONTH:   0.0 INCH    5 = HAIL
                        GRTST 24HR     0.0         6 = FREEZING RAIN OR DRIZZLE
                        GRTST DEPTH:   0           7 = DUSTSTORM OR SANDSTORM:
                                                       VSBY 1/2 MILE OR LESS
                                                   8 = SMOKE OR HAZE
[NO. OF DAYS WITH]      [WEATHER - DAYS WITH]      9 = BLOWING SNOW
                                                   X = TORNADO
MAX 32 OR BELOW:   0    0.01 INCH OR MORE:   3
MAX 90 OR ABOVE:   0    0.10 INCH OR MORE:   2
MIN 32 OR BELOW:   1    0.50 INCH OR MORE:   0
MIN  0 OR BELOW:   0    1.00 INCH OR MORE:   0

[HDD (BASE 65) ]
TOTAL THIS MO.   223    CLEAR  (SCALE 0-3)  23
DPTR FM NORMAL     M    PTCLDY (SCALE 4-7)   8
TOTAL FM JUL 1   250    CLOUDY (SCALE 8-10)  0
DPTR FM NORMAL     M

[CDD (BASE 65) ]
TOTAL THIS MO.    27
DPTR FM NORMAL     M    [PRESSURE DATA]
TOTAL FM JAN 1  1691    HIGHEST SLP 30.45 ON 29
DPTR FM NORMAL     M    LOWEST  SLP 29.04 ON 26

[REMARKS]
#FINAL-10-10#
