000
CDUS43 KMQT 052206
CLIMQT


CLIMATE REPORT
NATIONAL WEATHER SERVICE MARQUETTE MI
505 PM EST SUN FEB 5 2017


...................................

...THE MARQUETTE MI CLIMATE SUMMARY FOR FEBRUARY 5 2017...
VALID TODAY AS OF 0500 PM LOCAL TIME.

CLIMATE NORMAL PERIOD 1981 TO 2010
CLIMATE RECORD PERIOD 1961 TO 2017


WEATHER ITEM   OBSERVED RECORD YEAR NORMAL DEPARTURE LAST
                VALUE   VALUE       VALUE  FROM      YEAR
                                           NORMAL
...........................................................
TEMPERATURE (F)
 TODAY
  MAXIMUM         22     50    2005  23     -1       23
  MINIMUM         15    -18    1972   4     11       -1
  AVERAGE         19                 14      5       11

PRECIPITATION (IN)
  TODAY            0.01   1.37 1971   0.07  -0.06      T
  MONTH TO DATE    0.22               0.37  -0.15     0.90
  SINCE DEC 1      4.15               5.35  -1.20     7.73
  SINCE JAN 1      1.96               2.78  -0.82     2.86

SNOWFALL (IN)
  TODAY            0.4   16.7  1984   1.3   -0.9      0.3
  MONTH TO DATE    5.5                6.7   -1.2     10.7
  SINCE DEC 1     77.7               92.7  -15.0     67.1
  SINCE JUL 1     91.9              123.2  -31.3     75.0
  SNOW DEPTH      16

DEGREE DAYS
 HEATING
  TODAY           46                 51     -5       54
  MONTH TO DATE  267                258      9      223
  SINCE DEC 1   3131               3293   -162     2811
  SINCE JUL 1   4756               5495   -739     4643

 COOLING
  TODAY            0                  0      0        0
  MONTH TO DATE    0                  0      0        0
  SINCE DEC 1      0                  0      0        0
  SINCE JAN 1      0                  0      0        0
...........................................................


WIND (MPH)
  HIGHEST WIND SPEED    MM   HIGHEST WIND DIRECTION    MM
  HIGHEST GUST SPEED    26   HIGHEST GUST DIRECTION    NW (315)
  AVERAGE WIND SPEED    MM


SKY COVER
  POSSIBLE SUNSHINE  MM
  AVERAGE SKY COVER  MM


WEATHER CONDITIONS
 THE FOLLOWING WEATHER WAS RECORDED TODAY.
  LIGHT SNOW SHOWERS


RELATIVE HUMIDITY (PERCENT)
 HIGHEST    MM
 LOWEST     MM
 AVERAGE    MM

..........................................................


THE MARQUETTE MI CLIMATE NORMALS FOR TOMORROW
                         NORMAL    RECORD    YEAR
 MAXIMUM TEMPERATURE (F)   23        46      2002
 MINIMUM TEMPERATURE (F)    4       -18      1982


SUNRISE AND SUNSET
FEBRUARY  5 2017......SUNRISE   808 AM EST   SUNSET   601 PM EST
FEBRUARY  6 2017......SUNRISE   807 AM EST   SUNSET   602 PM EST


-  INDICATES NEGATIVE NUMBERS.
R  INDICATES RECORD WAS SET OR TIED.
MM INDICATES DATA IS MISSING.
T  INDICATES TRACE AMOUNT.




$$
