000
CDUS43 KMQT 160532
CLIMQT


CLIMATE REPORT
NATIONAL WEATHER SERVICE MARQUETTE MI
129 AM EDT TUE MAY 16 2017


...................................

...THE MARQUETTE MI CLIMATE SUMMARY FOR MAY 15 2017...

CLIMATE NORMAL PERIOD 1981 TO 2010
CLIMATE RECORD PERIOD 1961 TO 2017


WEATHER ITEM   OBSERVED RECORD YEAR NORMAL DEPARTURE LAST
                VALUE   VALUE       VALUE  FROM      YEAR
                                           NORMAL
...........................................................
TEMPERATURE (F)
 YESTERDAY
  MAXIMUM         60     88    1962  62     -2       51
  MINIMUM         40     24    1967  40      0       29
  AVERAGE         50                 51     -1       40

PRECIPITATION (IN)
  YESTERDAY        0.01   0.74 1965   0.09  -0.08     0.01
  MONTH TO DATE    0.77               1.34  -0.57     0.44
  SINCE MAR 1      8.01               7.38   0.63     7.61
  SINCE JAN 1     12.59              11.93   0.66    12.23

SNOWFALL (IN)
  YESTERDAY        0.0    2.8  2014   0.1   -0.1       T
  MONTH TO DATE    0.9                1.5   -0.6      1.1
  SINCE MAR 1     32.9               50.9  -18.0     60.8
  SINCE JUL 1    154.0              203.3  -49.3    160.9
  SNOW DEPTH       0

DEGREE DAYS
 HEATING
  YESTERDAY       15                 15      0       25
  MONTH TO DATE  318                258     60      280
  SINCE MAR 1   2318               2336    -18     2303
  SINCE JUL 1   8002               8960   -958     8070

 COOLING
  YESTERDAY        0                  0      0        0
  MONTH TO DATE    0                  0      0        0
  SINCE MAR 1      0                  1     -1        0
  SINCE JAN 1      0                  1     -1        0
...........................................................


WIND (MPH)
  RESULTANT WIND SPEED  MM   RESULTANT WIND DIRECTION  MM
  HIGHEST WIND SPEED    MM   HIGHEST WIND DIRECTION    MM
  HIGHEST GUST SPEED    18   HIGHEST GUST DIRECTION    SW (225)
  AVERAGE WIND SPEED    MM


SKY COVER
  POSSIBLE SUNSHINE  MM
  AVERAGE SKY COVER  MM


WEATHER CONDITIONS
 THE FOLLOWING WEATHER WAS RECORDED YESTERDAY.
  LIGHT RAIN


RELATIVE HUMIDITY (PERCENT)
 HIGHEST    MM
 LOWEST     MM
 AVERAGE    MM

..........................................................


THE MARQUETTE MI CLIMATE NORMALS FOR TODAY
                         NORMAL    RECORD    YEAR
 MAXIMUM TEMPERATURE (F)   62        90      1962
 MINIMUM TEMPERATURE (F)   40        23      1983


SUNRISE AND SUNSET
MAY 16 2017...........SUNRISE   615 AM EDT   SUNSET   919 PM EDT
MAY 17 2017...........SUNRISE   614 AM EDT   SUNSET   920 PM EDT


-  INDICATES NEGATIVE NUMBERS.
R  INDICATES RECORD WAS SET OR TIED.
MM INDICATES DATA IS MISSING.
T  INDICATES TRACE AMOUNT.




$$
