000
CDUS43 KMQT 110535
CLIMQT


CLIMATE REPORT
NATIONAL WEATHER SERVICE MARQUETTE MI
132 AM EDT MON APR 11 2016


...................................

...THE MARQUETTE MI CLIMATE SUMMARY FOR APRIL 10 2016...

CLIMATE NORMAL PERIOD 1981 TO 2010
CLIMATE RECORD PERIOD 1961 TO 2016


WEATHER ITEM   OBSERVED RECORD YEAR NORMAL DEPARTURE LAST
                VALUE   VALUE       VALUE  FROM      YEAR
                                           NORMAL
...........................................................
TEMPERATURE (F)
 YESTERDAY
  MAXIMUM         32     73    1977  45    -13       38
  MINIMUM         21     -3    2007  25     -4       30
  AVERAGE         27                 35     -8       34

PRECIPITATION (IN)
  YESTERDAY        0.03   1.08 2002   0.11  -0.08     1.05
  MONTH TO DATE    2.53               1.08   1.45     1.60
  SINCE MAR 1      5.87               4.11   1.76     2.86
  SINCE JAN 1     10.49               8.66   1.83     5.78

SNOWFALL (IN)
  YESTERDAY        1.3    8.6  2015   0.6    0.7      8.6
  MONTH TO DATE   39.2                7.1   32.1      9.7
  SINCE MAR 1     58.0               42.0   16.0     21.0
  SINCE JUL 1    158.1              194.4  -36.3    175.0
  SNOW DEPTH      20

DEGREE DAYS
 HEATING
  YESTERDAY       38                 30      8       31
  MONTH TO DATE  452                320    132      332
  SINCE MAR 1   1548               1583    -35     1581
  SINCE JUL 1   7315               8207   -892     8892

 COOLING
  YESTERDAY        0                  0      0        0
  MONTH TO DATE    0                  0      0        0
  SINCE MAR 1      0                  0      0        0
  SINCE JAN 1      0                  0      0        0
...........................................................


WIND (MPH)
  HIGHEST WIND SPEED    MM   HIGHEST WIND DIRECTION    MM
  HIGHEST GUST SPEED    31   HIGHEST GUST DIRECTION     S (180)
  AVERAGE WIND SPEED    MM


SKY COVER
  POSSIBLE SUNSHINE  MM
  AVERAGE SKY COVER  MM


WEATHER CONDITIONS
 THE FOLLOWING WEATHER WAS RECORDED YESTERDAY.
  LT FREEZING DRIZZLE
  LIGHT SNOW


RELATIVE HUMIDITY (PERCENT)
 HIGHEST    MM
 LOWEST     MM
 AVERAGE    MM

..........................................................


THE MARQUETTE MI CLIMATE NORMALS FOR TODAY
                         NORMAL    RECORD    YEAR
 MAXIMUM TEMPERATURE (F)   45        78      1977
 MINIMUM TEMPERATURE (F)   26         7      1973


SUNRISE AND SUNSET
APRIL 11 2016.........SUNRISE   710 AM EDT   SUNSET   833 PM EDT
APRIL 12 2016.........SUNRISE   708 AM EDT   SUNSET   835 PM EDT


-  INDICATES NEGATIVE NUMBERS.
R  INDICATES RECORD WAS SET OR TIED.
MM INDICATES DATA IS MISSING.
T  INDICATES TRACE AMOUNT.




$$
