000
CDUS43 KMQT 040510
CLIMQT


CLIMATE REPORT
NATIONAL WEATHER SERVICE MARQUETTE MI
110 AM EDT THU MAY 4 2017


...................................

...THE MARQUETTE MI CLIMATE SUMMARY FOR MAY 3 2017...

CLIMATE NORMAL PERIOD 1981 TO 2010
CLIMATE RECORD PERIOD 1961 TO 2017


WEATHER ITEM   OBSERVED RECORD YEAR NORMAL DEPARTURE LAST
                VALUE   VALUE       VALUE  FROM      YEAR
                                           NORMAL
...........................................................
TEMPERATURE (F)
 YESTERDAY
  MAXIMUM         65     80    2000  57      8       63
  MINIMUM         27     20    1967  36     -9       37
  AVERAGE         46                 46      0       50

PRECIPITATION (IN)
  YESTERDAY        0.00   0.71 1981   0.09  -0.09     0.18
                               2015
  MONTH TO DATE    0.60               0.27   0.33     0.18
  SINCE MAR 1      7.84               6.31   1.53     7.35
  SINCE JAN 1     12.42              10.86   1.56    11.97

SNOWFALL (IN)
  YESTERDAY        0.0    3.4  1973   0.1   -0.1      0.0
  MONTH TO DATE    0.9                0.3    0.6      0.0
  SINCE MAR 1     32.9               49.7  -16.8     59.7
  SINCE JUL 1    154.0              202.1  -48.1    159.8
  SNOW DEPTH       0

DEGREE DAYS
 HEATING
  YESTERDAY       19                 19      0       15
  MONTH TO DATE   75                 58     17       59
  SINCE MAR 1   2075               2136    -61     2082
  SINCE JUL 1   7759               8760  -1001     7849

 COOLING
  YESTERDAY        0                  0      0        0
  MONTH TO DATE    0                  0      0        0
  SINCE MAR 1      0                  1     -1        0
  SINCE JAN 1      0                  1     -1        0
...........................................................

WIND (MPH)
  RESULTANT WIND SPEED  MM   RESULTANT WIND DIRECTION  MM
  HIGHEST WIND SPEED    MM   HIGHEST WIND DIRECTION    MM
  HIGHEST GUST SPEED    18   HIGHEST GUST DIRECTION     W (270)
  AVERAGE WIND SPEED    MM

SKY COVER
  POSSIBLE SUNSHINE  MM
  AVERAGE SKY COVER  MM

WEATHER CONDITIONS
 THE FOLLOWING WEATHER WAS RECORDED YESTERDAY.
  NO SIGNIFICANT WEATHER WAS OBSERVED.

RELATIVE HUMIDITY (PERCENT)
 HIGHEST    MM
 LOWEST     MM
 AVERAGE    MM
..........................................................

THE MARQUETTE MI CLIMATE NORMALS FOR TODAY
                         NORMAL    RECORD    YEAR
 MAXIMUM TEMPERATURE (F)   57        85      1980
 MINIMUM TEMPERATURE (F)   36        21      1976
                                             1966


SUNRISE AND SUNSET
MAY  4 2017...........SUNRISE   631 AM EDT   SUNSET   904 PM EDT
MAY  5 2017...........SUNRISE   629 AM EDT   SUNSET   905 PM EDT


-  INDICATES NEGATIVE NUMBERS.
R  INDICATES RECORD WAS SET OR TIED.
MM INDICATES DATA IS MISSING.
T  INDICATES TRACE AMOUNT.




$$
