000
CDUS43 KMQT 240506
CLIMQT


CLIMATE REPORT
NATIONAL WEATHER SERVICE MARQUETTE MI
104 AM EDT WED SEP 24 2014


...................................

...THE MARQUETTE MI CLIMATE SUMMARY FOR SEPTEMBER 23 2014...

CLIMATE NORMAL PERIOD 1981 TO 2010
CLIMATE RECORD PERIOD 1961 TO 2014


WEATHER ITEM   OBSERVED RECORD YEAR NORMAL DEPARTURE LAST
                VALUE   VALUE       VALUE  FROM      YEAR
                                           NORMAL
...........................................................
TEMPERATURE (F)
 YESTERDAY
  MAXIMUM         74     82    2004  63     11       64
  MINIMUM         51     22    1974  43      8       35
  AVERAGE         63                 53     10       50

PRECIPITATION (IN)
  YESTERDAY        0.00   2.14 2010   0.14  -0.14     0.00
  MONTH TO DATE    3.60               2.76   0.84     1.92
  SINCE SEP 1      3.60               2.76   0.84     1.92
  SINCE JAN 1     30.34              25.13   5.21    29.67

SNOWFALL (IN)
  YESTERDAY        0.0    0.3  1989   0.0    0.0      0.0
  MONTH TO DATE    0.0                0.0    0.0      0.0
  SINCE SEP 1      0.0                0.0    0.0      0.0
  SINCE JUL 1      T                  0.0    0.0      0.0
  SNOW DEPTH       0

DEGREE DAYS
 HEATING
  YESTERDAY        2                 12    -10       15
  MONTH TO DATE  231                198     33      208
  SINCE SEP 1    231                198     33      208
  SINCE JUL 1    478                383     95      422

 COOLING
  YESTERDAY        0                  0      0        0
  MONTH TO DATE    2                 21    -19       10
  SINCE SEP 1      2                 21    -19       10
  SINCE JAN 1    149                241    -92      280
...........................................................


WIND (MPH)
  RESULTANT WIND SPEED  MM   RESULTANT WIND DIRECTION  MM
  HIGHEST WIND SPEED    MM   HIGHEST WIND DIRECTION    MM
  HIGHEST GUST SPEED    17   HIGHEST GUST DIRECTION     W (270)
  AVERAGE WIND SPEED    MM


SKY COVER
  POSSIBLE SUNSHINE  MM
  AVERAGE SKY COVER  MM


WEATHER CONDITIONS
 THE FOLLOWING WEATHER WAS RECORDED YESTERDAY.
  NO SIGNIFICANT WEATHER WAS OBSERVED.


RELATIVE HUMIDITY (PERCENT)
 HIGHEST    MM
 LOWEST     MM
 AVERAGE    MM

..........................................................


THE MARQUETTE MI CLIMATE NORMALS FOR TODAY
                         NORMAL    RECORD    YEAR
 MAXIMUM TEMPERATURE (F)   62        84      2007
 MINIMUM TEMPERATURE (F)   43        25      1989


SUNRISE AND SUNSET
SEPTEMBER 24 2014.....SUNRISE   740 AM EDT   SUNSET   744 PM EDT
SEPTEMBER 25 2014.....SUNRISE   741 AM EDT   SUNSET   742 PM EDT


-  INDICATES NEGATIVE NUMBERS.
R  INDICATES RECORD WAS SET OR TIED.
MM INDICATES DATA IS MISSING.
T  INDICATES TRACE AMOUNT.




$$
