000
CDUS43 KMQT 130520
CLIMQT


CLIMATE REPORT
NATIONAL WEATHER SERVICE MARQUETTE MI
1220 AM EST FRI JAN 13 2017


...................................

...THE MARQUETTE MI CLIMATE SUMMARY FOR JANUARY 12 2017...

CLIMATE NORMAL PERIOD 1981 TO 2010
CLIMATE RECORD PERIOD 1961 TO 2017


WEATHER ITEM   OBSERVED RECORD YEAR NORMAL DEPARTURE LAST
                VALUE   VALUE       VALUE  FROM      YEAR
                                           NORMAL
...........................................................
TEMPERATURE (F)
 YESTERDAY
  MAXIMUM         15     44    1987  22     -7       10
  MINIMUM          2    -19    1977   6     -4       -1
  AVERAGE          9                 14     -5        5

PRECIPITATION (IN)
  YESTERDAY        T      1.04 1963   0.08  -0.08     0.10
  MONTH TO DATE    0.98               0.94   0.04     0.94
  SINCE DEC 1      3.17               3.51  -0.34     5.81
  SINCE JAN 1      0.98               0.94   0.04     0.94

SNOWFALL (IN)
  YESTERDAY        T     12.0  1963   1.5   -1.5      2.2
  MONTH TO DATE   16.4               16.6   -0.2     15.9
  SINCE DEC 1     58.4               59.4   -1.0     34.8
  SINCE JUL 1     72.6               89.9  -17.3     42.7
  SNOW DEPTH      18

DEGREE DAYS
 HEATING
  YESTERDAY       56                 51      5       60
  MONTH TO DATE  647                608     39      550
  SINCE DEC 1   2080               2048     32     1660
  SINCE JUL 1   3705               4250   -545     3492

 COOLING
  YESTERDAY        0                  0      0        0
  MONTH TO DATE    0                  0      0        0
  SINCE DEC 1      0                  0      0        0
  SINCE JAN 1      0                  0      0        0
...........................................................

WIND (MPH)
  RESULTANT WIND SPEED  MM   RESULTANT WIND DIRECTION  MM
  HIGHEST WIND SPEED    MM   HIGHEST WIND DIRECTION    MM
  HIGHEST GUST SPEED    37   HIGHEST GUST DIRECTION    NW (315)
  AVERAGE WIND SPEED    MM

SKY COVER
  POSSIBLE SUNSHINE  MM
  AVERAGE SKY COVER  MM

WEATHER CONDITIONS
 THE FOLLOWING WEATHER WAS RECORDED YESTERDAY.
  LIGHT SNOW
  BLOWING SNOW

RELATIVE HUMIDITY (PERCENT)
 HIGHEST    MM
 LOWEST     MM
 AVERAGE    MM
..........................................................

THE MARQUETTE MI CLIMATE NORMALS FOR TODAY
                         NORMAL    RECORD    YEAR
 MAXIMUM TEMPERATURE (F)   22        43      1987
 MINIMUM TEMPERATURE (F)    5       -19      1977


SUNRISE AND SUNSET
JANUARY 13 2017.......SUNRISE   831 AM EST   SUNSET   528 PM EST
JANUARY 14 2017.......SUNRISE   830 AM EST   SUNSET   529 PM EST


-  INDICATES NEGATIVE NUMBERS.
R  INDICATES RECORD WAS SET OR TIED.
MM INDICATES DATA IS MISSING.
T  INDICATES TRACE AMOUNT.




$$
