740
CDUS43 KMQT 280528
CLIMQT


CLIMATE REPORT
NATIONAL WEATHER SERVICE MARQUETTE MI
126 AM EDT TUE MAR 28 2017


...................................

...THE MARQUETTE MI CLIMATE SUMMARY FOR MARCH 27 2017...

CLIMATE NORMAL PERIOD 1981 TO 2010
CLIMATE RECORD PERIOD 1961 TO 2017


WEATHER ITEM   OBSERVED RECORD YEAR NORMAL DEPARTURE LAST
                VALUE   VALUE       VALUE  FROM      YEAR
                                           NORMAL
...........................................................
TEMPERATURE (F)
 YESTERDAY
  MAXIMUM         40     68    1989  39      1       38
  MINIMUM         29    -11    1965  19     10       31
  AVERAGE         35                 28      7       35

PRECIPITATION (IN)
  YESTERDAY        T      0.90 1991   0.10  -0.10     0.13
  MONTH TO DATE    1.84               2.63  -0.79     2.55
  SINCE MAR 1      1.84               2.63  -0.79     2.55
  SINCE JAN 1      6.42               7.18  -0.76     7.17

SNOWFALL (IN)
  YESTERDAY        0.0    7.5  2000   0.9   -0.9      0.1
  MONTH TO DATE   19.9               31.6  -11.7     14.9
  SINCE MAR 1     19.9               31.6  -11.7     14.9
  SINCE JUL 1    141.0              184.0  -43.0    115.0
  SNOW DEPTH       7

DEGREE DAYS
 HEATING
  YESTERDAY       30                 36     -6       30
  MONTH TO DATE 1133               1121     12      974
  SINCE MAR 1   1133               1121     12      974
  SINCE JUL 1   6817               7745   -928     6741

 COOLING
  YESTERDAY        0                  0      0        0
  MONTH TO DATE    0                  0      0        0
  SINCE MAR 1      0                  0      0        0
  SINCE JAN 1      0                  0      0        0
...........................................................


WIND (MPH)
  HIGHEST WIND SPEED    MM   HIGHEST WIND DIRECTION    MM
  HIGHEST GUST SPEED    14   HIGHEST GUST DIRECTION     N (360)
  AVERAGE WIND SPEED    MM


SKY COVER
  POSSIBLE SUNSHINE  MM
  AVERAGE SKY COVER  MM


WEATHER CONDITIONS
 THE FOLLOWING WEATHER WAS RECORDED YESTERDAY.
  LIGHT RAIN
  LT FREEZING RAIN
  FOG


RELATIVE HUMIDITY (PERCENT)
 HIGHEST    MM
 LOWEST     MM
 AVERAGE    MM

..........................................................


THE MARQUETTE MI CLIMATE NORMALS FOR TODAY
                         NORMAL    RECORD    YEAR
 MAXIMUM TEMPERATURE (F)   39        68      1986
 MINIMUM TEMPERATURE (F)   19       -10      1966


SUNRISE AND SUNSET
MARCH 28 2017.........SUNRISE   737 AM EDT   SUNSET   814 PM EDT
MARCH 29 2017.........SUNRISE   735 AM EDT   SUNSET   815 PM EDT


-  INDICATES NEGATIVE NUMBERS.
R  INDICATES RECORD WAS SET OR TIED.
MM INDICATES DATA IS MISSING.
T  INDICATES TRACE AMOUNT.




$$
JLA
