000
CDUS43 KMQT 280507
CLIMQT


CLIMATE REPORT
NATIONAL WEATHER SERVICE MARQUETTE MI
107 AM EDT SAT JUN 28 2014


...................................

...THE MARQUETTE MI CLIMATE SUMMARY FOR JUNE 27 2014...

CLIMATE NORMAL PERIOD 1981 TO 2010
CLIMATE RECORD PERIOD 1961 TO 2014


WEATHER ITEM   OBSERVED RECORD YEAR NORMAL DEPARTURE LAST
                VALUE   VALUE       VALUE  FROM      YEAR
                                           NORMAL
...........................................................
TEMPERATURE (F)
 YESTERDAY
  MAXIMUM         78     94    1991  75      3       77
  MINIMUM         53     39    1992  53      0       60
  AVERAGE         66                 64      2       69

PRECIPITATION (IN)
  YESTERDAY        0.00   4.09 1968   0.09  -0.09     0.56
  MONTH TO DATE    5.51               2.59   2.92     3.07
  SINCE JUN 1      5.51               2.59   2.92     3.07
  SINCE JAN 1     17.97              16.23   1.74    20.41

SNOWFALL (IN)
  YESTERDAY        0.0   MM      MM   0.0    0.0      0.0
  MONTH TO DATE    0.0                0.0    0.0      0.0
  SINCE JUN 1      0.0                0.0    0.0      0.0
  SINCE JUL 1    198.9              203.3   -4.4    214.7
  SNOW DEPTH       0

DEGREE DAYS
 HEATING
  YESTERDAY        0                  4     -4        0
  MONTH TO DATE  163                172     -9      186
  SINCE JUN 1    163                172     -9      186
  SINCE JUL 1  10399               9324   1075     9329

 COOLING
  YESTERDAY        1                  2     -1        4
  MONTH TO DATE   25                 39    -14       39
  SINCE JUN 1     25                 39    -14       39
  SINCE JAN 1     45                 51     -6       52
...........................................................


WIND (MPH)
  RESULTANT WIND SPEED  MM   RESULTANT WIND DIRECTION  MM
  HIGHEST WIND SPEED    MM   HIGHEST WIND DIRECTION    MM
  HIGHEST GUST SPEED    22   HIGHEST GUST DIRECTION     S (180)
  AVERAGE WIND SPEED    MM


SKY COVER
  POSSIBLE SUNSHINE  MM
  AVERAGE SKY COVER  MM


WEATHER CONDITIONS
 THE FOLLOWING WEATHER WAS RECORDED YESTERDAY.
  NO SIGNIFICANT WEATHER WAS OBSERVED.


RELATIVE HUMIDITY (PERCENT)
 HIGHEST    MM
 LOWEST     MM
 AVERAGE    MM

..........................................................


THE MARQUETTE MI CLIMATE NORMALS FOR TODAY
                         NORMAL    RECORD    YEAR
 MAXIMUM TEMPERATURE (F)   75        93      1996
 MINIMUM TEMPERATURE (F)   53        36      2003


SUNRISE AND SUNSET
JUNE 28 2014..........SUNRISE   600 AM EDT   SUNSET   947 PM EDT
JUNE 29 2014..........SUNRISE   600 AM EDT   SUNSET   947 PM EDT


-  INDICATES NEGATIVE NUMBERS.
R  INDICATES RECORD WAS SET OR TIED.
MM INDICATES DATA IS MISSING.
T  INDICATES TRACE AMOUNT.

$$
