000
CDUS43 KMQT 020527
CLIMQT


CLIMATE REPORT
NATIONAL WEATHER SERVICE MARQUETTE MI
124 AM EDT TUE AUG 2 2016


...................................

...THE MARQUETTE MI CLIMATE SUMMARY FOR AUGUST 1 2016...

CLIMATE NORMAL PERIOD 1981 TO 2010
CLIMATE RECORD PERIOD 1961 TO 2016


WEATHER ITEM   OBSERVED RECORD YEAR NORMAL DEPARTURE LAST
                VALUE   VALUE       VALUE  FROM      YEAR
                                           NORMAL
...........................................................
TEMPERATURE (F)
 YESTERDAY
  MAXIMUM         83     92    2007  76      7       78
  MINIMUM         53     42    1962  54     -1       55
  AVERAGE         68                 65      3       67

PRECIPITATION (IN)
  YESTERDAY        0.00   2.30 1987   0.10  -0.10     0.00
  MONTH TO DATE    0.00               0.10  -0.10     0.00
  SINCE JUN 1      7.03               5.78   1.25     4.19
  SINCE JAN 1     23.24              19.42   3.82    15.51

SNOWFALL (IN)
  YESTERDAY        0.0   MM      MM   0.0    0.0      0.0
  MONTH TO DATE    0.0                0.0    0.0      0.0
  SINCE JUN 1      T                  0.0    0.0      0.0
  SINCE JUL 1      T                  0.0    0.0      0.0
  SNOW DEPTH       0

DEGREE DAYS
 HEATING
  YESTERDAY        0                  3     -3        0
  MONTH TO DATE    0                  3     -3        0
  SINCE JUN 1    237                264    -27      270
  SINCE JUL 1     55                 82    -27       68

 COOLING
  YESTERDAY        3                  3      0        2
  MONTH TO DATE    3                  3      0        2
  SINCE JUN 1    146                145      1      108
  SINCE JAN 1    157                157      0      110
...........................................................


WIND (MPH)
  HIGHEST WIND SPEED    MM   HIGHEST WIND DIRECTION    MM
  HIGHEST GUST SPEED    14   HIGHEST GUST DIRECTION     E (90)
  AVERAGE WIND SPEED    MM


SKY COVER
  POSSIBLE SUNSHINE  MM
  AVERAGE SKY COVER  MM


WEATHER CONDITIONS
 THE FOLLOWING WEATHER WAS RECORDED YESTERDAY.
  NO SIGNIFICANT WEATHER WAS OBSERVED.


RELATIVE HUMIDITY (PERCENT)
 HIGHEST    MM
 LOWEST     MM
 AVERAGE    MM

..........................................................


THE MARQUETTE MI CLIMATE NORMALS FOR TODAY
                         NORMAL    RECORD    YEAR
 MAXIMUM TEMPERATURE (F)   76        95      1988
 MINIMUM TEMPERATURE (F)   54        40      1976


SUNRISE AND SUNSET
AUGUST  2 2016........SUNRISE   633 AM EDT   SUNSET   919 PM EDT
AUGUST  3 2016........SUNRISE   634 AM EDT   SUNSET   918 PM EDT


-  INDICATES NEGATIVE NUMBERS.
R  INDICATES RECORD WAS SET OR TIED.
MM INDICATES DATA IS MISSING.
T  INDICATES TRACE AMOUNT.




$$
