947
CDUS43 KMQT 100531
CLIMQT


CLIMATE REPORT
NATIONAL WEATHER SERVICE MARQUETTE MI
131 AM EDT SAT JUN 10 2017


...................................

...THE MARQUETTE MI CLIMATE SUMMARY FOR JUNE 9 2017...

CLIMATE NORMAL PERIOD 1981 TO 2010
CLIMATE RECORD PERIOD 1961 TO 2017


WEATHER ITEM   OBSERVED RECORD YEAR NORMAL DEPARTURE LAST
                VALUE   VALUE       VALUE  FROM      YEAR
                                           NORMAL
...........................................................
TEMPERATURE (F)
 YESTERDAY
  MAXIMUM         66     87    2012  70     -4       71
                               1964
  MINIMUM         46     32    1977  48     -2       37
                               1971
                               1966
  AVERAGE         56                 59     -3       54

PRECIPITATION (IN)
  YESTERDAY        0.00   1.20 1964   0.10  -0.10     0.00
  MONTH TO DATE    0.38               0.93  -0.55     1.74
  SINCE JUN 1      0.38               0.93  -0.55     1.74
  SINCE JAN 1     15.22              14.57   0.65    17.95

SNOWFALL (IN)
  YESTERDAY        0.0   MM      MM   0.0    0.0      0.0
  MONTH TO DATE    0.0                0.0    0.0       T
  SINCE JUN 1      0.0                0.0    0.0       T
  SINCE JUL 1    154.0              203.3  -49.3    160.9
  SNOW DEPTH       0

DEGREE DAYS
 HEATING
  YESTERDAY        9                  7      2       11
  MONTH TO DATE   56                 75    -19       93
  SINCE JUN 1     56                 75    -19       93
  SINCE JUL 1   8289               9227   -938     8297

 COOLING
  YESTERDAY        0                  1     -1        0
  MONTH TO DATE    0                  9     -9        0
  SINCE JUN 1      0                  9     -9        0
  SINCE JAN 1      0                 21    -21       11
...........................................................


WIND (MPH)
  RESULTANT WIND SPEED  MM   RESULTANT WIND DIRECTION  MM
  HIGHEST WIND SPEED    MM   HIGHEST WIND DIRECTION    MM
  HIGHEST GUST SPEED    14   HIGHEST GUST DIRECTION    NE (45)
  AVERAGE WIND SPEED    MM


SKY COVER
  POSSIBLE SUNSHINE  MM
  AVERAGE SKY COVER  MM


WEATHER CONDITIONS
 THE FOLLOWING WEATHER WAS RECORDED YESTERDAY.
  NO SIGNIFICANT WEATHER WAS OBSERVED.


RELATIVE HUMIDITY (PERCENT)
 HIGHEST    MM
 LOWEST     MM
 AVERAGE    MM

..........................................................


THE MARQUETTE MI CLIMATE NORMALS FOR TODAY
                         NORMAL    RECORD    YEAR
 MAXIMUM TEMPERATURE (F)   70        90      2002
 MINIMUM TEMPERATURE (F)   48        30      1972


SUNRISE AND SUNSET
JUNE 10 2017..........SUNRISE   557 AM EDT   SUNSET   943 PM EDT
JUNE 11 2017..........SUNRISE   557 AM EDT   SUNSET   943 PM EDT


-  INDICATES NEGATIVE NUMBERS.
R  INDICATES RECORD WAS SET OR TIED.
MM INDICATES DATA IS MISSING.
T  INDICATES TRACE AMOUNT.




$$
