000
CDUS43 KFSD 300638
CLISUX


CLIMATE REPORT
NATIONAL WEATHER SERVICE SIOUX FALLS SD
137 AM CDT THU JUL 30 2015


...................................

...THE SIOUX CITY IA CLIMATE SUMMARY FOR JULY 29 2015...

CLIMATE NORMAL PERIOD 1981 TO 2010
CLIMATE RECORD PERIOD 1889 TO 2015


WEATHER ITEM   OBSERVED TIME   RECORD YEAR NORMAL DEPARTURE LAST
                VALUE   (LST)  VALUE       VALUE  FROM      YEAR
                                                  NORMAL
..................................................................
TEMPERATURE (F)
 YESTERDAY
  MAXIMUM         85    406 PM 107    1947  85      0       79
  MINIMUM         57    545 AM  48    1952  63     -6       52
  AVERAGE         71                        74     -3       66

PRECIPITATION (IN)
  YESTERDAY        0.00          2.68 1989   0.11  -0.11     0.00
  MONTH TO DATE    5.68                      3.23   2.45     3.60
  SINCE JUN 1      9.87                      7.12   2.75    20.25
  SINCE JAN 1     17.77                     17.10   0.67    25.50

SNOWFALL (IN)
  YESTERDAY        0.0           0.0    MM   0.0    0.0      0.0
  MONTH TO DATE    0.0                       0.0    0.0      0.0
  SINCE JUN 1      0.0                       0.0    0.0      0.0
  SINCE JUL 1      0.0                       0.0    0.0      0.0
  SNOW DEPTH       0

DEGREE DAYS
 HEATING
  YESTERDAY        0                         0      0        0
  MONTH TO DATE    3                         0      3        6
  SINCE JUN 1      5                        27    -22       26
  SINCE JUL 1      3                         0      3        6

 COOLING
  YESTERDAY        6                         9     -3        1
  MONTH TO DATE  267                       278    -11      190
  SINCE JUN 1    476                       466     10      385
  SINCE JAN 1    505                       530    -25      506
..................................................................


WIND (MPH)
  HIGHEST WIND SPEED    17   HIGHEST WIND DIRECTION     W (270)
  HIGHEST GUST SPEED    22   HIGHEST GUST DIRECTION     W (280)
  AVERAGE WIND SPEED     7.1


SKY COVER
  POSSIBLE SUNSHINE  MM
  AVERAGE SKY COVER 0.0


WEATHER CONDITIONS
 THE FOLLOWING WEATHER WAS RECORDED YESTERDAY.
  NO SIGNIFICANT WEATHER WAS OBSERVED.


RELATIVE HUMIDITY (PERCENT)
 HIGHEST    93           500 AM
 LOWEST     40           100 PM
 AVERAGE    67

..........................................................


THE SIOUX CITY IA CLIMATE NORMALS FOR TODAY
                         NORMAL    RECORD    YEAR
 MAXIMUM TEMPERATURE (F)   85       104      1955
 MINIMUM TEMPERATURE (F)   63        42      1971


SUNRISE AND SUNSET
JULY 30 2015..........SUNRISE   616 AM CDT   SUNSET   848 PM CDT
JULY 31 2015..........SUNRISE   617 AM CDT   SUNSET   846 PM CDT


-  INDICATES NEGATIVE NUMBERS.
R  INDICATES RECORD WAS SET OR TIED.
MM INDICATES DATA IS MISSING.
T  INDICATES TRACE AMOUNT.




$$
