000
CDUS43 KFSD 250633
CLISUX


CLIMATE REPORT
NATIONAL WEATHER SERVICE SIOUX FALLS SD
131 AM CDT TUE AUG 25 2015


...................................

...THE SIOUX CITY IA CLIMATE SUMMARY FOR AUGUST 24 2015...

CLIMATE NORMAL PERIOD 1981 TO 2010
CLIMATE RECORD PERIOD 1889 TO 2015


WEATHER ITEM   OBSERVED TIME   RECORD YEAR NORMAL DEPARTURE LAST
                VALUE   (LST)  VALUE       VALUE  FROM      YEAR
                                                  NORMAL
..................................................................
TEMPERATURE (F)
 YESTERDAY
  MAXIMUM         75    422 PM 108    1936  83     -8       85
  MINIMUM         45    607 AM  42    1928  60    -15       66
  AVERAGE         60                        71    -11       76

PRECIPITATION (IN)
  YESTERDAY        0.00          1.06 1900   0.10  -0.10     0.11
  MONTH TO DATE    3.74                      2.48   1.26     7.86
  SINCE JUN 1     13.61                      9.81   3.80    28.12
  SINCE JAN 1     21.51                     19.79   1.72    33.37

SNOWFALL (IN)
  YESTERDAY        0.0           0.0    MM   0.0    0.0      0.0
  MONTH TO DATE    0.0                       0.0    0.0      0.0
  SINCE JUN 1      0.0                       0.0    0.0      0.0
  SINCE JUL 1      0.0                       0.0    0.0      0.0
  SNOW DEPTH       0

DEGREE DAYS
 HEATING
  YESTERDAY        5                         1      4        0
  MONTH TO DATE   15                         2     13        0
  SINCE JUN 1     20                        32    -12       26
  SINCE JUL 1     18                         5     13        6

 COOLING
  YESTERDAY        0                         7     -7       11
  MONTH TO DATE  171                       192    -21      218
  SINCE JUN 1    668                       673     -5      606
  SINCE JAN 1    697                       737    -40      727
..................................................................


WIND (MPH)
  HIGHEST WIND SPEED    16   HIGHEST WIND DIRECTION    NW (330)
  HIGHEST GUST SPEED    19   HIGHEST GUST DIRECTION    NW (320)
  AVERAGE WIND SPEED     6.0


SKY COVER
  POSSIBLE SUNSHINE  MM
  AVERAGE SKY COVER 0.0


WEATHER CONDITIONS
 THE FOLLOWING WEATHER WAS RECORDED YESTERDAY.
  NO SIGNIFICANT WEATHER WAS OBSERVED.


RELATIVE HUMIDITY (PERCENT)
 HIGHEST    89           600 AM
 LOWEST     41           100 PM
 AVERAGE    65

..........................................................


THE SIOUX CITY IA CLIMATE NORMALS FOR TODAY
                         NORMAL    RECORD    YEAR
 MAXIMUM TEMPERATURE (F)   82       102      1955
 MINIMUM TEMPERATURE (F)   59        44      1915


SUNRISE AND SUNSET
AUGUST 25 2015........SUNRISE   643 AM CDT   SUNSET   811 PM CDT
AUGUST 26 2015........SUNRISE   644 AM CDT   SUNSET   810 PM CDT


-  INDICATES NEGATIVE NUMBERS.
R  INDICATES RECORD WAS SET OR TIED.
MM INDICATES DATA IS MISSING.
T  INDICATES TRACE AMOUNT.




$$
