000
CDUS43 KFSD 250640
CLISUX


CLIMATE REPORT
NATIONAL WEATHER SERVICE SIOUX FALLS SD
139 AM CDT THU MAY 25 2017


...................................

...THE SIOUX CITY IA CLIMATE SUMMARY FOR MAY 24 2017...

CLIMATE NORMAL PERIOD 1981 TO 2010
CLIMATE RECORD PERIOD 1889 TO 2017


WEATHER ITEM   OBSERVED TIME   RECORD YEAR NORMAL DEPARTURE LAST
                VALUE   (LST)  VALUE       VALUE  FROM      YEAR
                                                  NORMAL
..................................................................
TEMPERATURE (F)
 YESTERDAY
  MAXIMUM         68    442 PM  98    1939  76     -8       83
  MINIMUM         45    534 AM  34    1924  52     -7       58
  AVERAGE         57                        64     -7       71

PRECIPITATION (IN)
  YESTERDAY        0.00          1.26 1996   0.12  -0.12     0.00
  MONTH TO DATE    3.44                      2.85   0.59     3.32
  SINCE MAR 1      7.88                      7.80   0.08    12.19
  SINCE JAN 1      9.47                      9.09   0.38    14.03

SNOWFALL (IN)
  YESTERDAY        0.0           0.0    MM   0.0    0.0      0.0
  MONTH TO DATE    T                         0.2   -0.2      0.0
  SINCE MAR 1      3.1                       8.5   -5.4     14.5
  SINCE JUL 1     28.6                      35.0   -6.4     57.6
  SNOW DEPTH       0

DEGREE DAYS
 HEATING
  YESTERDAY        8                         4      4        0
  MONTH TO DATE  170                       160     10      169
  SINCE MAR 1   1378                      1518   -140     1196
  SINCE JUL 1   5615                      6812  -1197     5655

 COOLING
  YESTERDAY        0                         2     -2        6
  MONTH TO DATE   34                        34      0       17
  SINCE MAR 1     35                        45    -10       17
  SINCE JAN 1     35                        45    -10       17
..................................................................


WIND (MPH)
  HIGHEST WIND SPEED    15   HIGHEST WIND DIRECTION    SE (120)
  HIGHEST GUST SPEED    24   HIGHEST GUST DIRECTION    NE (50)
  AVERAGE WIND SPEED     7.1


SKY COVER
  POSSIBLE SUNSHINE  MM
  AVERAGE SKY COVER 0.4


WEATHER CONDITIONS
 THE FOLLOWING WEATHER WAS RECORDED YESTERDAY.
  NO SIGNIFICANT WEATHER WAS OBSERVED.


RELATIVE HUMIDITY (PERCENT)
 HIGHEST   100          1200 AM
 LOWEST     45           500 PM
 AVERAGE    73

..........................................................


THE SIOUX CITY IA CLIMATE NORMALS FOR TODAY
                         NORMAL    RECORD    YEAR
 MAXIMUM TEMPERATURE (F)   76       102      1967
 MINIMUM TEMPERATURE (F)   52        36      1925


SUNRISE AND SUNSET
MAY 25 2017...........SUNRISE   555 AM CDT   SUNSET   850 PM CDT
MAY 26 2017...........SUNRISE   554 AM CDT   SUNSET   851 PM CDT


-  INDICATES NEGATIVE NUMBERS.
R  INDICATES RECORD WAS SET OR TIED.
MM INDICATES DATA IS MISSING.
T  INDICATES TRACE AMOUNT.




$$
