698
CDUS43 KFSD 010637
CLISUX


CLIMATE REPORT
NATIONAL WEATHER SERVICE SIOUX FALLS SD
1237 AM CST MON FEB 1 2016


...................................

...THE SIOUX CITY IA CLIMATE SUMMARY FOR JANUARY 31 2016...

CLIMATE NORMAL PERIOD 1981 TO 2010
CLIMATE RECORD PERIOD 1889 TO 2016


WEATHER ITEM   OBSERVED TIME   RECORD YEAR NORMAL DEPARTURE LAST
                VALUE   (LST)  VALUE       VALUE  FROM      YEAR
                                                  NORMAL
..................................................................
TEMPERATURE (F)
 YESTERDAY
  MAXIMUM         43    309 PM  57    1989  32     11       38
                                      1987
                                      1906
  MINIMUM         28   1159 PM -25    1918  11     17       26
  AVERAGE         36                        22     14       32

PRECIPITATION (IN)
  YESTERDAY        0.04          0.67 1891   0.02   0.02     0.30
  MONTH TO DATE    0.73                      0.62   0.11     0.64
  SINCE DEC 1      3.59                      1.42   2.17     2.04
  SINCE JAN 1      0.73                      0.62   0.11     0.64

SNOWFALL (IN)
  YESTERDAY       MM             6.2  2002   0.2   MM        3.8
  MONTH TO DATE    4.9                       6.7   -1.8      8.3
  SINCE DEC 1     16.7                      14.5    2.2     12.1
  SINCE JUL 1     29.2                      19.9    9.3     16.6
  SNOW DEPTH       4

DEGREE DAYS
 HEATING
  YESTERDAY       29                        44    -15       33
  MONTH TO DATE 1322                      1386    -64     1257
  SINCE DEC 1   2367                      2700   -333     2387
  SINCE JUL 1   3473                      4176   -703     3882

 COOLING
  YESTERDAY        0                         0      0        0
  MONTH TO DATE    0                         0      0        0
  SINCE DEC 1      0                         0      0        0
  SINCE JAN 1      0                         0      0        0
..................................................................


WIND (MPH)
  HIGHEST WIND SPEED    14   HIGHEST WIND DIRECTION    NW (300)
  HIGHEST GUST SPEED    17   HIGHEST GUST DIRECTION     W (280)
  AVERAGE WIND SPEED     6.8


SKY COVER
  POSSIBLE SUNSHINE  MM
  AVERAGE SKY COVER 0.3


WEATHER CONDITIONS
 THE FOLLOWING WEATHER WAS RECORDED YESTERDAY.
  LIGHT RAIN


RELATIVE HUMIDITY (PERCENT)
 HIGHEST    96           500 AM
 LOWEST     70           100 PM
 AVERAGE    83

..........................................................


THE SIOUX CITY IA CLIMATE NORMALS FOR TODAY
                         NORMAL    RECORD    YEAR
 MAXIMUM TEMPERATURE (F)   32        58      1987
 MINIMUM TEMPERATURE (F)   11       -26      1917


SUNRISE AND SUNSET
FEBRUARY  1 2016......SUNRISE   740 AM CST   SUNSET   539 PM CST
FEBRUARY  2 2016......SUNRISE   739 AM CST   SUNSET   540 PM CST


-  INDICATES NEGATIVE NUMBERS.
R  INDICATES RECORD WAS SET OR TIED.
MM INDICATES DATA IS MISSING.
T  INDICATES TRACE AMOUNT.




$$
