000
CDUS41 KCLE 130532
CLITOL


CLIMATE REPORT
NATIONAL WEATHER SERVICE CLEVELAND OH
131 AM EDT MON MAR 13 2017


...................................

...THE TOLEDO OH CLIMATE SUMMARY FOR MARCH 12 2017...

CLIMATE NORMAL PERIOD 1981 TO 2010
CLIMATE RECORD PERIOD 1873 TO 2017


WEATHER ITEM   OBSERVED TIME   RECORD YEAR NORMAL DEPARTURE LAST
                VALUE   (LST)  VALUE       VALUE  FROM      YEAR
                                                  NORMAL
..................................................................
TEMPERATURE (F)
 YESTERDAY
  MAXIMUM         31    459 PM  76    1990  45    -14       61
  MINIMUM         15    724 AM -10    1948  27    -12       29
  AVERAGE         23                        36    -13       45

PRECIPITATION (IN)
  YESTERDAY        0.00                      0.07  -0.07      T
  MONTH TO DATE    0.63                      0.90  -0.27     0.99
  SINCE MAR 1      0.63                      0.90  -0.27     0.99
  SINCE JAN 1      6.40                      5.02   1.38     4.21

SNOWFALL (IN)
  YESTERDAY        0.0                       0.3   -0.3      0.0
  MONTH TO DATE    T                         2.9   -2.9      2.7
  SINCE MAR 1      T                         2.9   -2.9      2.7
  SINCE JUL 1     17.0                      33.4  -16.4     17.7
  SNOW DEPTH       0

DEGREE DAYS
 HEATING
  YESTERDAY       42                        29     13       20
  MONTH TO DATE  357                       372    -15      299
  SINCE MAR 1    357                       372    -15      299
  SINCE JUL 1   4202                      4948   -746     4197

 COOLING
  YESTERDAY        0                         0      0        0
  MONTH TO DATE    0                         0      0        0
  SINCE MAR 1      0                         0      0        0
  SINCE JAN 1      0                         0      0        0
..................................................................


WIND (MPH)
  HIGHEST WIND SPEED    13   HIGHEST WIND DIRECTION    NW (300)
  HIGHEST GUST SPEED    18   HIGHEST GUST DIRECTION     N (350)
  AVERAGE WIND SPEED     4.6


SKY COVER
  POSSIBLE SUNSHINE  MM
  AVERAGE SKY COVER 0.2


WEATHER CONDITIONS
 THE FOLLOWING WEATHER WAS RECORDED YESTERDAY.
  NO SIGNIFICANT WEATHER WAS OBSERVED.


RELATIVE HUMIDITY (PERCENT)
 HIGHEST    67           100 AM
 LOWEST     36           300 PM
 AVERAGE    52

..........................................................


THE TOLEDO OH CLIMATE NORMALS FOR TODAY
                         NORMAL    RECORD    YEAR
 MAXIMUM TEMPERATURE (F)   46        74      1995
 MINIMUM TEMPERATURE (F)   27        -4      2014


SUNRISE AND SUNSET
MARCH 13 2017.........SUNRISE   750 AM EDT   SUNSET   740 PM EDT
MARCH 14 2017.........SUNRISE   748 AM EDT   SUNSET   741 PM EDT


-  INDICATES NEGATIVE NUMBERS.
R  INDICATES RECORD WAS SET OR TIED.
MM INDICATES DATA IS MISSING.
T  INDICATES TRACE AMOUNT.




$$
