000
CDUS41 KCLE 070545
CLITOL


CLIMATE REPORT
NATIONAL WEATHER SERVICE CLEVELAND OH
145 AM EDT MON AUG 7 2017


...................................

...THE TOLEDO OH CLIMATE SUMMARY FOR AUGUST 6 2017...

CLIMATE NORMAL PERIOD 1981 TO 2010
CLIMATE RECORD PERIOD 1873 TO 2017


WEATHER ITEM   OBSERVED TIME   RECORD YEAR NORMAL DEPARTURE LAST
                VALUE   (LST)  VALUE       VALUE  FROM      YEAR
                                                  NORMAL
..................................................................
TEMPERATURE (F)
 YESTERDAY
  MAXIMUM         76    416 PM 103    1918  83     -7       85
  MINIMUM         56    124 AM  45    1994  62     -6       63
  AVERAGE         66                        72     -6       74

PRECIPITATION (IN)
  YESTERDAY        0.00                      0.11  -0.11     0.00
  MONTH TO DATE    0.41                      0.66  -0.25     0.13
  SINCE JUN 1      7.40                      7.46  -0.06     4.79
  SINCE JAN 1     25.26                     20.83   4.43    18.55

SNOWFALL (IN)
  YESTERDAY        0.0                       0.0    0.0      0.0
  MONTH TO DATE    0.0                       0.0    0.0      0.0
  SINCE JUN 1      0.0                       0.0    0.0      0.0
  SINCE JUL 1      0.0                       0.0    0.0      0.0
  SNOW DEPTH       0

DEGREE DAYS
 HEATING
  YESTERDAY        0                         0      0        0
  MONTH TO DATE    0                         0      0        0
  SINCE JUN 1     21                        38    -17       14
  SINCE JUL 1      0                         3     -3        1

 COOLING
  YESTERDAY        1                         8     -7        9
  MONTH TO DATE   28                        48    -20       71
  SINCE JUN 1    441                       483    -42      570
  SINCE JAN 1    486                       536    -50      639
..................................................................


WIND (MPH)
  HIGHEST WIND SPEED    12   HIGHEST WIND DIRECTION    SW (220)
  HIGHEST GUST SPEED    16   HIGHEST GUST DIRECTION    SW (240)
  AVERAGE WIND SPEED     3.8


SKY COVER
  POSSIBLE SUNSHINE  MM
  AVERAGE SKY COVER 0.4


WEATHER CONDITIONS
 THE FOLLOWING WEATHER WAS RECORDED YESTERDAY.
  FOG


RELATIVE HUMIDITY (PERCENT)
 HIGHEST   100          1200 AM
 LOWEST     58           500 PM
 AVERAGE    79

..........................................................


THE TOLEDO OH CLIMATE NORMALS FOR TODAY
                         NORMAL    RECORD    YEAR
 MAXIMUM TEMPERATURE (F)   83        99      1918
 MINIMUM TEMPERATURE (F)   62        48      1976


SUNRISE AND SUNSET
AUGUST  7 2017........SUNRISE   636 AM EDT   SUNSET   845 PM EDT
AUGUST  8 2017........SUNRISE   637 AM EDT   SUNSET   844 PM EDT


-  INDICATES NEGATIVE NUMBERS.
R  INDICATES RECORD WAS SET OR TIED.
MM INDICATES DATA IS MISSING.
T  INDICATES TRACE AMOUNT.




$$
