000
CDUS41 KCLE 062210
CLITOL


CLIMATE REPORT
NATIONAL WEATHER SERVICE CLEVELAND OH
510 PM EST MON FEB 6 2017


...................................

...THE TOLEDO OH CLIMATE SUMMARY FOR FEBRUARY 6 2017...
VALID TODAY AS OF 0500 PM LOCAL TIME.

CLIMATE NORMAL PERIOD 1981 TO 2010
CLIMATE RECORD PERIOD 1873 TO 2017


WEATHER ITEM   OBSERVED TIME   RECORD YEAR NORMAL DEPARTURE LAST
                VALUE   (LST)  VALUE       VALUE  FROM      YEAR
                                                  NORMAL
..................................................................
TEMPERATURE (F)
 TODAY
  MAXIMUM         52    459 PM  61    1938  34     18       38
  MINIMUM         20    815 AM  -6    2014  19      1       21
                                      1982
                                      1979
  AVERAGE         36                        26     10       30

PRECIPITATION (IN)
  TODAY            0.00                      0.07  -0.07     0.00
  MONTH TO DATE    0.03                      0.40  -0.37     0.32
  SINCE DEC 1      6.66                      5.13   1.53     4.77
  SINCE JAN 1      4.18                      2.45   1.73     1.79

SNOWFALL (IN)
  TODAY            0.0                       0.3   -0.3      0.0
  MONTH TO DATE    0.3                       2.2   -1.9       T
  SINCE DEC 1     16.3                      21.2   -4.9      5.9
  SINCE JUL 1     16.3                      23.3   -7.0      9.4
  SNOW DEPTH       0

DEGREE DAYS
 HEATING
  TODAY           29                        39    -10       35
  MONTH TO DATE  215                       234    -19      184
  SINCE DEC 1   2405                      2550   -145     2106
  SINCE JUL 1   3329                      3783   -454     3116

 COOLING
  TODAY            0                         0      0        0
  MONTH TO DATE    0                         0      0        0
  SINCE DEC 1      0                         0      0        0
  SINCE JAN 1      0                         0      0        0
..................................................................


WIND (MPH)
  HIGHEST WIND SPEED    12   HIGHEST WIND DIRECTION     S (200)
  HIGHEST GUST SPEED    17   HIGHEST GUST DIRECTION     S (190)


SKY COVER
  POSSIBLE SUNSHINE  MM
  AVERAGE SKY COVER 0.0


WEATHER CONDITIONS
 THE FOLLOWING WEATHER WAS RECORDED TODAY.
  FOG


RELATIVE HUMIDITY (PERCENT)
 HIGHEST   100           300 AM
 LOWEST     54           300 PM
 AVERAGE    77

..........................................................


THE TOLEDO OH CLIMATE NORMALS FOR TOMORROW
                         NORMAL    RECORD    YEAR
 MAXIMUM TEMPERATURE (F)   34        56      1925
 MINIMUM TEMPERATURE (F)   19        -9      1972


SUNRISE AND SUNSET
FEBRUARY  6 2017......SUNRISE   741 AM EST   SUNSET   558 PM EST
FEBRUARY  7 2017......SUNRISE   740 AM EST   SUNSET   559 PM EST


-  INDICATES NEGATIVE NUMBERS.
R  INDICATES RECORD WAS SET OR TIED.
MM INDICATES DATA IS MISSING.
T  INDICATES TRACE AMOUNT.




$$
