000
CDUS43 KFSD 280624
CLISUX


CLIMATE REPORT
NATIONAL WEATHER SERVICE SIOUX FALLS SD
123 AM CDT THU APR 28 2016


...................................

...THE SIOUX CITY IA CLIMATE SUMMARY FOR APRIL 27 2016...

CLIMATE NORMAL PERIOD 1981 TO 2010
CLIMATE RECORD PERIOD 1889 TO 2016


WEATHER ITEM   OBSERVED TIME   RECORD YEAR NORMAL DEPARTURE LAST
                VALUE   (LST)  VALUE       VALUE  FROM      YEAR
                                                  NORMAL
..................................................................
TEMPERATURE (F)
 YESTERDAY
  MAXIMUM         54   1253 AM  91    1989  67    -13       72
  MINIMUM         45   1159 PM  24    1950  42      3       33
  AVERAGE         50                        54     -4       53

PRECIPITATION (IN)
  YESTERDAY        1.35R         1.21 1955   0.10   1.25     0.00
  MONTH TO DATE    4.19                      2.63   1.56     2.53
  SINCE MAR 1      7.25                      4.63   2.62     3.41
  SINCE JAN 1      9.09                      5.92   3.17     4.37

SNOWFALL (IN)
  YESTERDAY        0.0           T    1994   0.0    0.0      0.0
                                      1965
                                      1961
  MONTH TO DATE    0.0                       1.7   -1.7      0.0
  SINCE MAR 1     14.5                       8.2    6.3       T
  SINCE JUL 1     57.6                      34.7   22.9     21.5
  SNOW DEPTH       0

DEGREE DAYS
 HEATING
  YESTERDAY       15                        11      4       12
  MONTH TO DATE  338                       443   -105      343
  SINCE MAR 1    971                      1327   -356     1050
  SINCE JUL 1   5430                      6621  -1191     6216

 COOLING
  YESTERDAY        0                         1     -1        0
  MONTH TO DATE    0                         7     -7        1
  SINCE MAR 1      0                         7     -7        1
  SINCE JAN 1      0                         7     -7        1
..................................................................


WIND (MPH)
  HIGHEST WIND SPEED    30   HIGHEST WIND DIRECTION     E (90)
  HIGHEST GUST SPEED    40   HIGHEST GUST DIRECTION     E (90)
  AVERAGE WIND SPEED    19.2


SKY COVER
  POSSIBLE SUNSHINE  MM
  AVERAGE SKY COVER 1.0


WEATHER CONDITIONS
 THE FOLLOWING WEATHER WAS RECORDED YESTERDAY.
  HEAVY RAIN
  RAIN
  LIGHT RAIN
  FOG


RELATIVE HUMIDITY (PERCENT)
 HIGHEST    92           900 AM
 LOWEST     80           100 PM
 AVERAGE    86

..........................................................


THE SIOUX CITY IA CLIMATE NORMALS FOR TODAY
                         NORMAL    RECORD    YEAR
 MAXIMUM TEMPERATURE (F)   67        98      1910
 MINIMUM TEMPERATURE (F)   42        27      2008
                                             1979


SUNRISE AND SUNSET
APRIL 28 2016.........SUNRISE   624 AM CDT   SUNSET   822 PM CDT
APRIL 29 2016.........SUNRISE   623 AM CDT   SUNSET   824 PM CDT


-  INDICATES NEGATIVE NUMBERS.
R  INDICATES RECORD WAS SET OR TIED.
MM INDICATES DATA IS MISSING.
T  INDICATES TRACE AMOUNT.




$$
