000
CXUS51 KBGM 031635 CCA
CF6BGM

PRELIMINARY LOCAL CLIMATOLOGICAL DATA (WS FORM: F-6)

                                          STATION:   BINGHAMTON NY
                                          MONTH:     NOVEMBER
                                          YEAR:      2012
                                          LATITUDE:   42 13 N
                                          LONGITUDE:  75 59 W

  TEMPERATURE IN F:       :PCPN:    SNOW:  WIND      :SUNSHINE: SKY     :PK WND
================================================================================
1   2   3   4   5  6A  6B    7    8   9   10  11  12  13   14  15   16   17  18
                                     12Z  AVG MX 2MIN
DY MAX MIN AVG DEP HDD CDD  WTR  SNW DPTH SPD SPD DIR MIN PSBL S-S WX    SPD DR
================================================================================

 1  43  37  40  -3  25   0 0.14  0.0    0  9.1 14 240   M    M   8 1      18 280
 2  39  32  36  -7  29   0 0.03    T    0  9.0 16 310   M    M  10 1      23 300
 3  38  32  35  -8  30   0 0.06    T    T  9.3 20 300   M    M   9 1      30 310
 4  35  30  33  -9  32   0 0.02  0.2    T  8.5 15 340   M    M  10 1      21 350
 5  34  30  32 -10  33   0    T    T    0  7.3 15 350   M    M  10        18 340
 6  38  25  32 -10  33   0 0.00  0.0    0  3.5 10 160   M    M   5        15 100
 7  35  23  29 -12  36   0 0.00  0.0    0  8.4 14  10   M    M   0        17 360
 8  40  26  33  -8  32   0 0.00  0.0    0 13.3 28 350   M    M   1        35 350
 9  42  28  35  -6  30   0 0.00  0.0    0  6.5 17 330   M    M   5        24 320
10  47  37  42   2  23   0 0.01  0.0    0  3.8 10 160   M    M   9 18     14 150
11  68  43  56  16   9   0 0.00  0.0    0  7.4 13 200   M    M   5        18 210
12  64  44  54  14  11   0 0.30  0.0    0 12.2 25 320   M    M   2 1      37 310
13  44  31  38  -1  27   0 0.54  1.4    1  6.5 17 300   M    M  10 12     25 320
14  40  28  34  -5  31   0 0.00  0.0    T  6.1 13  40   M    M   3        17  50
15  40  24  32  -7  33   0 0.00  0.0    T  2.2  8 240   M    M   0        10 240
16  43  25  34  -4  31   0 0.00  0.0    T  6.5 14  10   M    M   0        18  20
17  46  26  36  -2  29   0 0.00  0.0    0  3.7 10  70   M    M   0 1      13  60
18  46  25  36  -1  29   0 0.00  0.0    0  4.5  9 140   M    M   0 1      13 160
19  49  29  39   2  26   0 0.00  0.0    0  2.1  7 130   M    M   0        10 150
20  49  28  39   2  26   0 0.00  0.0    0  1.3  6 340   M    M   0         7 330
21  52  31  42   6  23   0 0.00  0.0    0  2.2  8  30   M    M   0        10  30
22  54  29  42   6  23   0 0.00  0.0    0  3.8  8 220   M    M   0        10 170
23  53  35  44   8  21   0 0.03  0.0    0  9.0 22 280   M    M   4        30 280
24  36  26  31  -4  34   0    T  0.1    0 13.2 26 280   M    M   9 1      40 300
25  30  27  29  -6  36   0 0.04  0.3    0 10.1 22 310   M    M   9 18     31 340
26  38  28  33  -1  32   0    T    T    T  7.6 17 280   M    M   8        22 270
27  32  28  30  -4  35   0 0.07  0.5    T  2.6  8 350   M    M  10 18     10 360
28  32  24  28  -6  37   0 0.03  0.7    T  5.9 15 250   M    M   9 1      18 260
29  41  26  34   1  31   0 0.00  0.0    T 10.0 18 270   M    M   2 8      23 240
30  32  28  30  -3  35   0 0.07  1.4    T  6.3 12 130   M    M   7 18     14 140
================================================================================
SM 1280  885       862   0  1.34     4.6 201.9          M      145
================================================================================
AV 42.7 29.5                               6.7 FASTST   M    M   5    MAX(MPH)
                                 MISC ---->  # 28 350               # 40  300
================================================================================
NOTES:
# LAST OF SEVERAL OCCURRENCES

COLUMN 17 PEAK WIND IN M.P.H.

PRELIMINARY LOCAL CLIMATOLOGICAL DATA (WS FORM: F-6) , PAGE 2

                                          STATION:  BINGHAMTON NY
                                          MONTH:    NOVEMBER
                                          YEAR:     2012
                                          LATITUDE:   42 13 N
                                          LONGITUDE:  75 59 W

[TEMPERATURE DATA]      [PRECIPITATION DATA]       SYMBOLS USED IN COLUMN 16

AVERAGE MONTHLY: 36.1   TOTAL FOR MONTH:   1.34    1 = FOG OR MIST
DPTR FM NORMAL:  -2.2   DPTR FM NORMAL:   -1.96    2 = FOG REDUCING VISIBILITY
HIGHEST:    68 ON 11    GRTST 24HR  0.84 ON 12-13      TO 1/4 MILE OR LESS
LOWEST:     23 ON  7                               3 = THUNDER
                        SNOW, ICE PELLETS, HAIL    4 = ICE PELLETS
                        TOTAL MONTH:   4.6 INCHES  5 = HAIL
                        GRTST 24HR   1.4 ON 13 30  6 = FREEZING RAIN OR DRIZZLE
                        GRTST DEPTH:   1 ON 13 30  7 = DUSTSTORM OR SANDSTORM:
                                                       VSBY 1/2 MILE OR LESS
                                                   8 = SMOKE OR HAZE
[NO. OF DAYS WITH]      [WEATHER - DAYS WITH]      9 = BLOWING SNOW
                                                   X = TORNADO
MAX 32 OR BELOW:   4    0.01 INCH OR MORE:  12
MAX 90 OR ABOVE:   0    0.10 INCH OR MORE:   3
MIN 32 OR BELOW:  25    0.50 INCH OR MORE:   1
MIN  0 OR BELOW:   0    1.00 INCH OR MORE:   0

[HDD (BASE 65) ]
TOTAL THIS MO.   862    CLEAR  (SCALE 0-3)  12
DPTR FM NORMAL    59    PTCLDY (SCALE 4-7)   6
TOTAL FM JUL 1  1533    CLOUDY (SCALE 8-10) 12
DPTR FM NORMAL   -42

[CDD (BASE 65) ]
TOTAL THIS MO.     0
DPTR FM NORMAL     0    [PRESSURE DATA]
TOTAL FM JAN 1   548    HIGHEST SLP 30.66 ON 18
DPTR FM NORMAL   167    LOWEST  SLP 29.48 ON  1

[REMARKS]
#FINAL-11-12#
