000
CXUS51 KBGM 051932
CF6BGM
PRELIMINARY LOCAL CLIMATOLOGICAL DATA (WS FORM: F-6)

                                          STATION:   BINGHAMTON NY
                                          MONTH:     AUGUST
                                          YEAR:      2011
                                          LATITUDE:   42 13 N
                                          LONGITUDE:  75 59 W

  TEMPERATURE IN F:       :PCPN:    SNOW:  WIND      :SUNSHINE: SKY     :PK WND
================================================================================
1   2   3   4   5  6A  6B    7    8   9   10  11  12  13   14  15   16   17  18
                                     12Z  AVG MX 2MIN
DY MAX MIN AVG DEP HDD CDD  WTR  SNW DPTH SPD SPD DIR MIN PSBL S-S WX    SPD DR
================================================================================

 1  88  64  76   7   0  11 0.28  0.0    0  7.2 16 350   M    M   2 13     25 350
 2  83  62  73   4   0   8 0.00  0.0    0  8.1 20 290   M    M   1        28 290
 3  73  61  67  -2   0   2 0.86  0.0    0  4.6 15 140   M    M   6 1      20 140
 4  75  63  69   0   0   4 0.12  0.0    0  5.2 10 120   M    M   8 12     31 200
 5  81  59  70   1   0   5 0.00  0.0    0  4.2 14 240   M    M   4 128    17 230
 6  70  65  68  -1   0   3 0.33  0.0    0  6.3 14 150   M    M   8 1      20 170
 7  80  67  74   6   0   9 1.74  0.0    0  5.0 18 180   M    M   6 1238   31 180
 8  78  66  72   4   0   7    T  0.0    0  6.9 17 330   M    M   5 128    24 340
 9  75  63  69   1   0   4 1.27  0.0    0  6.3 23 260   M    M   8 123    32 250
10  77  60  69   1   0   4 0.08  0.0    0  8.1 24 270   M    M   5 13     30 300
11  72  54  63  -5   2   0 0.00  0.0    0  6.6 20 270   M    M   3        24 290
12  78  52  65  -3   0   0 0.00  0.0    0  4.9 14 240   M    M   1        21  90
13  77  58  68   0   0   3 0.00  0.0    0  6.0 16 180   M    M   5        21 160
14  70  64  67  -1   0   2 0.32  0.0    0  5.4 14 130   M    M   8 1      17 130
15  66  62  64  -4   1   0 0.34  0.0    0  6.7 15 360   M    M  10 1      20 340
16  78  61  70   2   0   5 0.18  0.0    0  8.5 18 350   M    M   5 1      22  10
17  82  57  70   2   0   5 0.00  0.0    0  5.9 13 240   M    M   1        18 250
18  82  57  70   2   0   5 0.00  0.0    0  4.9 12 260   M    M   3        15 260
19  80  59  70   3   0   5 0.21  0.0    0  4.5 21 270   M    M   0 1      29 270
20  81  54  68   1   0   3 0.00  0.0    0  3.0  9 250   M    M   1 128    14 190
21  77  58  68   1   0   3 0.23  0.0    0  6.6 20 320   M    M   4 138    29 300
22  70  53  62  -5   3   0    T  0.0    0  8.8 21 340   M    M   3        28 350
23  74  51  63  -4   2   0 0.00  0.0    0  5.3 13 270   M    M   3        17 270
24  76  59  68   2   0   3 0.00  0.0    0 12.2 21 200   M    M   2        31 180
25  73  64  69   3   0   4 0.22  0.0    0  7.1 17 180   M    M   5 13     22 190
26  78  61  70   4   0   5 0.00  0.0    0  2.8  8 340   M    M   6 1      12  70
27  78  59  69   3   0   4 0.01  0.0    0  4.7 13  60   M    M   5 12     22 170
28  67  53  60  -6   5   0 2.71  0.0    0 17.1 32  10   M    M   9 1      45 360
29  69  48  59  -6   6   0 0.00  0.0    0  4.9 15 310   M    M   2        25 230
30  76  49  63  -2   2   0 0.00  0.0    0  3.2 12 320   M    M   1        23 180
31  76  55  66   1   0   1 0.00  0.0    0  3.0 10 220   M    M   0        13 220
================================================================================
SM 2360 1818        21 105  8.90     0.0 194.0          M      130
================================================================================
AV 76.1 58.6                               6.3 FASTST   M    M   4    MAX(MPH)
                                 MISC ---->  # 32  10               # 45  360
================================================================================
NOTES:
# LAST OF SEVERAL OCCURRENCES

COLUMN 17 PEAK WIND IN M.P.H.

PRELIMINARY LOCAL CLIMATOLOGICAL DATA (WS FORM: F-6) , PAGE 2

                                          STATION:  BINGHAMTON NY
                                          MONTH:    AUGUST
                                          YEAR:     2011
                                          LATITUDE:   42 13 N
                                          LONGITUDE:  75 59 W

[TEMPERATURE DATA]      [PRECIPITATION DATA]       SYMBOLS USED IN COLUMN 16

AVERAGE MONTHLY: 67.4   TOTAL FOR MONTH:   8.90    1 = FOG OR MIST
DPTR FM NORMAL:  -0.0   DPTR FM NORMAL:    5.45    2 = FOG REDUCING VISIBILITY
HIGHEST:    88 ON  1    GRTST 24HR  2.72 ON 27-28      TO 1/4 MILE OR LESS
LOWEST:     48 ON 29                               3 = THUNDER
                        SNOW, ICE PELLETS, HAIL    4 = ICE PELLETS
                        TOTAL MONTH:   0.0 INCH    5 = HAIL
                        GRTST 24HR     0.0         6 = FREEZING RAIN OR DRIZZLE
                        GRTST DEPTH:   0           7 = DUSTSTORM OR SANDSTORM:
                                                       VSBY 1/2 MILE OR LESS
                                                   8 = SMOKE OR HAZE
[NO. OF DAYS WITH]      [WEATHER - DAYS WITH]      9 = BLOWING SNOW
                                                   X = TORNADO
MAX 32 OR BELOW:   0    0.01 INCH OR MORE:  15
MAX 90 OR ABOVE:   0    0.10 INCH OR MORE:  13
MIN 32 OR BELOW:   0    0.50 INCH OR MORE:   4
MIN  0 OR BELOW:   0    1.00 INCH OR MORE:   3

[HDD (BASE 65) ]
TOTAL THIS MO.    21    CLEAR  (SCALE 0-3)  13
DPTR FM NORMAL   -18    PTCLDY (SCALE 4-7)  15
TOTAL FM JUL 1    22    CLOUDY (SCALE 8-10)  3
DPTR FM NORMAL   -41

[CDD (BASE 65) ]
TOTAL THIS MO.   105
DPTR FM NORMAL    -8    [PRESSURE DATA]
TOTAL FM JAN 1   484    HIGHEST SLP 30.26 ON 31
DPTR FM NORMAL   136    LOWEST  SLP 29.26 ON 28

[REMARKS]
#FINAL-08-11#
