000
CXUS51 KBGM 020040
CF6BGM
PRELIMINARY LOCAL CLIMATOLOGICAL DATA (WS FORM: F-6)

                                          STATION:   BINGHAMTON NY
                                          MONTH:     MAY
                                          YEAR:      2011
                                          LATITUDE:   42 13 N
                                          LONGITUDE:  75 59 W

  TEMPERATURE IN F:       :PCPN:    SNOW:  WIND      :SUNSHINE: SKY     :PK WND
================================================================================
1   2   3   4   5  6A  6B    7    8   9   10  11  12  13   14  15   16   17  18
                                     12Z  AVG MX 2MIN
DY MAX MIN AVG DEP HDD CDD  WTR  SNW DPTH SPD SPD DIR MIN PSBL S-S WX    SPD DR
================================================================================

 1  67  42  55   5  10   0 0.00  0.0    0  7.8 16 220   M    M   2        21 150
 2  63  50  57   6   8   0 0.07  0.0    0  7.6 14 350   M    M   9 18     22 150
 3  60  41  51   0  14   0 1.89  0.0    0  5.9 17 260   M    M   9 1238   22 260
 4  44  38  41 -11  24   0 0.38  0.0    0 10.1 18 350   M    M  10 18     24 360
 5  54  36  45  -7  20   0 0.02  0.0    0 10.9 26 320   M    M   2 1      37 320
 6  63  39  51  -2  14   0 0.00  0.0    0  8.9 18 260   M    M   1        23 240
 7  62  45  54   1  11   0    T  0.0    0  4.7 18 270   M    M   4 3      24 220
 8  61  41  51  -2  14   0 0.00  0.0    0  6.0 15 350   M    M   3 18     21 340
 9  63  45  54   0  11   0 0.00  0.0    0 11.4 21 360   M    M   3        29 360
10  69  43  56   2   9   0 0.00  0.0    0  6.3 13 350   M    M   0 8      21  30
11  72  47  60   6   5   0 0.00  0.0    0  5.8 14  40   M    M   0        21  20
12  75  49  62   7   3   0 0.00  0.0    0  3.1  9 250   M    M   0 8      12 110
13  68  54  61   6   4   0    T  0.0    0  9.9 15 150   M    M   8 18     21 160
14  59  56  58   2   7   0    T  0.0    0  7.9 13 160   M    M  10 18     18 150
15  61  48  55  -1  10   0 0.41  0.0    0  5.5 10 280   M    M  10 12     14 150
16  52  47  50  -6  15   0 0.11  0.0    0  4.8 10 280   M    M  10 12     13 290
17  60  48  54  -3  11   0 0.17  0.0    0  9.8 20 120   M    M  10 12     24 130
18  66  55  61   4   4   0 0.71  0.0    0 10.9 20 110   M    M  10 1      25 100
19  64  53  59   2   6   0 0.73  0.0    0  4.7 17 240   M    M   9 12     24 250
20  69  50  60   3   5   0 0.24  0.0    0  5.7 18 130   M    M   8 123    24  10
21  75  51  63   5   2   0    T  0.0    0  4.8 13  10   M    M   6 18     16  10
22  69  54  62   4   3   0    T  0.0    0  9.1 15 170   M    M   4 128    21 150
23  68  55  62   4   3   0 0.02  0.0    0  9.1 16 170   M    M   8 18     23 190
24  73  54  64   5   1   0 0.11  0.0    0  8.8 18 260   M    M   6 1      24 260
25  74  50  62   3   3   0 0.00  0.0    0  3.8 14 180   M    M   3 18     21 190
26  83  59  71  12   0   6 0.68  0.0    0  9.4 39 250   M    M   3 138    59 230
27  76  60  68   9   0   3 1.62  0.0    0  6.6 21 220   M    M   5 1238   30 210
28  76  60  68   8   0   3    T  0.0    0  8.7 20 210   M    M   3 1      28 220
29  83  65  74  14   0   9    T  0.0    0  8.0 16 230   M    M   4 138    22 230
30  80  63  72  12   0   7 0.32  0.0    0  5.2 15 330   M    M   4 138    21 340
31  87  62  75  15   0  10 0.00  0.0    0  3.6 10 260   M    M   2 128    13 260
================================================================================
SM 2096 1560       217  38  7.48     0.0 224.8          M      166
================================================================================
AV 67.6 50.3                               7.3 FASTST   M    M   5    MAX(MPH)
                                 MISC ---->  # 39 250               # 59  230
================================================================================
NOTES:
# LAST OF SEVERAL OCCURRENCES

COLUMN 17 PEAK WIND IN M.P.H.

PRELIMINARY LOCAL CLIMATOLOGICAL DATA (WS FORM: F-6) , PAGE 2

                                          STATION:  BINGHAMTON NY
                                          MONTH:    MAY
                                          YEAR:     2011
                                          LATITUDE:   42 13 N
                                          LONGITUDE:  75 59 W

[TEMPERATURE DATA]      [PRECIPITATION DATA]       SYMBOLS USED IN COLUMN 16

AVERAGE MONTHLY: 59.0   TOTAL FOR MONTH:   7.48    1 = FOG OR MIST
DPTR FM NORMAL:   3.1   DPTR FM NORMAL:    3.93    2 = FOG REDUCING VISIBILITY
HIGHEST:    87 ON 31    GRTST 24HR  2.26 ON  3- 4      TO 1/4 MILE OR LESS
LOWEST:     36 ON  5                               3 = THUNDER
                        SNOW, ICE PELLETS, HAIL    4 = ICE PELLETS
                        TOTAL MONTH:   0.0 INCH    5 = HAIL
                        GRTST 24HR     0.0         6 = FREEZING RAIN OR DRIZZLE
                        GRTST DEPTH:   0           7 = DUSTSTORM OR SANDSTORM:
                                                       VSBY 1/2 MILE OR LESS
                                                   8 = SMOKE OR HAZE
[NO. OF DAYS WITH]      [WEATHER - DAYS WITH]      9 = BLOWING SNOW
                                                   X = TORNADO
MAX 32 OR BELOW:   0    0.01 INCH OR MORE:  15
MAX 90 OR ABOVE:   0    0.10 INCH OR MORE:  12
MIN 32 OR BELOW:   0    0.50 INCH OR MORE:   5
MIN  0 OR BELOW:   0    1.00 INCH OR MORE:   2

[HDD (BASE 65) ]
TOTAL THIS MO.   217    CLEAR  (SCALE 0-3)  10
DPTR FM NORMAL   -75    PTCLDY (SCALE 4-7)  12
TOTAL FM JUL 1  7087    CLOUDY (SCALE 8-10)  9
DPTR FM NORMAL   -60

[CDD (BASE 65) ]
TOTAL THIS MO.    38
DPTR FM NORMAL    15    [PRESSURE DATA]
TOTAL FM JAN 1    43    HIGHEST SLP 30.28 ON  1
DPTR FM NORMAL    15    LOWEST  SLP 29.53 ON 15

[REMARKS]
#FINAL-05-11#
