000
CDUS41 KCLE 280529
CLITOL


CLIMATE REPORT
NATIONAL WEATHER SERVICE CLEVELAND OH
1228 AM EST SAT FEB 28 2015


...................................

...THE TOLEDO OH CLIMATE SUMMARY FOR FEBRUARY 27 2015...

CLIMATE NORMAL PERIOD 1981 TO 2010
CLIMATE RECORD PERIOD 1873 TO 2015


WEATHER ITEM   OBSERVED TIME   RECORD YEAR NORMAL DEPARTURE LAST
                VALUE   (LST)  VALUE       VALUE  FROM      YEAR
                                                  NORMAL
..................................................................
TEMPERATURE (F)
 YESTERDAY
  MAXIMUM         16    429 PM  66    1996  40    -24       16
  MINIMUM         -9    756 AM -10    1963  23    -32       -1
  AVERAGE          4                        32    -28        8

PRECIPITATION (IN)
  YESTERDAY        T                         0.08  -0.08      T
  MONTH TO DATE    1.55                      1.99  -0.44     3.89
  SINCE DEC 1      4.69                      6.72  -2.03    10.25
  SINCE JAN 1      3.60                      4.04  -0.44     7.18

SNOWFALL (IN)
  YESTERDAY        T                         0.2   -0.2       T
  MONTH TO DATE   25.0                       9.1   15.9     21.6
  SINCE DEC 1     37.2                      28.1    9.1     73.0
  SINCE JUL 1     40.0                      30.2    9.8     73.5
  SNOW DEPTH       9

DEGREE DAYS
 HEATING
  YESTERDAY       61                        34     27       57
  MONTH TO DATE 1403                       995    408     1260
  SINCE DEC 1   3758                      3311    447     3921
  SINCE JUL 1   5196                      4544    652     5269

 COOLING
  YESTERDAY        0                         0      0        0
  MONTH TO DATE    0                         0      0        0
  SINCE DEC 1      0                         0      0        0
  SINCE JAN 1      0                         0      0        0
..................................................................


WIND (MPH)
  HIGHEST WIND SPEED    12   HIGHEST WIND DIRECTION    SW (240)
  HIGHEST GUST SPEED    14   HIGHEST GUST DIRECTION    SW (240)
  AVERAGE WIND SPEED     3.7


SKY COVER
  POSSIBLE SUNSHINE  MM
  AVERAGE SKY COVER 0.0


WEATHER CONDITIONS
 THE FOLLOWING WEATHER WAS RECORDED YESTERDAY.
  LIGHT SNOW


RELATIVE HUMIDITY (PERCENT)
 HIGHEST    87           300 AM
 LOWEST     46           400 PM
 AVERAGE    67

..........................................................


THE TOLEDO OH CLIMATE NORMALS FOR TODAY
                         NORMAL    RECORD    YEAR
 MAXIMUM TEMPERATURE (F)   40        64      1880
 MINIMUM TEMPERATURE (F)   24        -7      2014


SUNRISE AND SUNSET
FEBRUARY 28 2015......SUNRISE   712 AM EST   SUNSET   624 PM EST
MARCH  1 2015.........SUNRISE   710 AM EST   SUNSET   625 PM EST


-  INDICATES NEGATIVE NUMBERS.
R  INDICATES RECORD WAS SET OR TIED.
MM INDICATES DATA IS MISSING.
T  INDICATES TRACE AMOUNT.




$$
