752
CDUS43 KDTX 160540
CLIFNT


CLIMATE REPORT
NATIONAL WEATHER SERVICE DETROIT/PONTIAC MI
1240 AM EST THU NOV 16 2017


...................................

...THE FLINT MI CLIMATE SUMMARY FOR NOVEMBER 15 2017...

CLIMATE NORMAL PERIOD 1981 TO 2010
CLIMATE RECORD PERIOD 1921 TO 2017


WEATHER ITEM   OBSERVED TIME   RECORD YEAR NORMAL DEPARTURE LAST
                VALUE   (LST)  VALUE       VALUE  FROM      YEAR
                                                  NORMAL
..................................................................
TEMPERATURE (F)
 YESTERDAY
  MAXIMUM         46    848 PM  69    1990  47     -1       60
  MINIMUM         39    154 PM  10    1933  31      8       33
  AVERAGE         43                        39      4       47

PRECIPITATION (IN)
  YESTERDAY        0.36          1.08 1973   0.10   0.26     0.00
  MONTH TO DATE    1.79                      1.37   0.42     0.61
  SINCE SEP 1      7.32                      7.59  -0.27     8.20
  SINCE JAN 1     33.01                     28.15   4.86    27.75

SNOWFALL (IN)
  YESTERDAY        0.0           2.1  1997   0.0    0.0      0.0
  MONTH TO DATE    T                         0.5   -0.5      0.0
  SINCE SEP 1      0.1                       0.9   -0.8       T
  SINCE JUL 1      0.1                       0.9   -0.8       T
  SNOW DEPTH       0

DEGREE DAYS
 HEATING
  YESTERDAY       22                        26     -4       18
  MONTH TO DATE  412                       348     64      239
  SINCE SEP 1    863                      1000   -137      678
  SINCE JUL 1    895                      1044   -149      678

 COOLING
  YESTERDAY        0                         0      0        0
  MONTH TO DATE    0                         0      0        0
  SINCE SEP 1    110                        54     56       83
  SINCE JAN 1    567                       531     36     1022
..................................................................


WIND (MPH)
  HIGHEST WIND SPEED    25   HIGHEST WIND DIRECTION     W (260)
  HIGHEST GUST SPEED    35   HIGHEST GUST DIRECTION     W (270)
  AVERAGE WIND SPEED    13.2


SKY COVER
  POSSIBLE SUNSHINE  MM
  AVERAGE SKY COVER 1.0


WEATHER CONDITIONS
 THE FOLLOWING WEATHER WAS RECORDED YESTERDAY.
  RAIN
  LIGHT RAIN
  FOG


RELATIVE HUMIDITY (PERCENT)
 HIGHEST    92           200 PM
 LOWEST     62           300 AM
 AVERAGE    77

..........................................................


THE FLINT MI CLIMATE NORMALS FOR TODAY
                         NORMAL    RECORD    YEAR
 MAXIMUM TEMPERATURE (F)   47        68      1953
                                             1931
 MINIMUM TEMPERATURE (F)   31         7      1933


SUNRISE AND SUNSET
NOVEMBER 16 2017......SUNRISE   729 AM EST   SUNSET   510 PM EST
NOVEMBER 17 2017......SUNRISE   730 AM EST   SUNSET   509 PM EST


-  INDICATES NEGATIVE NUMBERS.
R  INDICATES RECORD WAS SET OR TIED.
MM INDICATES DATA IS MISSING.
T  INDICATES TRACE AMOUNT.




$$
