000
CDUS43 KDTX 282126
CLIFNT


CLIMATE REPORT
NATIONAL WEATHER SERVICE DETROIT/PONTIAC MI
426 PM EST TUE FEB 28 2017


...................................

...THE FLINT MI CLIMATE SUMMARY FOR FEBRUARY 28 2017...
VALID TODAY AS OF 0400 PM LOCAL TIME.

CLIMATE NORMAL PERIOD 1981 TO 2010
CLIMATE RECORD PERIOD 1921 TO 2017


WEATHER ITEM   OBSERVED TIME   RECORD YEAR NORMAL DEPARTURE LAST
                VALUE   (LST)  VALUE       VALUE  FROM      YEAR
                                                  NORMAL
..................................................................
TEMPERATURE (F)
 TODAY
  MAXIMUM         51   1142 AM  58    2016  37     14       58
  MINIMUM         34    237 AM -16    2014  20     14       42
  AVERAGE         43                        28     15       50

PRECIPITATION (IN)
  TODAY            0.02          0.57 1954   0.06  -0.04     0.22
  MONTH TO DATE    1.77                      1.48   0.29     2.21
  SINCE DEC 1      6.49                      5.03   1.46     5.75
  SINCE JAN 1      4.90                      3.11   1.79     3.85

SNOWFALL (IN)
  TODAY            0.0           3.1  2005   0.3   -0.3      0.0
  MONTH TO DATE    1.9                      10.8   -8.9     22.7
  SINCE DEC 1     32.5                      35.7   -3.2     39.8
  SINCE JUL 1     32.5                      38.6   -6.1     50.6
  SNOW DEPTH       0

DEGREE DAYS
 HEATING
  TODAY           22                        37    -15       15
  MONTH TO DATE  848                      1123   -275      983
  SINCE DEC 1   3109                      3607   -498     2859
  SINCE JUL 1   4150                      5088   -938     3840

 COOLING
  TODAY            0                         0      0        0
  MONTH TO DATE    0                         0      0        0
  SINCE DEC 1      0                         0      0        0
  SINCE JAN 1      0                         0      0        0
..................................................................


WIND (MPH)
  HIGHEST WIND SPEED    21   HIGHEST WIND DIRECTION     S (180)
  HIGHEST GUST SPEED    28   HIGHEST GUST DIRECTION     S (180)
  AVERAGE WIND SPEED    10.7


SKY COVER
  POSSIBLE SUNSHINE  MM
  AVERAGE SKY COVER 0.8


WEATHER CONDITIONS
 THE FOLLOWING WEATHER WAS RECORDED TODAY.
  LIGHT RAIN
  FOG


RELATIVE HUMIDITY (PERCENT)
 HIGHEST   100           500 AM
 LOWEST     79          1200 AM
 AVERAGE    90

..........................................................


THE FLINT MI CLIMATE NORMALS FOR TOMORROW
                         NORMAL    RECORD    YEAR
 MAXIMUM TEMPERATURE (F)   37        60      1992
 MINIMUM TEMPERATURE (F)   20       -11      1967


SUNRISE AND SUNSET
FEBRUARY 28 2017......SUNRISE   712 AM EST   SUNSET   623 PM EST
MARCH  1 2017.........SUNRISE   710 AM EST   SUNSET   625 PM EST


-  INDICATES NEGATIVE NUMBERS.
R  INDICATES RECORD WAS SET OR TIED.
MM INDICATES DATA IS MISSING.
T  INDICATES TRACE AMOUNT.




$$
