000
CDUS43 KDTX 130536
CLIFNT


CLIMATE REPORT
NATIONAL WEATHER SERVICE DETROIT/PONTIAC MI
136 AM EDT SUN JUL 13 2014


...................................

...THE FLINT MI CLIMATE SUMMARY FOR JULY 12 2014...

CLIMATE NORMAL PERIOD 1981 TO 2010
CLIMATE RECORD PERIOD 1921 TO 2014


WEATHER ITEM   OBSERVED TIME   RECORD YEAR NORMAL DEPARTURE LAST
                VALUE   (LST)  VALUE       VALUE  FROM      YEAR
                                                  NORMAL
..................................................................
TEMPERATURE (F)
 YESTERDAY
  MAXIMUM         85    340 PM 105    1936  82      3       83
  MINIMUM         64    422 AM  47    2002  59      5       55
                                      1978
                                      1959
  AVERAGE         75                        71      4       69

PRECIPITATION (IN)
  YESTERDAY        T             2.50 1937   0.09  -0.09     0.00
  MONTH TO DATE    4.06                      1.16   2.90     0.31
  SINCE JUN 1      6.52                      4.23   2.29     4.82
  SINCE JAN 1     21.47                     15.22   6.25    21.58

SNOWFALL (IN)
  YESTERDAY        0.0           0.0    MM   0.0    0.0      0.0
  MONTH TO DATE    0.0                       0.0    0.0      0.0
  SINCE JUN 1      0.0                       0.0    0.0      0.0
  SINCE JUL 1      0.0                       0.0    0.0      0.0
  SNOW DEPTH       0

DEGREE DAYS
 HEATING
  YESTERDAY        0                         0      0        0
  MONTH TO DATE    3                        10     -7        0
  SINCE JUN 1     25                        76    -51       41
  SINCE JUL 1      3                        10     -7        0

 COOLING
  YESTERDAY       10                         6      4        4
  MONTH TO DATE   61                        72    -11      103
  SINCE JUN 1    213                       184     29      262
  SINCE JAN 1    261                       216     45      341
..................................................................


WIND (MPH)
  HIGHEST WIND SPEED    16   HIGHEST WIND DIRECTION    SW (230)
  HIGHEST GUST SPEED    26   HIGHEST GUST DIRECTION     S (200)
  AVERAGE WIND SPEED     6.8


SKY COVER
  POSSIBLE SUNSHINE  MM
  AVERAGE SKY COVER 0.4


WEATHER CONDITIONS
 THE FOLLOWING WEATHER WAS RECORDED YESTERDAY.
  LIGHT RAIN


RELATIVE HUMIDITY (PERCENT)
 HIGHEST    78           100 AM
 LOWEST     47          1200 PM
 AVERAGE    63

..........................................................


THE FLINT MI CLIMATE NORMALS FOR TODAY
                         NORMAL    RECORD    YEAR
 MAXIMUM TEMPERATURE (F)   82       108      1936
 MINIMUM TEMPERATURE (F)   59        45      2009


SUNRISE AND SUNSET
JULY 13 2014..........SUNRISE   608 AM EDT   SUNSET   913 PM EDT
JULY 14 2014..........SUNRISE   609 AM EDT   SUNSET   912 PM EDT


-  INDICATES NEGATIVE NUMBERS.
R  INDICATES RECORD WAS SET OR TIED.
MM INDICATES DATA IS MISSING.
T  INDICATES TRACE AMOUNT.




$$
