940
CDUS43 KDTX 110542
CLIFNT


CLIMATE REPORT
NATIONAL WEATHER SERVICE DETROIT/PONTIAC MI
1242 AM EST THU FEB 11 2016


...................................

...THE FLINT MI CLIMATE SUMMARY FOR FEBRUARY 10 2016...

CLIMATE NORMAL PERIOD 1981 TO 2010
CLIMATE RECORD PERIOD 1921 TO 2016


WEATHER ITEM   OBSERVED TIME   RECORD YEAR NORMAL DEPARTURE LAST
                VALUE   (LST)  VALUE       VALUE  FROM      YEAR
                                                  NORMAL
..................................................................
TEMPERATURE (F)
 YESTERDAY
  MAXIMUM         25   1207 AM  60    2009  31     -6       30
  MINIMUM         10    907 PM -19    1994  16     -6        4
  AVERAGE         18                        24     -6       17

PRECIPITATION (IN)
  YESTERDAY        0.10          0.58 1981   0.05   0.05     0.00
  MONTH TO DATE    1.12                      0.48   0.64     0.69
  SINCE DEC 1      4.66                      4.03   0.63     3.63
  SINCE JAN 1      2.76                      2.11   0.65     1.99

SNOWFALL (IN)
  YESTERDAY        1.8           4.0  1955   0.4    1.4      0.0
  MONTH TO DATE   10.0                       4.0    6.0     12.1
  SINCE DEC 1     27.1                      28.9   -1.8     25.8
  SINCE JUL 1     37.9                      31.8    6.1     35.2
  SNOW DEPTH       8

DEGREE DAYS
 HEATING
  YESTERDAY       47                        41      6       48
  MONTH TO DATE  316                       418   -102      460
  SINCE DEC 1   2192                      2901   -709     2808
  SINCE JUL 1   3173                      4382  -1209     4272

 COOLING
  YESTERDAY        0                         0      0        0
  MONTH TO DATE    0                         0      0        0
  SINCE DEC 1      0                         0      0        0
  SINCE JAN 1      0                         0      0        0
..................................................................


WIND (MPH)
  HIGHEST WIND SPEED    23   HIGHEST WIND DIRECTION    NW (320)
  HIGHEST GUST SPEED    27   HIGHEST GUST DIRECTION    NW (320)
  AVERAGE WIND SPEED    12.4


SKY COVER
  POSSIBLE SUNSHINE  MM
  AVERAGE SKY COVER 0.9


WEATHER CONDITIONS
 THE FOLLOWING WEATHER WAS RECORDED YESTERDAY.
  LIGHT SNOW
  HAZE


RELATIVE HUMIDITY (PERCENT)
 HIGHEST    77           500 AM
 LOWEST     49           700 PM
 AVERAGE    63

..........................................................


THE FLINT MI CLIMATE NORMALS FOR TODAY
                         NORMAL    RECORD    YEAR
 MAXIMUM TEMPERATURE (F)   32        68      1999
 MINIMUM TEMPERATURE (F)   16       -11      2014


SUNRISE AND SUNSET
FEBRUARY 11 2016......SUNRISE   738 AM EST   SUNSET   600 PM EST
FEBRUARY 12 2016......SUNRISE   737 AM EST   SUNSET   602 PM EST


-  INDICATES NEGATIVE NUMBERS.
R  INDICATES RECORD WAS SET OR TIED.
MM INDICATES DATA IS MISSING.
T  INDICATES TRACE AMOUNT.




$$
