394
CDUS43 KDTX 262045
CLIFNT


CLIMATE REPORT
NATIONAL WEATHER SERVICE DETROIT/PONTIAC MI
445 PM EDT MON JUN 26 2017


...................................

...THE FLINT MI CLIMATE SUMMARY FOR JUNE 26 2017...
VALID TODAY AS OF 0400 PM LOCAL TIME.

CLIMATE NORMAL PERIOD 1981 TO 2010
CLIMATE RECORD PERIOD 1921 TO 2017


WEATHER ITEM   OBSERVED TIME   RECORD YEAR NORMAL DEPARTURE LAST
                VALUE   (LST)  VALUE       VALUE  FROM      YEAR
                                                  NORMAL
..................................................................
TEMPERATURE (F)
 TODAY
  MAXIMUM         71    124 PM  99    1921  81    -10       92
  MINIMUM         53    337 AM  43    1981  58     -5       66
                                      1961
  AVERAGE         62                        69     -7       79

PRECIPITATION (IN)
  TODAY            T             0.82 1989   0.09  -0.09      T
  MONTH TO DATE    2.64                      2.68  -0.04     0.67
  SINCE JUN 1      2.64                      2.68  -0.04     0.67
  SINCE JAN 1     19.07                     13.67   5.40    12.90

SNOWFALL (IN)
  TODAY            0.0           0.0    MM   0.0    0.0      0.0
  MONTH TO DATE    0.0                       0.0    0.0      0.0
  SINCE JUN 1      0.0                       0.0    0.0      0.0
  SINCE JUL 1     39.4                      47.4   -8.0     69.0
  SNOW DEPTH       0

DEGREE DAYS
 HEATING
  TODAY            3                         1      2        0
  MONTH TO DATE   34                        62    -28       22
  SINCE JUN 1     34                        62    -28       22
  SINCE JUL 1   5822                      6949  -1127     5378

 COOLING
  TODAY            0                         5     -5       14
  MONTH TO DATE  125                        89     36      158
  SINCE JUN 1    125                        89     36      158
  SINCE JAN 1    150                       121     29      237
..................................................................


WIND (MPH)
  HIGHEST WIND SPEED    26   HIGHEST WIND DIRECTION     W (280)
  HIGHEST GUST SPEED    34   HIGHEST GUST DIRECTION     W (260)
  AVERAGE WIND SPEED    12.4


SKY COVER
  POSSIBLE SUNSHINE  MM
  AVERAGE SKY COVER 0.5


WEATHER CONDITIONS
 THE FOLLOWING WEATHER WAS RECORDED TODAY.
  NO SIGNIFICANT WEATHER WAS OBSERVED.


RELATIVE HUMIDITY (PERCENT)
 HIGHEST    93           600 AM
 LOWEST     37           300 PM
 AVERAGE    65

..........................................................


THE FLINT MI CLIMATE NORMALS FOR TOMORROW
                         NORMAL    RECORD    YEAR
 MAXIMUM TEMPERATURE (F)   81       100      1933
 MINIMUM TEMPERATURE (F)   58        44      1988


SUNRISE AND SUNSET
JUNE 26 2017..........SUNRISE   558 AM EDT   SUNSET   918 PM EDT
JUNE 27 2017..........SUNRISE   558 AM EDT   SUNSET   918 PM EDT


-  INDICATES NEGATIVE NUMBERS.
R  INDICATES RECORD WAS SET OR TIED.
MM INDICATES DATA IS MISSING.
T  INDICATES TRACE AMOUNT.




$$
