000
CDUS43 KDTX 192032
CLIFNT


CLIMATE REPORT
NATIONAL WEATHER SERVICE DETROIT/PONTIAC MI
431 PM EDT THU OCT 19 2017


...................................

...THE FLINT MI CLIMATE SUMMARY FOR OCTOBER 19 2017...
VALID TODAY AS OF 0400 PM LOCAL TIME.

CLIMATE NORMAL PERIOD 1981 TO 2010
CLIMATE RECORD PERIOD 1921 TO 2017


WEATHER ITEM   OBSERVED TIME   RECORD YEAR NORMAL DEPARTURE LAST
                VALUE   (LST)  VALUE       VALUE  FROM      YEAR
                                                  NORMAL
..................................................................
TEMPERATURE (F)
 TODAY
  MAXIMUM         68    259 PM  80    1950  58     10       72
  MINIMUM         54    730 AM  20    1972  38     16       44
  AVERAGE         61                        48     13       58

PRECIPITATION (IN)
  TODAY            0.00          1.15 2011   0.07  -0.07     0.01
  MONTH TO DATE    3.35                      1.58   1.77     1.98
  SINCE SEP 1      4.19                      5.33  -1.14     6.39
  SINCE JAN 1     29.88                     25.89   3.99    25.94

SNOWFALL (IN)
  TODAY            0.0           3.5  1989   0.0    0.0     MM
  MONTH TO DATE    0.0                       0.2   -0.2      0.0
  SINCE SEP 1      0.0                       0.2   -0.2      0.0
  SINCE JUL 1      0.0                       0.2   -0.2      0.0
  SNOW DEPTH       0

DEGREE DAYS
 HEATING
  TODAY            4                        17    -13        7
  MONTH TO DATE  118                       262   -144      143
  SINCE SEP 1    241                       428   -187      213
  SINCE JUL 1    273                       472   -199      213

 COOLING
  TODAY            0                         0      0        0
  MONTH TO DATE   13                         2     11       11
  SINCE SEP 1    108                        51     57       83
  SINCE JAN 1    565                       528     37     1022
..................................................................


WIND (MPH)
  HIGHEST WIND SPEED    21   HIGHEST WIND DIRECTION    NW (300)
  HIGHEST GUST SPEED    25   HIGHEST GUST DIRECTION    NW (300)
  AVERAGE WIND SPEED    12.0


SKY COVER
  POSSIBLE SUNSHINE  MM
  AVERAGE SKY COVER 0.0


WEATHER CONDITIONS
 THE FOLLOWING WEATHER WAS RECORDED TODAY.
  NO SIGNIFICANT WEATHER WAS OBSERVED.


RELATIVE HUMIDITY (PERCENT)
 HIGHEST    72           800 AM
 LOWEST     20           300 PM
 AVERAGE    46

..........................................................


THE FLINT MI CLIMATE NORMALS FOR TOMORROW
                         NORMAL    RECORD    YEAR
 MAXIMUM TEMPERATURE (F)   58        81      1953
 MINIMUM TEMPERATURE (F)   38        21      1974
                                             1952


SUNRISE AND SUNSET
OCTOBER 19 2017.......SUNRISE   754 AM EDT   SUNSET   645 PM EDT
OCTOBER 20 2017.......SUNRISE   755 AM EDT   SUNSET   644 PM EDT


-  INDICATES NEGATIVE NUMBERS.
R  INDICATES RECORD WAS SET OR TIED.
MM INDICATES DATA IS MISSING.
T  INDICATES TRACE AMOUNT.




$$
