000
CDUS43 KDTX 200537
CLIFNT


CLIMATE REPORT
NATIONAL WEATHER SERVICE DETROIT/PONTIAC MI
1236 AM EST TUE FEB 20 2018


...................................

...THE FLINT MI CLIMATE SUMMARY FOR FEBRUARY 19 2018...

CLIMATE NORMAL PERIOD 1981 TO 2010
CLIMATE RECORD PERIOD 1921 TO 2018


WEATHER ITEM   OBSERVED TIME   RECORD YEAR NORMAL DEPARTURE LAST
                VALUE   (LST)  VALUE       VALUE  FROM      YEAR
                                                  NORMAL
..................................................................
TEMPERATURE (F)
 YESTERDAY
  MAXIMUM         52   1159 PM  62    2016  34     18       58
  MINIMUM         33   1252 AM -14    1944  18     15       33
  AVERAGE         43                        26     17       46

PRECIPITATION (IN)
  YESTERDAY        0.33          0.60 1939   0.05   0.28     0.00
  MONTH TO DATE    1.75                      0.95   0.80     0.94
  SINCE DEC 1      4.99                      4.50   0.49     5.66
  SINCE JAN 1      3.61                      2.58   1.03     4.07

SNOWFALL (IN)
  YESTERDAY       MM             1.8  2008   0.4   MM        0.0
                                      1988
  MONTH TO DATE   21.8                       7.5   14.3      1.8
  SINCE DEC 1     65.3                      32.4   32.9     32.4
  SINCE JUL 1     65.7                      35.3   30.4     32.4
  SNOW DEPTH       4

DEGREE DAYS
 HEATING
  YESTERDAY       22                        39    -17       19
  MONTH TO DATE  834                       781     53      657
  SINCE DEC 1   3452                      3264    188     2918
  SINCE JUL 1   4750                      4745      5     3959

 COOLING
  YESTERDAY        0                         0      0        0
  MONTH TO DATE    0                         0      0        0
  SINCE DEC 1      0                         0      0        0
  SINCE JAN 1      0                         0      0        0
..................................................................


WIND (MPH)
  HIGHEST WIND SPEED    17   HIGHEST WIND DIRECTION     S (180)
  HIGHEST GUST SPEED    24   HIGHEST GUST DIRECTION     S (170)
  AVERAGE WIND SPEED     8.0


SKY COVER
  POSSIBLE SUNSHINE  MM
  AVERAGE SKY COVER 0.8


WEATHER CONDITIONS
 THE FOLLOWING WEATHER WAS RECORDED YESTERDAY.
  RAIN
  LIGHT RAIN
  FOG
  FOG W/VISIBILITY <= 1/4 MILE


RELATIVE HUMIDITY (PERCENT)
 HIGHEST   100           100 PM
 LOWEST     70           500 AM
 AVERAGE    85

..........................................................


THE FLINT MI CLIMATE NORMALS FOR TODAY
                         NORMAL    RECORD    YEAR
 MAXIMUM TEMPERATURE (F)   34        61      1930
 MINIMUM TEMPERATURE (F)   18       -25      2015


SUNRISE AND SUNSET
FEBRUARY 20 2018......SUNRISE   725 AM EST   SUNSET   613 PM EST
FEBRUARY 21 2018......SUNRISE   723 AM EST   SUNSET   614 PM EST


-  INDICATES NEGATIVE NUMBERS.
R  INDICATES RECORD WAS SET OR TIED.
MM INDICATES DATA IS MISSING.
T  INDICATES TRACE AMOUNT.




$$
