000
CDUS43 KDDC 172329
CLIDGC


CLIMATE REPORT
NATIONAL WEATHER SERVICE DODGE CITY KS
628 PM CDT SUN MAY 17 2015


...................................

...THE DODGE CITY KS CLIMATE SUMMARY FOR MAY 17 2015...
VALID TODAY AS OF 0500 PM LOCAL TIME.

CLIMATE NORMAL PERIOD 1981 TO 2010
CLIMATE RECORD PERIOD 1875 TO 2015


WEATHER ITEM   OBSERVED TIME   RECORD YEAR NORMAL DEPARTURE LAST
                VALUE   (LST)  VALUE       VALUE  FROM      YEAR
                                                  NORMAL
..................................................................
TEMPERATURE (F)
 TODAY
  MAXIMUM         79    416 PM 103    1996  77      2       67
  MINIMUM         50    449 AM  35    1895  52     -2       41
  AVERAGE         65                        65      0       54

PRECIPITATION (IN)
  TODAY            0.00          1.56 1939   0.10  -0.10      T
  MONTH TO DATE    3.62                      1.42   2.20     1.45
  SINCE MAR 1      5.71                      4.83   0.88     2.46
  SINCE JAN 1      7.01                      6.09   0.92     3.30

SNOWFALL (IN)
  TODAY            0.0           0.0  2002   0.0    0.0      0.0
  MONTH TO DATE    0.0                       0.0    0.0      0.0
  SINCE MAR 1      T                         6.0   -6.0      6.6
  SINCE JUL 1     21.4                      21.1    0.3     31.1
  SNOW DEPTH       0

DEGREE DAYS
 HEATING
  TODAY            0                         3     -3       11
  MONTH TO DATE   63                        84    -21      116
  SINCE MAR 1    824                      1076   -252     1214
  SINCE JUL 1   4572                      4923   -351     5371

 COOLING
  TODAY            0                         3     -3        0
  MONTH TO DATE   36                        33      3       40
  SINCE MAR 1     51                        52     -1       63
  SINCE JAN 1     51                        52     -1       63
..................................................................


WIND (MPH)
  HIGHEST WIND SPEED    16   HIGHEST WIND DIRECTION     W (250)
  HIGHEST GUST SPEED    21   HIGHEST GUST DIRECTION    SW (230)
  AVERAGE WIND SPEED    10.2


SKY COVER
  POSSIBLE SUNSHINE  MM
  AVERAGE SKY COVER 0.0


WEATHER CONDITIONS
 THE FOLLOWING WEATHER WAS RECORDED TODAY.
  NO SIGNIFICANT WEATHER WAS OBSERVED.


RELATIVE HUMIDITY (PERCENT)
 HIGHEST    77           100 AM
 LOWEST     26           200 PM
 AVERAGE    52

..........................................................


THE DODGE CITY KS CLIMATE NORMALS FOR TOMORROW
                         NORMAL    RECORD    YEAR
 MAXIMUM TEMPERATURE (F)   78       102      2013
                                             1996
 MINIMUM TEMPERATURE (F)   52        35      1986


SUNRISE AND SUNSET
MAY 17 2015...........SUNRISE   629 AM CDT   SUNSET   844 PM CDT
MAY 18 2015...........SUNRISE   628 AM CDT   SUNSET   845 PM CDT


-  INDICATES NEGATIVE NUMBERS.
R  INDICATES RECORD WAS SET OR TIED.
MM INDICATES DATA IS MISSING.
T  INDICATES TRACE AMOUNT.




$$
