000
CDUS43 KDDC 120706
CLIDGC


CLIMATE REPORT
NATIONAL WEATHER SERVICE DODGE CITY KS
105 AM CST MON FEB 12 2018


...................................

...THE DODGE CITY KS CLIMATE SUMMARY FOR FEBRUARY 11 2018...

CLIMATE NORMAL PERIOD 1981 TO 2010
CLIMATE RECORD PERIOD 1875 TO 2018


WEATHER ITEM   OBSERVED TIME   RECORD YEAR NORMAL DEPARTURE LAST
                VALUE   (LST)  VALUE       VALUE  FROM      YEAR
                                                  NORMAL
..................................................................
TEMPERATURE (F)
 YESTERDAY
  MAXIMUM         42    433 PM  82    1962  47     -5       68
  MINIMUM          8    711 AM -19    1899  22    -14       45
  AVERAGE         25                        35    -10       57

PRECIPITATION (IN)
  YESTERDAY        0.01          0.56 1894   0.02  -0.01     0.00
  MONTH TO DATE    0.05                      0.25  -0.20     0.00
  SINCE DEC 1      0.14                      1.67  -1.53     3.18
  SINCE JAN 1      0.14                      0.83  -0.69     2.56

SNOWFALL (IN)
  YESTERDAY       MM             5.6  1894   0.1   MM        0.0
  MONTH TO DATE    T                         1.7   -1.7      0.0
  SINCE DEC 1      1.2                      10.7   -9.5      5.0
  SINCE JUL 1      1.2                      12.9  -11.7      5.0
  SNOW DEPTH       0

DEGREE DAYS
 HEATING
  YESTERDAY       40                        30     10        8
  MONTH TO DATE  399                       342     57      264
  SINCE DEC 1   2344                      2360    -16     2314
  SINCE JUL 1   3198                      3374   -176     2910

 COOLING
  YESTERDAY        0                         0      0        0
  MONTH TO DATE    0                         0      0        0
  SINCE DEC 1      0                         0      0        0
  SINCE JAN 1      0                         0      0        0
..................................................................


WIND (MPH)
  HIGHEST WIND SPEED    15   HIGHEST WIND DIRECTION    NW (320)
  HIGHEST GUST SPEED    19   HIGHEST GUST DIRECTION    NW (320)
  AVERAGE WIND SPEED     7.4


SKY COVER
  POSSIBLE SUNSHINE  MM
  AVERAGE SKY COVER 0.3


WEATHER CONDITIONS
 THE FOLLOWING WEATHER WAS RECORDED YESTERDAY.
  LIGHT SNOW
  FOG


RELATIVE HUMIDITY (PERCENT)
 HIGHEST    84           300 AM
 LOWEST     25           500 PM
 AVERAGE    55

..........................................................


THE DODGE CITY KS CLIMATE NORMALS FOR TODAY
                         NORMAL    RECORD    YEAR
 MAXIMUM TEMPERATURE (F)   48        82      1962
 MINIMUM TEMPERATURE (F)   23       -26      1899


SUNRISE AND SUNSET
FEBRUARY 12 2018......SUNRISE   733 AM CST   SUNSET   616 PM CST
FEBRUARY 13 2018......SUNRISE   732 AM CST   SUNSET   617 PM CST


-  INDICATES NEGATIVE NUMBERS.
R  INDICATES RECORD WAS SET OR TIED.
MM INDICATES DATA IS MISSING.
T  INDICATES TRACE AMOUNT.




$$
