452
CDUS43 KDDC 180705
CLIDGC


CLIMATE REPORT
NATIONAL WEATHER SERVICE DODGE CITY KS
205 AM CDT MON SEP 18 2017


...................................

...THE DODGE CITY KS CLIMATE SUMMARY FOR SEPTEMBER 17 2017...

CLIMATE NORMAL PERIOD 1981 TO 2010
CLIMATE RECORD PERIOD 1875 TO 2017


WEATHER ITEM   OBSERVED TIME   RECORD YEAR NORMAL DEPARTURE LAST
                VALUE   (LST)  VALUE       VALUE  FROM      YEAR
                                                  NORMAL
..................................................................
TEMPERATURE (F)
 YESTERDAY
  MAXIMUM         71    509 PM 101    2004  82    -11       83
  MINIMUM         53    924 AM  32    1903  55     -2       51
  AVERAGE         62                        69     -7       67

PRECIPITATION (IN)
  YESTERDAY        T             0.99 1919   0.05  -0.05     0.00
  MONTH TO DATE    T                         1.05  -1.05     0.29
  SINCE SEP 1      T                         1.05  -1.05     0.29
  SINCE JAN 1     23.65                     17.64   6.01    22.30

SNOWFALL (IN)
  YESTERDAY        0.0           0.0  2002   0.0    0.0      0.0
                                      2001
  MONTH TO DATE    0.0                       0.0    0.0      0.0
  SINCE SEP 1      0.0                       0.0    0.0      0.0
  SINCE JUL 1      0.0                       0.0    0.0      0.0
  SNOW DEPTH       0

DEGREE DAYS
 HEATING
  YESTERDAY        3                         2      1        0
  MONTH TO DATE    7                        16     -9        6
  SINCE SEP 1      7                        16     -9        6
  SINCE JUL 1      7                        20    -13        6

 COOLING
  YESTERDAY        0                         6     -6        2
  MONTH TO DATE  156                       135     21      144
  SINCE SEP 1    156                       135     21      144
  SINCE JAN 1   1388                      1381      7     1398
..................................................................


WIND (MPH)
  HIGHEST WIND SPEED    22   HIGHEST WIND DIRECTION     N (20)
  HIGHEST GUST SPEED    30   HIGHEST GUST DIRECTION     N (20)
  AVERAGE WIND SPEED    10.4


SKY COVER
  POSSIBLE SUNSHINE  MM
  AVERAGE SKY COVER 0.7


WEATHER CONDITIONS
 THE FOLLOWING WEATHER WAS RECORDED YESTERDAY.
  THUNDERSTORM
  LIGHT RAIN
  FOG
  HAZE


RELATIVE HUMIDITY (PERCENT)
 HIGHEST    93           600 AM
 LOWEST     66           400 PM
 AVERAGE    80

..........................................................


THE DODGE CITY KS CLIMATE NORMALS FOR TODAY
                         NORMAL    RECORD    YEAR
 MAXIMUM TEMPERATURE (F)   82       101      1997
 MINIMUM TEMPERATURE (F)   55        40      1912


SUNRISE AND SUNSET
SEPTEMBER 18 2017.....SUNRISE   724 AM CDT   SUNSET   743 PM CDT
SEPTEMBER 19 2017.....SUNRISE   725 AM CDT   SUNSET   741 PM CDT


-  INDICATES NEGATIVE NUMBERS.
R  INDICATES RECORD WAS SET OR TIED.
MM INDICATES DATA IS MISSING.
T  INDICATES TRACE AMOUNT.




$$
