000
CDUS43 KDDC 111427
CLIDGC


CLIMATE REPORT
NATIONAL WEATHER SERVICE DODGE CITY KS
826 AM CST SAT NOV 11 2017


...................................

...THE DODGE CITY KS CLIMATE SUMMARY FOR NOVEMBER 11 2017...
VALID AS OF 0800 AM LOCAL TIME.

CLIMATE NORMAL PERIOD 1981 TO 2010
CLIMATE RECORD PERIOD 1875 TO 2017


WEATHER ITEM   OBSERVED TIME   RECORD YEAR NORMAL DEPARTURE LAST
                VALUE   (LST)  VALUE       VALUE  FROM      YEAR
                                                  NORMAL
..................................................................
TEMPERATURE (F)
 TODAY
  MAXIMUM         49    759 AM  82    2005  58     -9       59
                                      1989
  MINIMUM         46    317 AM   8    1911  32     14       31
  AVERAGE         48                        45      3       45

PRECIPITATION (IN)
  TODAY            0.00          0.36 2010   0.02  -0.02     0.00
  MONTH TO DATE    0.00                      0.35  -0.35     0.36
  SINCE SEP 1      1.91                      3.76  -1.85     0.76
  SINCE JAN 1     25.56                     20.35   5.21    22.77

SNOWFALL (IN)
  TODAY            0.0           0.3  1992   0.1   -0.1      0.0
                                      1911
  MONTH TO DATE    0.0                       0.3   -0.3      0.0
  SINCE SEP 1      0.0                       0.7   -0.7      0.0
  SINCE JUL 1      0.0                       0.7   -0.7      0.0
  SNOW DEPTH       0

..................................................................


WIND (MPH)
  HIGHEST WIND SPEED    23   HIGHEST WIND DIRECTION     S (170)
  HIGHEST GUST SPEED    30   HIGHEST GUST DIRECTION     S (170)
  AVERAGE WIND SPEED    16.0



WEATHER CONDITIONS
 THE FOLLOWING WEATHER WAS RECORDED TODAY.
  FOG


RELATIVE HUMIDITY (PERCENT)
 HIGHEST   100           800 AM
 LOWEST     92          1200 AM

..........................................................


THE DODGE CITY KS CLIMATE NORMALS FOR TOMORROW
                         NORMAL    RECORD    YEAR
 MAXIMUM TEMPERATURE (F)   58        83      1894
 MINIMUM TEMPERATURE (F)   32         5      1911


SUNRISE AND SUNSET
NOVEMBER 11 2017......SUNRISE   716 AM CST   SUNSET   531 PM CST
NOVEMBER 12 2017......SUNRISE   717 AM CST   SUNSET   531 PM CST


-  INDICATES NEGATIVE NUMBERS.
R  INDICATES RECORD WAS SET OR TIED.
MM INDICATES DATA IS MISSING.
T  INDICATES TRACE AMOUNT.




$$
