000
CDUS43 KDDC 180705
CLIDGC


CLIMATE REPORT
NATIONAL WEATHER SERVICE DODGE CITY KS
205 AM CDT SAT MAR 18 2017


...................................

...THE DODGE CITY KS CLIMATE SUMMARY FOR MARCH 17 2017...

CLIMATE NORMAL PERIOD 1981 TO 2010
CLIMATE RECORD PERIOD 1875 TO 2017


WEATHER ITEM   OBSERVED TIME   RECORD YEAR NORMAL DEPARTURE LAST
                VALUE   (LST)  VALUE       VALUE  FROM      YEAR
                                                  NORMAL
..................................................................
TEMPERATURE (F)
 YESTERDAY
  MAXIMUM         74    404 PM  86    1916  58     16       64
  MINIMUM         43    348 AM  -4    1892  31     12       26
  AVERAGE         59                        45     14       45

PRECIPITATION (IN)
  YESTERDAY        0.00          0.96 1884   0.05  -0.05     0.00
  MONTH TO DATE    T                         0.75  -0.75     0.01
  SINCE MAR 1      T                         0.75  -0.75     0.01
  SINCE JAN 1      2.57                      2.01   0.56     0.60

SNOWFALL (IN)
  YESTERDAY        0.0           1.2  1934   0.1   -0.1      0.0
  MONTH TO DATE    0.0                       2.7   -2.7      0.0
  SINCE MAR 1      0.0                       2.7   -2.7      0.0
  SINCE JUL 1      5.0                      17.8  -12.8     10.0
  SNOW DEPTH       0

DEGREE DAYS
 HEATING
  YESTERDAY        6                        20    -14       20
  MONTH TO DATE  312                       386    -74      243
  SINCE MAR 1    312                       386    -74      243
  SINCE JUL 1   3546                      4233   -687     3605

 COOLING
  YESTERDAY        0                         0      0        0
  MONTH TO DATE    0                         0      0        0
  SINCE MAR 1      0                         0      0        0
  SINCE JAN 1      0                         0      0        2
..................................................................


WIND (MPH)
  HIGHEST WIND SPEED    24   HIGHEST WIND DIRECTION    NE (30)
  HIGHEST GUST SPEED    31   HIGHEST GUST DIRECTION    NE (40)
  AVERAGE WIND SPEED    11.6


SKY COVER
  POSSIBLE SUNSHINE  MM
  AVERAGE SKY COVER 0.0


WEATHER CONDITIONS
 THE FOLLOWING WEATHER WAS RECORDED YESTERDAY.
  NO SIGNIFICANT WEATHER WAS OBSERVED.


RELATIVE HUMIDITY (PERCENT)
 HIGHEST    62           700 AM
 LOWEST     23           200 PM
 AVERAGE    43

..........................................................


THE DODGE CITY KS CLIMATE NORMALS FOR TODAY
                         NORMAL    RECORD    YEAR
 MAXIMUM TEMPERATURE (F)   59        86      1921
 MINIMUM TEMPERATURE (F)   32        -6      1892


SUNRISE AND SUNSET
MARCH 18 2017.........SUNRISE   746 AM CDT   SUNSET   750 PM CDT
MARCH 19 2017.........SUNRISE   744 AM CDT   SUNSET   751 PM CDT


-  INDICATES NEGATIVE NUMBERS.
R  INDICATES RECORD WAS SET OR TIED.
MM INDICATES DATA IS MISSING.
T  INDICATES TRACE AMOUNT.




$$
