000
CDUS43 KDTX 080538
CLIFNT


CLIMATE REPORT
NATIONAL WEATHER SERVICE DETROIT/PONTIAC MI
138 AM EDT TUE JUL 8 2014


...................................

...THE FLINT MI CLIMATE SUMMARY FOR JULY 7 2014...

CLIMATE NORMAL PERIOD 1981 TO 2010
CLIMATE RECORD PERIOD 1921 TO 2014


WEATHER ITEM   OBSERVED TIME   RECORD YEAR NORMAL DEPARTURE LAST
                VALUE   (LST)  VALUE       VALUE  FROM      YEAR
                                                  NORMAL
..................................................................
TEMPERATURE (F)
 YESTERDAY
  MAXIMUM         86    258 PM 101    1988  82      4       84
  MINIMUM         66   1101 PM  45    2000  59      7       71
  AVERAGE         76                        71      5       78

PRECIPITATION (IN)
  YESTERDAY        1.69R         1.21 1956   0.10   1.59     0.25
  MONTH TO DATE    2.58                      0.67   1.91     0.26
  SINCE JUN 1      5.04                      3.74   1.30     4.77
  SINCE JAN 1     19.99                     14.73   5.26    21.53

SNOWFALL (IN)
  YESTERDAY        0.0           0.0    MM   0.0    0.0      0.0
  MONTH TO DATE    0.0                       0.0    0.0      0.0
  SINCE JUN 1      0.0                       0.0    0.0      0.0
  SINCE JUL 1      0.0                       0.0    0.0      0.0
  SNOW DEPTH       0

DEGREE DAYS
 HEATING
  YESTERDAY        0                         1     -1        0
  MONTH TO DATE    3                         7     -4        0
  SINCE JUN 1     25                        73    -48       41
  SINCE JUL 1      3                         7     -4        0

 COOLING
  YESTERDAY       11                         6      5       13
  MONTH TO DATE   37                        42     -5       56
  SINCE JUN 1    189                       154     35      215
  SINCE JAN 1    237                       186     51      294
..................................................................


WIND (MPH)
  HIGHEST WIND SPEED    25   HIGHEST WIND DIRECTION     N (350)
  HIGHEST GUST SPEED    31   HIGHEST GUST DIRECTION     N (360)
  AVERAGE WIND SPEED    12.8


SKY COVER
  POSSIBLE SUNSHINE  MM
  AVERAGE SKY COVER 0.4


WEATHER CONDITIONS
 THE FOLLOWING WEATHER WAS RECORDED YESTERDAY.
  THUNDERSTORM
  HEAVY RAIN
  RAIN
  LIGHT RAIN
  FOG


RELATIVE HUMIDITY (PERCENT)
 HIGHEST    87           100 AM
 LOWEST     44           600 PM
 AVERAGE    66

..........................................................


THE FLINT MI CLIMATE NORMALS FOR TODAY
                         NORMAL    RECORD    YEAR
 MAXIMUM TEMPERATURE (F)   82       108      1936
 MINIMUM TEMPERATURE (F)   59        44      1954


SUNRISE AND SUNSET
JULY  8 2014..........SUNRISE   604 AM EDT   SUNSET   916 PM EDT
JULY  9 2014..........SUNRISE   605 AM EDT   SUNSET   915 PM EDT


-  INDICATES NEGATIVE NUMBERS.
R  INDICATES RECORD WAS SET OR TIED.
MM INDICATES DATA IS MISSING.
T  INDICATES TRACE AMOUNT.




$$
