000
CDUS43 KEAX 180636
CLIMCI

CLIMATE REPORT
NATIONAL WEATHER SERVICE KANSAS CITY/PLEASANT HILL MO
132 AM CDT SUN JUN 18 2017


...................................

...THE KANSAS CITY INTERNATIONAL MO CLIMATE SUMMARY FOR JUNE 17 2017...

CLIMATE NORMAL PERIOD 1981 TO 2010
CLIMATE RECORD PERIOD 1888 TO 2017


WEATHER ITEM   OBSERVED TIME   RECORD YEAR NORMAL DEPARTURE LAST
                VALUE   (LST)  VALUE       VALUE  FROM      YEAR
                                                  NORMAL
..................................................................
TEMPERATURE (F)
 YESTERDAY
  MAXIMUM         89    346 PM 100    1918  84      5       94
  MINIMUM         67    511 AM  48    1999  64      3       77
  AVERAGE         78                        74      4       86

PRECIPITATION (IN)
  YESTERDAY        1.62          2.49 1895   0.17   1.45     0.00
  MONTH TO DATE    2.84                      3.01  -0.17     0.29
  SINCE JUN 1      2.84                      3.01  -0.17     0.29
  SINCE JAN 1     19.11                     16.84   2.27    20.82

SNOWFALL (IN)
  YESTERDAY        0.0           0.0    MM   0.0    0.0      0.0
  MONTH TO DATE    0.0                       0.0    0.0      0.0
  SINCE JUN 1      0.0                       0.0    0.0      0.0
  SINCE JUL 1      4.9                      18.8  -13.9      5.9
  SNOW DEPTH       0

DEGREE DAYS
 HEATING
  YESTERDAY        0                         0      0        0
  MONTH TO DATE    0                         7     -7        0
  SINCE JUN 1      0                         7     -7        0
  SINCE JUL 1   4146                      5131   -985     4162

 COOLING
  YESTERDAY       13                         9      4       21
  MONTH TO DATE  197                       124     73      206
  SINCE JUN 1    197                       124     73      206
  SINCE JAN 1    308                       240     68      277
..................................................................


WIND (MPH)
  HIGHEST WIND SPEED    40   HIGHEST WIND DIRECTION     W (290)
  HIGHEST GUST SPEED    51   HIGHEST GUST DIRECTION     W (290)
  AVERAGE WIND SPEED     9.2


SKY COVER
  POSSIBLE SUNSHINE  MM
  AVERAGE SKY COVER 0.8


WEATHER CONDITIONS
 THE FOLLOWING WEATHER WAS RECORDED YESTERDAY.
  THUNDERSTORM
  HEAVY RAIN
  RAIN
  LIGHT RAIN
  FOG


RELATIVE HUMIDITY (PERCENT)
 HIGHEST   100           200 AM
 LOWEST     64           300 PM
 AVERAGE    82

..........................................................


THE KANSAS CITY INTERNATIONAL MO CLIMATE NORMALS FOR TODAY
                         NORMAL    RECORD    YEAR
 MAXIMUM TEMPERATURE (F)   84       104      1953
 MINIMUM TEMPERATURE (F)   65        52      2000
                                             1912


SUNRISE AND SUNSET
JUNE 18 2017..........SUNRISE   552 AM CDT   SUNSET   848 PM CDT
JUNE 19 2017..........SUNRISE   552 AM CDT   SUNSET   849 PM CDT


-  INDICATES NEGATIVE NUMBERS.
R  INDICATES RECORD WAS SET OR TIED.
MM INDICATES DATA IS MISSING.
T  INDICATES TRACE AMOUNT.


&&

...MISCELLANEOUS CLIMATE DATA FROM YESTERDAY...

LOCATION                HIGH    LOW      PRECIP
ST. JOSEPH               89      69       0.10
DOWNTOWN KANSAS CITY     92      69       0.31
OLATHE NEW CENTURY       91      66       0.98
OLATHE JO CO EXEC        89      66       1.12
LEES SUMMIT              91      68       1.62
KIRKSVILLE               85      67       0.29
CHILLICOTHE              89      67       0.52
SEDALIA                  88      67       0.90
NWS PLEASANT HILL MO     90      66       0.98


THIS PRODUCT...ALONG WITH OTHER WEATHER...HYDROLOGICAL AND CLIMATE
INFORMATION...IS AVAILABLE ON THE WEB AT HTTP://WWW.WEATHER.GOV/EAX
OR AT HTTP://WEATHER.GOV

$$
