093
CDUS43 KEAX 110042
CLIMCI

CLIMATE REPORT
NATIONAL WEATHER SERVICE KANSAS CITY/PLEASANT HILL MO
641 PM CST WED JAN 10 2018


...................................

...THE KANSAS CITY INTERNATIONAL MO CLIMATE SUMMARY FOR JANUARY 10 2018...
VALID TODAY AS OF 0600 PM LOCAL TIME.

CLIMATE NORMAL PERIOD 1981 TO 2010
CLIMATE RECORD PERIOD 1888 TO 2018


WEATHER ITEM   OBSERVED TIME   RECORD YEAR NORMAL DEPARTURE LAST
                VALUE   (LST)  VALUE       VALUE  FROM      YEAR
                                                  NORMAL
..................................................................
TEMPERATURE (F)
 TODAY
  MAXIMUM         55    559 PM  65    1911  38     17       55
  MINIMUM         38    518 AM -17    1982  19     19       26
  AVERAGE         47                        28     19       41

PRECIPITATION (IN)
  TODAY            0.00          0.93 1975   0.03  -0.03     0.01
  MONTH TO DATE    0.18                      0.32  -0.14     0.39
  SINCE DEC 1      0.37                      1.85  -1.48     1.58
  SINCE JAN 1      0.18                      0.32  -0.14     0.39

SNOWFALL (IN)
  TODAY            0.0           7.2  2011   0.1   -0.1      0.0
  MONTH TO DATE    0.0                       1.4   -1.4      2.2
  SINCE DEC 1      2.2                       6.2   -4.0      4.5
  SINCE JUL 1      2.2                       7.6   -5.4      4.5
  SNOW DEPTH       0

DEGREE DAYS
 HEATING
  TODAY           18                        36    -18       24
  MONTH TO DATE  417                       360     57      413
  SINCE DEC 1   1428                      1400     28     1486
  SINCE JUL 1   2308                      2402    -94     2070

 COOLING
  TODAY            0                         0      0        0
  MONTH TO DATE    0                         0      0        0
  SINCE DEC 1      0                         0      0        0
  SINCE JAN 1      0                         0      0        0
..................................................................


WIND (MPH)
  HIGHEST WIND SPEED    26   HIGHEST WIND DIRECTION     S (200)
  HIGHEST GUST SPEED    32   HIGHEST GUST DIRECTION     S (200)
  AVERAGE WIND SPEED    15.7


SKY COVER
  POSSIBLE SUNSHINE  MM
  AVERAGE SKY COVER 1.0


WEATHER CONDITIONS
 THE FOLLOWING WEATHER WAS RECORDED TODAY.
  FOG


RELATIVE HUMIDITY (PERCENT)
 HIGHEST    92           100 AM
 LOWEST     66           300 PM
 AVERAGE    79

..........................................................


THE KANSAS CITY INTERNATIONAL MO CLIMATE NORMALS FOR TOMORROW
                         NORMAL    RECORD    YEAR
 MAXIMUM TEMPERATURE (F)   38        65      1960
                                             1911
 MINIMUM TEMPERATURE (F)   19       -16      1918


SUNRISE AND SUNSET
JANUARY 10 2018.......SUNRISE   738 AM CST   SUNSET   515 PM CST
JANUARY 11 2018.......SUNRISE   738 AM CST   SUNSET   516 PM CST


-  INDICATES NEGATIVE NUMBERS.
R  INDICATES RECORD WAS SET OR TIED.
MM INDICATES DATA IS MISSING.
T  INDICATES TRACE AMOUNT.


&&

...MISCELLANEOUS CLIMATE DATA FROM TODAY...

LOCATION                HIGH    LOW      PRECIP
ST. JOSEPH               54      39       0.00
DOWNTOWN KANSAS CITY     58      40       0.00
OLATHE NEW CENTURY       55      37       0.00
OLATHE JO CO EXEC        55      37       0.00
LEES SUMMIT              57      37       0.00
KIRKSVILLE               54      36       0.00
CHILLICOTHE              55      37       0.00
SEDALIA                  63      40       0.00
NWS PLEASANT HILL MO     57      37       T


THIS PRODUCT...ALONG WITH OTHER WEATHER...HYDROLOGICAL AND CLIMATE
INFORMATION...IS AVAILABLE ON THE WEB AT HTTP://WWW.WEATHER.GOV/EAX
OR AT HTTP://WEATHER.GOV

$$

JL
