000
CDUS43 KEAX 142132
CLIMCI

CLIMATE REPORT
NATIONAL WEATHER SERVICE KANSAS CITY/PLEASANT HILL MO
430 PM CDT SUN AUG 14 2016


...................................

...THE KANSAS CITY INTERNATIONAL MO CLIMATE SUMMARY FOR AUGUST 14 2016...
VALID AS OF 0400 PM LOCAL TIME.

CLIMATE NORMAL PERIOD 1981 TO 2010
CLIMATE RECORD PERIOD 1888 TO 2016


WEATHER ITEM   OBSERVED TIME   RECORD YEAR NORMAL DEPARTURE LAST
                VALUE   (LST)  VALUE       VALUE  FROM      YEAR
                                                  NORMAL
..................................................................
TEMPERATURE (F)
 TODAY
  MAXIMUM         88    255 PM 113    1936  88      0       86
  MINIMUM         66    505 AM  54    2002  68     -2       66
  AVERAGE         77                        78     -1       76

PRECIPITATION (IN)
  TODAY            0.00          2.19 1947   0.13  -0.13     0.00
  MONTH TO DATE    0.51                      1.69  -1.18     0.35
  SINCE JUN 1     10.25                     11.37  -1.12    14.68
  SINCE JAN 1     30.78                     25.20   5.58    31.28

SNOWFALL (IN)
  TODAY            0.0           0.0    MM   0.0    0.0      0.0
  MONTH TO DATE    0.0                       0.0    0.0      0.0
  SINCE JUN 1      0.0                       0.0    0.0      0.0
  SINCE JUL 1      0.0                       0.0    0.0      0.0
  SNOW DEPTH       0

DEGREE DAYS
 HEATING
  TODAY            0                         0      0        0
  MONTH TO DATE    0                         0      0        0
  SINCE JUN 1      0                         9     -9        5
  SINCE JUL 1      0                         0      0        2

 COOLING
  TODAY           12                        13     -1       11
  MONTH TO DATE  200                       183     17      179
  SINCE JUN 1   1045                       863    182      882
  SINCE JAN 1   1116                       979    137      950
..................................................................


WIND (MPH)
  HIGHEST WIND SPEED    14   HIGHEST WIND DIRECTION     N (10)
  HIGHEST GUST SPEED    18   HIGHEST GUST DIRECTION     N (20)
  AVERAGE WIND SPEED     6.3


SKY COVER
  POSSIBLE SUNSHINE  MM
  AVERAGE SKY COVER 0.3


WEATHER CONDITIONS
 THE FOLLOWING WEATHER WAS RECORDED TODAY.
  FOG


RELATIVE HUMIDITY (PERCENT)
 HIGHEST    93           400 AM
 LOWEST     31           300 PM
 AVERAGE    62

..........................................................


THE KANSAS CITY INTERNATIONAL MO CLIMATE NORMALS FOR TOMORROW
                         NORMAL    RECORD    YEAR
 MAXIMUM TEMPERATURE (F)   88       110      1936
 MINIMUM TEMPERATURE (F)   67        49      1994


SUNRISE AND SUNSET
AUGUST 14 2016........SUNRISE   631 AM CDT   SUNSET   815 PM CDT
AUGUST 15 2016........SUNRISE   632 AM CDT   SUNSET   814 PM CDT


-  INDICATES NEGATIVE NUMBERS.
R  INDICATES RECORD WAS SET OR TIED.
MM INDICATES DATA IS MISSING.
T  INDICATES TRACE AMOUNT.


&&

...MISCELLANEOUS CLIMATE DATA FROM TODAY...

LOCATION                HIGH    LOW      PRECIP
ST. JOSEPH               87      63       0.00
DOWNTOWN KANSAS CITY     91      69       0.00
OLATHE NEW CENTURY       90      66       0.00
OLATHE JO CO EXEC        89      66       0.00
LEES SUMMIT              87      68       0.00
KIRKSVILLE               87      63       0.00
CHILLICOTHE              89      66       0.00
SEDALIA                  87      66       0.00
NWS PLEASANT HILL MO     86      67       0.00


THIS PRODUCT...ALONG WITH OTHER WEATHER...HYDROLOGICAL AND CLIMATE
INFORMATION...IS AVAILABLE ON THE WEB AT HTTP://WWW.WEATHER.GOV/EAX
OR AT HTTP://WEATHER.GOV

$$

CUTTER
