000
CDUS43 KEAX 050034
CLIMCI

CLIMATE REPORT
NATIONAL WEATHER SERVICE KANSAS CITY/PLEASANT HILL MO
733 PM CDT FRI APR 4 2014


...................................

...THE KANSAS CITY INTERNATIONAL MO CLIMATE SUMMARY FOR APRIL 4 2014...
VALID TODAY AS OF 0700 PM LOCAL TIME.

CLIMATE NORMAL PERIOD 1981 TO 2010
CLIMATE RECORD PERIOD 1888 TO 2014


WEATHER ITEM   OBSERVED TIME   RECORD YEAR NORMAL DEPARTURE LAST
                VALUE   (LST)  VALUE       VALUE  FROM      YEAR
                                                  NORMAL
..................................................................
TEMPERATURE (F)
 TODAY
  MAXIMUM         45    347 PM  88    1942  62    -17       63
  MINIMUM         37    816 AM  20    1920  40     -3       35
  AVERAGE         41                        51    -10       49

PRECIPITATION (IN)
  TODAY            T             1.73 1947   0.09  -0.09     0.00
  MONTH TO DATE    0.57                      0.38   0.19      T
  SINCE MAR 1      2.18                      2.75  -0.57     1.95
  SINCE JAN 1      3.93                      5.28  -1.35     4.84

SNOWFALL (IN)
  TODAY            0.0           3.6  1920   0.1   -0.1      0.0
  MONTH TO DATE    0.0                       0.2   -0.2      0.0
  SINCE MAR 1      3.4                       2.2    1.2      6.1
  SINCE JUL 1     26.0                      18.4    7.6     31.3
  SNOW DEPTH       0

DEGREE DAYS
 HEATING
  TODAY           24                        14     10       16
  MONTH TO DATE   78                        59     19       93
  SINCE MAR 1    843                       705    138      929
  SINCE JUL 1   5409                      4750    659     4661

 COOLING
  TODAY            0                         0      0        0
  MONTH TO DATE    0                         0      0        0
  SINCE MAR 1      0                         3     -3        0
  SINCE JAN 1      0                         3     -3        0
..................................................................


WIND (MPH)
  HIGHEST WIND SPEED    30   HIGHEST WIND DIRECTION    NW (310)
  HIGHEST GUST SPEED    46   HIGHEST GUST DIRECTION    NW (300)
  AVERAGE WIND SPEED    15.9


SKY COVER
  POSSIBLE SUNSHINE  MM
  AVERAGE SKY COVER 0.9


WEATHER CONDITIONS
 THE FOLLOWING WEATHER WAS RECORDED TODAY.
  LIGHT RAIN


RELATIVE HUMIDITY (PERCENT)
 HIGHEST    76           200 AM
 LOWEST     49           300 PM
 AVERAGE    63

..........................................................


THE KANSAS CITY INTERNATIONAL MO CLIMATE NORMALS FOR TOMORROW
                         NORMAL    RECORD    YEAR
 MAXIMUM TEMPERATURE (F)   62        84      2000
                                             1893
 MINIMUM TEMPERATURE (F)   40        17      1920


SUNRISE AND SUNSET
APRIL  4 2014.........SUNRISE   659 AM CDT   SUNSET   746 PM CDT
APRIL  5 2014.........SUNRISE   657 AM CDT   SUNSET   747 PM CDT


-  INDICATES NEGATIVE NUMBERS.
R  INDICATES RECORD WAS SET OR TIED.
MM INDICATES DATA IS MISSING.
T  INDICATES TRACE AMOUNT.




&&

...MISCELLANEOUS CLIMATE DATA FROM TODAY...

LOCATION                HIGH    LOW      PRECIP
ST. JOSEPH               44      36       T
DOWNTOWN KANSAS CITY     46      39       T
OLATHE NEW CENTURY       47      38       0.00
OLATHE JO CO EXEC        46      37       0.00
LEES SUMMIT              45      38       0.00
KIRKSVILLE               45      34       0.00
CHILLICOTHE              43      37       0.00
SEDALIA                  47      39       0.00
NWS PLEASANT HILL MO     44      37       0.00


THIS PRODUCT...ALONG WITH OTHER WEATHER...HYDROLOGICAL AND CLIMATE
INFORMATION...IS AVAILABLE ON THE WEB AT HTTP://WWW.CRH.NOAA.GOV/EAX
OR AT HTTP://WEATHER.GOV

$$
