118
CDUS43 KEAX 140641
CLIMCI

CLIMATE REPORT
NATIONAL WEATHER SERVICE KANSAS CITY/PLEASANT HILL MO
140 AM CDT SAT OCT 14 2017


...................................

...THE KANSAS CITY INTERNATIONAL MO CLIMATE SUMMARY FOR OCTOBER 13 2017...

CLIMATE NORMAL PERIOD 1981 TO 2010
CLIMATE RECORD PERIOD 1888 TO 2017


WEATHER ITEM   OBSERVED TIME   RECORD YEAR NORMAL DEPARTURE LAST
                VALUE   (LST)  VALUE       VALUE  FROM      YEAR
                                                  NORMAL
..................................................................
TEMPERATURE (F)
 YESTERDAY
  MAXIMUM         83    340 PM  91    1899  68     15       58
  MINIMUM         59    655 AM  27    1979  47     12       35
  AVERAGE         71                        57     14       47

PRECIPITATION (IN)
  YESTERDAY        0.00          2.35 1981   0.10  -0.10     0.00
  MONTH TO DATE    0.71                      1.48  -0.77     2.47
  SINCE SEP 1      3.51                      6.10  -2.59     7.41
  SINCE JAN 1     41.40                     33.50   7.90    46.84

SNOWFALL (IN)
  YESTERDAY        0.0           0.0    MM   0.0    0.0      0.0
  MONTH TO DATE    0.0                       0.0    0.0      0.0
  SINCE SEP 1      0.0                       0.0    0.0      0.0
  SINCE JUL 1      0.0                       0.0    0.0      0.0
  SNOW DEPTH       0

DEGREE DAYS
 HEATING
  YESTERDAY        0                         8     -8       18
  MONTH TO DATE   36                        89    -53       68
  SINCE SEP 1     52                       154   -102       89
  SINCE JUL 1     56                       156   -100       89

 COOLING
  YESTERDAY        6                         1      5        0
  MONTH TO DATE   40                        18     22       11
  SINCE SEP 1    245                       177     68      231
  SINCE JAN 1   1323                      1350    -27     1528
..................................................................


WIND (MPH)
  HIGHEST WIND SPEED    15   HIGHEST WIND DIRECTION     S (190)
  HIGHEST GUST SPEED    22   HIGHEST GUST DIRECTION     S (180)
  AVERAGE WIND SPEED     9.2


SKY COVER
  POSSIBLE SUNSHINE  MM
  AVERAGE SKY COVER 0.4


WEATHER CONDITIONS
 THE FOLLOWING WEATHER WAS RECORDED YESTERDAY.
  HAZE


RELATIVE HUMIDITY (PERCENT)
 HIGHEST    90           100 AM
 LOWEST     55           200 PM
 AVERAGE    73

..........................................................


THE KANSAS CITY INTERNATIONAL MO CLIMATE NORMALS FOR TODAY
                         NORMAL    RECORD    YEAR
 MAXIMUM TEMPERATURE (F)   68        92      1963
                                             1938
 MINIMUM TEMPERATURE (F)   47        29      1937


SUNRISE AND SUNSET
OCTOBER 14 2017.......SUNRISE   728 AM CDT   SUNSET   641 PM CDT
OCTOBER 15 2017.......SUNRISE   729 AM CDT   SUNSET   640 PM CDT


-  INDICATES NEGATIVE NUMBERS.
R  INDICATES RECORD WAS SET OR TIED.
MM INDICATES DATA IS MISSING.
T  INDICATES TRACE AMOUNT.


&&

...MISCELLANEOUS CLIMATE DATA FROM YESTERDAY...

LOCATION                HIGH    LOW      PRECIP
ST. JOSEPH               81      57       0.00
DOWNTOWN KANSAS CITY     85      63       0.00
OLATHE NEW CENTURY       86      61       0.00
OLATHE JO CO EXEC        85      58       0.00
LEES SUMMIT              86      60       0.00
KIRKSVILLE               81      49       0.00
CHILLICOTHE              85      54       0.00
SEDALIA                  87      57       0.00
NWS PLEASANT HILL MO     86      56       0.00


THIS PRODUCT...ALONG WITH OTHER WEATHER...HYDROLOGICAL AND CLIMATE
INFORMATION...IS AVAILABLE ON THE WEB AT HTTP://WWW.WEATHER.GOV/EAX
OR AT HTTP://WEATHER.GOV

$$
