000
CDUS43 KEAX 130632
CLIMCI

CLIMATE REPORT
NATIONAL WEATHER SERVICE KANSAS CITY/PLEASANT HILL MO
131 AM CDT MON MAR 13 2017


...................................

...THE KANSAS CITY INTERNATIONAL MO CLIMATE SUMMARY FOR MARCH 12 2017...

CLIMATE NORMAL PERIOD 1981 TO 2010
CLIMATE RECORD PERIOD 1888 TO 2017


WEATHER ITEM   OBSERVED TIME   RECORD YEAR NORMAL DEPARTURE LAST
                VALUE   (LST)  VALUE       VALUE  FROM      YEAR
                                                  NORMAL
..................................................................
TEMPERATURE (F)
 YESTERDAY
  MAXIMUM         42   1046 PM  80    1916  54    -12       57
  MINIMUM         23    659 AM  -7    1998  32     -9       49
  AVERAGE         33                        43    -10       53

PRECIPITATION (IN)
  YESTERDAY        0.00          2.34 1961   0.06  -0.06     0.36
  MONTH TO DATE    0.41                      0.79  -0.38     1.09
  SINCE MAR 1      0.41                      0.79  -0.38     1.09
  SINCE JAN 1      1.86                      3.32  -1.46     2.25

SNOWFALL (IN)
  YESTERDAY        0.0           5.0  1984   0.0    0.0      0.0
  MONTH TO DATE    0.4                       1.0   -0.6      0.0
  SINCE MAR 1      0.4                       1.0   -0.6      0.0
  SINCE JUL 1      4.9                      17.2  -12.3      5.3
  SNOW DEPTH       0

DEGREE DAYS
 HEATING
  YESTERDAY       32                        22     10       12
  MONTH TO DATE  240                       292    -52      158
  SINCE MAR 1    240                       292    -52      158
  SINCE JUL 1   3494                      4337   -843     3515

 COOLING
  YESTERDAY        0                         0      0        0
  MONTH TO DATE    0                         0      0        2
  SINCE MAR 1      0                         0      0        2
  SINCE JAN 1      0                         0      0        2
..................................................................


WIND (MPH)
  HIGHEST WIND SPEED    22   HIGHEST WIND DIRECTION     S (160)
  HIGHEST GUST SPEED    26   HIGHEST GUST DIRECTION     S (170)
  AVERAGE WIND SPEED     9.1


SKY COVER
  POSSIBLE SUNSHINE  MM
  AVERAGE SKY COVER 0.8


WEATHER CONDITIONS
 THE FOLLOWING WEATHER WAS RECORDED YESTERDAY.
  FOG


RELATIVE HUMIDITY (PERCENT)
 HIGHEST    92           400 AM
 LOWEST     55           400 PM
 AVERAGE    74

..........................................................


THE KANSAS CITY INTERNATIONAL MO CLIMATE NORMALS FOR TODAY
                         NORMAL    RECORD    YEAR
 MAXIMUM TEMPERATURE (F)   54        82      1918
 MINIMUM TEMPERATURE (F)   32        10      1993
                                             1975
                                             1895


SUNRISE AND SUNSET
MARCH 13 2017.........SUNRISE   733 AM CDT   SUNSET   724 PM CDT
MARCH 14 2017.........SUNRISE   731 AM CDT   SUNSET   725 PM CDT


-  INDICATES NEGATIVE NUMBERS.
R  INDICATES RECORD WAS SET OR TIED.
MM INDICATES DATA IS MISSING.
T  INDICATES TRACE AMOUNT.


&&

...MISCELLANEOUS CLIMATE DATA FROM YESTERDAY...

LOCATION                HIGH    LOW      PRECIP
ST. JOSEPH               43      28       0.00
DOWNTOWN KANSAS CITY     45      26       T
OLATHE NEW CENTURY       43      20       0.01
OLATHE JO CO EXEC        42      20       0.01
LEES SUMMIT              44      23       T
KIRKSVILLE               41      27       0.01
CHILLICOTHE              42      24       0.00
SEDALIA                  45      26       0.01
NWS PLEASANT HILL MO     44      22       0.01


THIS PRODUCT...ALONG WITH OTHER WEATHER...HYDROLOGICAL AND CLIMATE
INFORMATION...IS AVAILABLE ON THE WEB AT HTTP://WWW.WEATHER.GOV/EAX
OR AT HTTP://WEATHER.GOV

$$
