000
CDUS43 KEAX 130632
CLIMCI

CLIMATE REPORT
NATIONAL WEATHER SERVICE KANSAS CITY/PLEASANT HILL MO
131 AM CDT WED APR 13 2016


...................................

...THE KANSAS CITY INTERNATIONAL MO CLIMATE SUMMARY FOR APRIL 12 2016...

CLIMATE NORMAL PERIOD 1981 TO 2010
CLIMATE RECORD PERIOD 1888 TO 2016


WEATHER ITEM   OBSERVED TIME   RECORD YEAR NORMAL DEPARTURE LAST
                VALUE   (LST)  VALUE       VALUE  FROM      YEAR
                                                  NORMAL
..................................................................
TEMPERATURE (F)
 YESTERDAY
  MAXIMUM         62    401 PM  92    1972  65     -3       67
  MINIMUM         33   1256 AM  23    1940  43    -10       52
  AVERAGE         48                        54     -6       60

PRECIPITATION (IN)
  YESTERDAY        0.00          1.80 1909   0.11  -0.11     0.53
  MONTH TO DATE    0.34                      1.24  -0.90     1.30
  SINCE MAR 1      3.06                      3.61  -0.55     2.18
  SINCE JAN 1      4.22                      6.14  -1.92     4.36

SNOWFALL (IN)
  YESTERDAY        0.0           T    2008   0.0    0.0      0.0
                                      1951
  MONTH TO DATE    0.0                       0.4   -0.4      0.0
  SINCE MAR 1      0.6                       2.4   -1.8       T
  SINCE JUL 1      5.9                      18.6  -12.7     14.2
  SNOW DEPTH       0

DEGREE DAYS
 HEATING
  YESTERDAY       17                        12      5        5
  MONTH TO DATE  157                       164     -7       90
  SINCE MAR 1    600                       810   -210      652
  SINCE JUL 1   3957                      4855   -898     4866

 COOLING
  YESTERDAY        0                         1     -1        0
  MONTH TO DATE    0                         6     -6        6
  SINCE MAR 1      2                         9     -7        8
  SINCE JAN 1      2                         9     -7        8
..................................................................


WIND (MPH)
  HIGHEST WIND SPEED    17   HIGHEST WIND DIRECTION    SE (130)
  HIGHEST GUST SPEED    20   HIGHEST GUST DIRECTION    SE (140)
  AVERAGE WIND SPEED     7.5


SKY COVER
  POSSIBLE SUNSHINE  MM
  AVERAGE SKY COVER 0.1


WEATHER CONDITIONS
 THE FOLLOWING WEATHER WAS RECORDED YESTERDAY.
  NO SIGNIFICANT WEATHER WAS OBSERVED.


RELATIVE HUMIDITY (PERCENT)
 HIGHEST    56           500 AM
 LOWEST     23           400 PM
 AVERAGE    40

..........................................................


THE KANSAS CITY INTERNATIONAL MO CLIMATE NORMALS FOR TODAY
                         NORMAL    RECORD    YEAR
 MAXIMUM TEMPERATURE (F)   65        92      2006
 MINIMUM TEMPERATURE (F)   43        22      1950


SUNRISE AND SUNSET
APRIL 13 2016.........SUNRISE   644 AM CDT   SUNSET   755 PM CDT
APRIL 14 2016.........SUNRISE   643 AM CDT   SUNSET   756 PM CDT


-  INDICATES NEGATIVE NUMBERS.
R  INDICATES RECORD WAS SET OR TIED.
MM INDICATES DATA IS MISSING.
T  INDICATES TRACE AMOUNT.


&&

...MISCELLANEOUS CLIMATE DATA FROM YESTERDAY...

LOCATION                HIGH    LOW      PRECIP
ST. JOSEPH               63      26       0.00
DOWNTOWN KANSAS CITY     64      34       0.00
OLATHE NEW CENTURY       62      32       0.00
OLATHE JO CO EXEC        61      34       0.00
LEES SUMMIT              61      34       0.00
KIRKSVILLE               58      28       0.00
CHILLICOTHE              59      27       0.00
SEDALIA                  60      31       0.00
NWS PLEASANT HILL MO     63      34       0.00


THIS PRODUCT...ALONG WITH OTHER WEATHER...HYDROLOGICAL AND CLIMATE
INFORMATION...IS AVAILABLE ON THE WEB AT HTTP://WWW.WEATHER.GOV/EAX
OR AT HTTP://WEATHER.GOV

$$

73
