000
CDUS43 KEAX 080033
CLIMCI

CLIMATE REPORT
NATIONAL WEATHER SERVICE KANSAS CITY/PLEASANT HILL MO
732 PM CDT SUN MAY 7 2017


...................................

...THE KANSAS CITY INTERNATIONAL MO CLIMATE SUMMARY FOR MAY 7 2017...
VALID TODAY AS OF 0700 PM LOCAL TIME.

CLIMATE NORMAL PERIOD 1981 TO 2010
CLIMATE RECORD PERIOD 1888 TO 2017


WEATHER ITEM   OBSERVED TIME   RECORD YEAR NORMAL DEPARTURE LAST
                VALUE   (LST)  VALUE       VALUE  FROM      YEAR
                                                  NORMAL
..................................................................
TEMPERATURE (F)
 TODAY
  MAXIMUM         80    458 PM  92    1934  72      8       85
  MINIMUM         48    532 AM  34    1989  52     -4       59
  AVERAGE         64                        62      2       72

PRECIPITATION (IN)
  TODAY            0.00          2.57 1927   0.17  -0.17     0.00
  MONTH TO DATE    0.14                      1.17  -1.03     0.01
  SINCE MAR 1      9.59                      7.24   2.35     9.88
  SINCE JAN 1     11.04                      9.77   1.27    11.04

SNOWFALL (IN)
  TODAY            0.0           0.0    MM   0.0    0.0      0.0
  MONTH TO DATE    0.0                       0.0    0.0      0.0
  SINCE MAR 1      0.4                       2.6   -2.2      0.6
  SINCE JUL 1      4.9                      18.8  -13.9      5.9
  SNOW DEPTH       0

DEGREE DAYS
 HEATING
  TODAY            1                         5     -4        0
  MONTH TO DATE   60                        38     22       42
  SINCE MAR 1    843                      1013   -170      727
  SINCE JUL 1   4097                      5058   -961     4084

 COOLING
  TODAY            0                         2     -2        7
  MONTH TO DATE    1                         8     -7        7
  SINCE MAR 1     34                        36     -2       21
  SINCE JAN 1     34                        36     -2       21
..................................................................


WIND (MPH)
  HIGHEST WIND SPEED    17   HIGHEST WIND DIRECTION    SE (150)
  HIGHEST GUST SPEED    20   HIGHEST GUST DIRECTION     S (170)
  AVERAGE WIND SPEED     9.8


SKY COVER
  POSSIBLE SUNSHINE  MM
  AVERAGE SKY COVER 0.0


WEATHER CONDITIONS
 THE FOLLOWING WEATHER WAS RECORDED TODAY.
  NO SIGNIFICANT WEATHER WAS OBSERVED.


RELATIVE HUMIDITY (PERCENT)
 HIGHEST    71           300 AM
 LOWEST     35           100 PM
 AVERAGE    53

..........................................................


THE KANSAS CITY INTERNATIONAL MO CLIMATE NORMALS FOR TOMORROW
                         NORMAL    RECORD    YEAR
 MAXIMUM TEMPERATURE (F)   73        94      1934
 MINIMUM TEMPERATURE (F)   52        35      1984


SUNRISE AND SUNSET
MAY  7 2017...........SUNRISE   613 AM CDT   SUNSET   818 PM CDT
MAY  8 2017...........SUNRISE   612 AM CDT   SUNSET   819 PM CDT


-  INDICATES NEGATIVE NUMBERS.
R  INDICATES RECORD WAS SET OR TIED.
MM INDICATES DATA IS MISSING.
T  INDICATES TRACE AMOUNT.


&&

...MISCELLANEOUS CLIMATE DATA FROM TODAY...

LOCATION                HIGH    LOW      PRECIP
ST. JOSEPH               83      44       0.00
DOWNTOWN KANSAS CITY     82      51       0.00
OLATHE NEW CENTURY       81      53       0.00
OLATHE JO CO EXEC        78      51       0.00
LEES SUMMIT              80      55       0.00
KIRKSVILLE               77      39       0.00
CHILLICOTHE              79      42       0.00
SEDALIA                  80      49       0.00
NWS PLEASANT HILL MO     80      49       0.00


THIS PRODUCT...ALONG WITH OTHER WEATHER...HYDROLOGICAL AND CLIMATE
INFORMATION...IS AVAILABLE ON THE WEB AT HTTP://WWW.WEATHER.GOV/EAX
OR AT HTTP://WEATHER.GOV

$$
