000
CDUS43 KEAX 210633
CLIMCI

CLIMATE REPORT
NATIONAL WEATHER SERVICE KANSAS CITY/PLEASANT HILL MO
132 AM CDT THU AUG 21 2014


...................................

...THE KANSAS CITY INTERNATIONAL MO CLIMATE SUMMARY FOR AUGUST 20 2014...

CLIMATE NORMAL PERIOD 1981 TO 2010
CLIMATE RECORD PERIOD 1888 TO 2014


WEATHER ITEM   OBSERVED TIME   RECORD YEAR NORMAL DEPARTURE LAST
                VALUE   (LST)  VALUE       VALUE  FROM      YEAR
                                                  NORMAL
..................................................................
TEMPERATURE (F)
 YESTERDAY
  MAXIMUM         92    411 PM 103    2003  87      5       87
                                      1936
  MINIMUM         72    619 AM  49    1950  67      5       65
  AVERAGE         82                        77      5       76

PRECIPITATION (IN)
  YESTERDAY        0.00          2.40 2011   0.12  -0.12     0.00
  MONTH TO DATE    4.73                      2.42   2.31     2.12
  SINCE JUN 1     14.68                     12.10   2.58     7.74
  SINCE JAN 1     23.30                     25.93  -2.63    22.67

SNOWFALL (IN)
  YESTERDAY        0.0           0.0    MM   0.0    0.0      0.0
  MONTH TO DATE    0.0                       0.0    0.0      0.0
  SINCE JUN 1      0.0                       0.0    0.0      0.0
  SINCE JUL 1      0.0                       0.0    0.0      0.0
  SNOW DEPTH       0

DEGREE DAYS
 HEATING
  YESTERDAY        0                         0      0        0
  MONTH TO DATE    0                         0      0        0
  SINCE JUN 1      3                         9     -6       17
  SINCE JUL 1      2                         0      2        0

 COOLING
  YESTERDAY       17                        12      5       11
  MONTH TO DATE  210                       257    -47      163
  SINCE JUN 1    773                       937   -164      806
  SINCE JAN 1    934                      1053   -119      911
..................................................................


WIND (MPH)
  HIGHEST WIND SPEED    20   HIGHEST WIND DIRECTION     S (190)
  HIGHEST GUST SPEED    26   HIGHEST GUST DIRECTION     S (180)
  AVERAGE WIND SPEED    11.1


SKY COVER
  POSSIBLE SUNSHINE  MM
  AVERAGE SKY COVER 0.3


WEATHER CONDITIONS
 THE FOLLOWING WEATHER WAS RECORDED YESTERDAY.
  FOG


RELATIVE HUMIDITY (PERCENT)
 HIGHEST    87           600 AM
 LOWEST     49           400 PM
 AVERAGE    68

..........................................................


THE KANSAS CITY INTERNATIONAL MO CLIMATE NORMALS FOR TODAY
                         NORMAL    RECORD    YEAR
 MAXIMUM TEMPERATURE (F)   87       106      2003
 MINIMUM TEMPERATURE (F)   66        53      2004
                                             1956
                                             1950


SUNRISE AND SUNSET
AUGUST 21 2014........SUNRISE   637 AM CDT   SUNSET   806 PM CDT
AUGUST 22 2014........SUNRISE   638 AM CDT   SUNSET   805 PM CDT


-  INDICATES NEGATIVE NUMBERS.
R  INDICATES RECORD WAS SET OR TIED.
MM INDICATES DATA IS MISSING.
T  INDICATES TRACE AMOUNT.



&&

...MISCELLANEOUS CLIMATE DATA FROM YESTERDAY...

LOCATION                HIGH    LOW      PRECIP
ST. JOSEPH               92      72       0.00
DOWNTOWN KANSAS CITY     94      80       0.00
OLATHE NEW CENTURY       95      74       0.00
OLATHE JO CO EXEC        93      72       0.00
LEES SUMMIT              92      74       0.00
KIRKSVILLE               88      69       T
CHILLICOTHE              90      72       0.00
SEDALIA                  93      74       T
NWS PLEASANT HILL MO     90      71       0.00


THIS PRODUCT...ALONG WITH OTHER WEATHER...HYDROLOGICAL AND CLIMATE
INFORMATION...IS AVAILABLE ON THE WEB AT HTTP://WWW.CRH.NOAA.GOV/EAX
OR AT HTTP://WEATHER.GOV

$$
