000
CDUS43 KFSD 060627
CLIFSD


CLIMATE REPORT
NATIONAL WEATHER SERVICE SIOUX FALLS SD
124 AM CDT SUN JUL 6 2014


...................................

...THE SIOUX FALLS SD CLIMATE SUMMARY FOR JULY 5 2014...

CLIMATE NORMAL PERIOD 1981 TO 2010
CLIMATE RECORD PERIOD 1893 TO 2014


WEATHER ITEM   OBSERVED TIME   RECORD YEAR NORMAL DEPARTURE LAST
                VALUE   (LST)  VALUE       VALUE  FROM      YEAR
                                                  NORMAL
..................................................................
TEMPERATURE (F)
 YESTERDAY
  MAXIMUM         90    353 PM 109    1936  84      6       84
  MINIMUM         67    626 AM  39    1972  61      6       68
  AVERAGE         79                        73      6       76

PRECIPITATION (IN)
  YESTERDAY        T             2.29 1982   0.11  -0.11      T
  MONTH TO DATE    0.01                      0.53  -0.52     0.05
  SINCE JUN 1     13.71                      4.45   9.26     4.33
  SINCE JAN 1     18.69                     13.78   4.91    16.64

SNOWFALL (IN)
  YESTERDAY        0.0           0.0    MM   0.0    0.0      0.0
  MONTH TO DATE    0.0                       0.0    0.0      0.0
  SINCE JUN 1      T                         0.0    0.0      0.0
  SINCE JUL 1      0.0                       0.0    0.0      0.0
  SNOW DEPTH       0

DEGREE DAYS
 HEATING
  YESTERDAY        0                         0      0        0
  MONTH TO DATE    4                         0      4        0
  SINCE JUN 1     36                        51    -15       69
  SINCE JUL 1      4                         0      4        0

 COOLING
  YESTERDAY       14                         8      6       11
  MONTH TO DATE   24                        39    -15       31
  SINCE JUN 1    160                       174    -14      167
  SINCE JAN 1    213                       210      3      209
..................................................................


WIND (MPH)
  HIGHEST WIND SPEED    22   HIGHEST WIND DIRECTION     S (190)
  HIGHEST GUST SPEED    30   HIGHEST GUST DIRECTION     S (180)
  AVERAGE WIND SPEED    12.6


SKY COVER
  POSSIBLE SUNSHINE  MM
  AVERAGE SKY COVER 0.5


WEATHER CONDITIONS
 THE FOLLOWING WEATHER WAS RECORDED YESTERDAY.
  NO SIGNIFICANT WEATHER WAS OBSERVED.


RELATIVE HUMIDITY (PERCENT)
 HIGHEST    85          1000 PM
 LOWEST     43           100 PM
 AVERAGE    64

..........................................................


THE SIOUX FALLS SD CLIMATE NORMALS FOR TODAY
                         NORMAL    RECORD    YEAR
 MAXIMUM TEMPERATURE (F)   84       105      1936
 MINIMUM TEMPERATURE (F)   62        46      1942


SUNRISE AND SUNSET
JULY  6 2014..........SUNRISE   553 AM CDT   SUNSET   911 PM CDT
JULY  7 2014..........SUNRISE   553 AM CDT   SUNSET   910 PM CDT


-  INDICATES NEGATIVE NUMBERS.
R  INDICATES RECORD WAS SET OR TIED.
MM INDICATES DATA IS MISSING.
T  INDICATES TRACE AMOUNT.




$$
