000
CDUS43 KFSD 220708
CLIFSD


CLIMATE REPORT
NATIONAL WEATHER SERVICE SIOUX FALLS SD
207 AM CDT SUN MAR 22 2015


...................................

...THE SIOUX FALLS SD CLIMATE SUMMARY FOR MARCH 21 2015...

CLIMATE NORMAL PERIOD 1981 TO 2010
CLIMATE RECORD PERIOD 1893 TO 2015


WEATHER ITEM   OBSERVED TIME   RECORD YEAR NORMAL DEPARTURE LAST
                VALUE   (LST)  VALUE       VALUE  FROM      YEAR
                                                  NORMAL
..................................................................
TEMPERATURE (F)
 YESTERDAY
  MAXIMUM         51    443 PM  83    1910  45      6       45
  MINIMUM         23    645 AM -11    1951  25     -2       20
  AVERAGE         37                        35      2       33

PRECIPITATION (IN)
  YESTERDAY        0.00          1.04 1993   0.06  -0.06     0.00
  MONTH TO DATE    0.22                      0.98  -0.76     0.52
  SINCE MAR 1      0.22                      0.98  -0.76     0.52
  SINCE JAN 1      1.44                      2.14  -0.70     1.51

SNOWFALL (IN)
  YESTERDAY        0.0          11.7  1993   0.3   -0.3      0.0
  MONTH TO DATE    1.7                       6.1   -4.4      5.8
  SINCE MAR 1      1.7                       6.1   -4.4      5.8
  SINCE JUL 1     31.9                      37.6   -5.7     40.0
  SNOW DEPTH       0

DEGREE DAYS
 HEATING
  YESTERDAY       28                        30     -2       32
  MONTH TO DATE  564                       719   -155      780
  SINCE MAR 1    564                       719   -155      780
  SINCE JUL 1   6313                      6569   -256     7127

 COOLING
  YESTERDAY        0                         0      0        0
  MONTH TO DATE    0                         0      0        0
  SINCE MAR 1      0                         0      0        0
  SINCE JAN 1      0                         0      0        0
..................................................................


WIND (MPH)
  HIGHEST WIND SPEED    20   HIGHEST WIND DIRECTION     E (110)
  HIGHEST GUST SPEED    26   HIGHEST GUST DIRECTION     E (110)
  AVERAGE WIND SPEED    12.1


SKY COVER
  POSSIBLE SUNSHINE  MM
  AVERAGE SKY COVER 0.0


WEATHER CONDITIONS
 THE FOLLOWING WEATHER WAS RECORDED YESTERDAY.
  NO SIGNIFICANT WEATHER WAS OBSERVED.


RELATIVE HUMIDITY (PERCENT)
 HIGHEST    92           100 AM
 LOWEST     31           200 PM
 AVERAGE    62

..........................................................


THE SIOUX FALLS SD CLIMATE NORMALS FOR TODAY
                         NORMAL    RECORD    YEAR
 MAXIMUM TEMPERATURE (F)   46        86      1910
 MINIMUM TEMPERATURE (F)   25       -11      1899


SUNRISE AND SUNSET
MARCH 22 2015.........SUNRISE   727 AM CDT   SUNSET   741 PM CDT
MARCH 23 2015.........SUNRISE   725 AM CDT   SUNSET   743 PM CDT


-  INDICATES NEGATIVE NUMBERS.
R  INDICATES RECORD WAS SET OR TIED.
MM INDICATES DATA IS MISSING.
T  INDICATES TRACE AMOUNT.




$$
