000
CDUS43 KFSD 060621
CLIFSD


CLIMATE REPORT
NATIONAL WEATHER SERVICE SIOUX FALLS SD
120 AM CDT SUN AUG 6 2017


...................................

...THE SIOUX FALLS SD CLIMATE SUMMARY FOR AUGUST 5 2017...

CLIMATE NORMAL PERIOD 1981 TO 2010
CLIMATE RECORD PERIOD 1893 TO 2017


WEATHER ITEM   OBSERVED TIME   RECORD YEAR NORMAL DEPARTURE LAST
                VALUE   (LST)  VALUE       VALUE  FROM      YEAR
                                                  NORMAL
..................................................................
TEMPERATURE (F)
 YESTERDAY
  MAXIMUM         71    306 PM  99    1968  83    -12       80
                                      1934
  MINIMUM         57    114 AM  44    1908  61     -4       54
  AVERAGE         64                        72     -8       67

PRECIPITATION (IN)
  YESTERDAY        T             1.88 1953   0.09  -0.09     0.00
  MONTH TO DATE    0.01                      0.51  -0.50     0.01
  SINCE JUN 1      4.43                      7.52  -3.09     4.05
  SINCE JAN 1     12.18                     16.85  -4.67    15.55

SNOWFALL (IN)
  YESTERDAY        0.0           0.0    MM   0.0    0.0      0.0
  MONTH TO DATE    0.0                       0.0    0.0      0.0
  SINCE JUN 1      0.0                       0.0    0.0      0.0
  SINCE JUL 1      0.0                       0.0    0.0      0.0
  SNOW DEPTH       0

DEGREE DAYS
 HEATING
  YESTERDAY        1                         0      1        0
  MONTH TO DATE    5                         0      5        0
  SINCE JUN 1     31                        59    -28       14
  SINCE JUL 1      5                         8     -3        5

 COOLING
  YESTERDAY        0                         8     -8        2
  MONTH TO DATE   16                        40    -24       45
  SINCE JUN 1    551                       431    120      556
  SINCE JAN 1    577                       467    110      589
..................................................................


WIND (MPH)
  HIGHEST WIND SPEED    16   HIGHEST WIND DIRECTION     S (190)
  HIGHEST GUST SPEED    22   HIGHEST GUST DIRECTION    NW (310)
  AVERAGE WIND SPEED     8.1


SKY COVER
  POSSIBLE SUNSHINE  MM
  AVERAGE SKY COVER 0.9


WEATHER CONDITIONS
 THE FOLLOWING WEATHER WAS RECORDED YESTERDAY.
  LIGHT RAIN


RELATIVE HUMIDITY (PERCENT)
 HIGHEST    78           200 AM
 LOWEST     61           300 PM
 AVERAGE    70

..........................................................


THE SIOUX FALLS SD CLIMATE NORMALS FOR TODAY
                         NORMAL    RECORD    YEAR
 MAXIMUM TEMPERATURE (F)   83        99      1969
                                             1894
 MINIMUM TEMPERATURE (F)   61        46      1908
                                             1904
                                             1902


SUNRISE AND SUNSET
AUGUST  6 2017........SUNRISE   622 AM CDT   SUNSET   843 PM CDT
AUGUST  7 2017........SUNRISE   623 AM CDT   SUNSET   841 PM CDT


-  INDICATES NEGATIVE NUMBERS.
R  INDICATES RECORD WAS SET OR TIED.
MM INDICATES DATA IS MISSING.
T  INDICATES TRACE AMOUNT.




$$
