000
CDUS43 KFSD 150728
CLIFSD


CLIMATE REPORT
NATIONAL WEATHER SERVICE SIOUX FALLS SD
226 AM CDT FRI APR 15 2016


...................................

...THE SIOUX FALLS SD CLIMATE SUMMARY FOR APRIL 14 2016...

CLIMATE NORMAL PERIOD 1981 TO 2010
CLIMATE RECORD PERIOD 1893 TO 2016


WEATHER ITEM   OBSERVED TIME   RECORD YEAR NORMAL DEPARTURE LAST
                VALUE   (LST)  VALUE       VALUE  FROM      YEAR
                                                  NORMAL
..................................................................
TEMPERATURE (F)
 YESTERDAY
  MAXIMUM         76    344 PM  91    1954  58     18       74
  MINIMUM         52    605 AM  11    1928  34     18       31
  AVERAGE         64                        46     18       53

PRECIPITATION (IN)
  YESTERDAY        0.00          1.45 1919   0.10  -0.10     0.00
  MONTH TO DATE    0.09                      1.33  -1.24     0.55
  SINCE MAR 1      2.18                      3.09  -0.91     0.88
  SINCE JAN 1      3.86                      4.25  -0.39     2.10

SNOWFALL (IN)
  YESTERDAY        0.0           2.4  1983   0.2   -0.2      0.0
  MONTH TO DATE    T                         2.7   -2.7       T
  SINCE MAR 1     12.2                      11.1    1.1      1.7
  SINCE JUL 1     68.5                      42.6   25.9     31.9
  SNOW DEPTH       0

DEGREE DAYS
 HEATING
  YESTERDAY        1                        19    -18       12
  MONTH TO DATE  289                       310    -21      222
  SINCE MAR 1   1053                      1305   -252     1042
  SINCE JUL 1   6089                      7155  -1066     6791

 COOLING
  YESTERDAY        0                         0      0        0
  MONTH TO DATE    0                         0      0        4
  SINCE MAR 1      0                         0      0        4
  SINCE JAN 1      0                         0      0        4
..................................................................


WIND (MPH)
  HIGHEST WIND SPEED    30   HIGHEST WIND DIRECTION     S (180)
  HIGHEST GUST SPEED    35   HIGHEST GUST DIRECTION     S (170)
  AVERAGE WIND SPEED    18.2


SKY COVER
  POSSIBLE SUNSHINE  MM
  AVERAGE SKY COVER 0.1


WEATHER CONDITIONS
 THE FOLLOWING WEATHER WAS RECORDED YESTERDAY.
  NO SIGNIFICANT WEATHER WAS OBSERVED.


RELATIVE HUMIDITY (PERCENT)
 HIGHEST    71           700 AM
 LOWEST     25           400 PM
 AVERAGE    48

..........................................................


THE SIOUX FALLS SD CLIMATE NORMALS FOR TODAY
                         NORMAL    RECORD    YEAR
 MAXIMUM TEMPERATURE (F)   59        89      2002
 MINIMUM TEMPERATURE (F)   34        11      2014


SUNRISE AND SUNSET
APRIL 15 2016.........SUNRISE   643 AM CDT   SUNSET   811 PM CDT
APRIL 16 2016.........SUNRISE   642 AM CDT   SUNSET   812 PM CDT


-  INDICATES NEGATIVE NUMBERS.
R  INDICATES RECORD WAS SET OR TIED.
MM INDICATES DATA IS MISSING.
T  INDICATES TRACE AMOUNT.




$$
