000
CDUS43 KFSD 012228
CLIFSD


CLIMATE REPORT
NATIONAL WEATHER SERVICE SIOUX FALLS SD
527 PM CDT SUN OCT 1 2017


...................................

...THE SIOUX FALLS SD CLIMATE SUMMARY FOR OCTOBER 1 2017...
VALID TODAY AS OF 0500 PM LOCAL TIME.

CLIMATE NORMAL PERIOD 1981 TO 2010
CLIMATE RECORD PERIOD 1893 TO 2017


WEATHER ITEM   OBSERVED TIME   RECORD YEAR NORMAL DEPARTURE LAST
                VALUE   (LST)  VALUE       VALUE  FROM      YEAR
                                                  NORMAL
..................................................................
TEMPERATURE (F)
 TODAY
  MAXIMUM         75    241 PM  91    1963  67      8       70
  MINIMUM         58    935 AM  23    1974  42     16       46
  AVERAGE         67                        54     13       58

PRECIPITATION (IN)
  TODAY            0.76          1.36 1930   0.09   0.67     0.00
  MONTH TO DATE    0.76                      0.09   0.67     0.00
  SINCE SEP 1      2.38                      2.86  -0.48     7.55
  SINCE JAN 1     19.97                     22.25  -2.28    25.41

SNOWFALL (IN)
  TODAY            0.0           2.7  1999   0.0    0.0      0.0
  MONTH TO DATE    0.0                       0.0    0.0      0.0
  SINCE SEP 1      0.0                       T      0.0      0.0
  SINCE JUL 1      0.0                       T      0.0      0.0
  SNOW DEPTH       0

DEGREE DAYS
 HEATING
  TODAY            0                        11    -11        7
  MONTH TO DATE    0                        11    -11        7
  SINCE SEP 1     86                       184    -98       77
  SINCE JUL 1     92                       215   -123       85

 COOLING
  TODAY            2                         0      2        0
  MONTH TO DATE    2                         0      2        0
  SINCE SEP 1    100                        60     40       97
  SINCE JAN 1    774                       685     89      877
..................................................................


WIND (MPH)
  HIGHEST WIND SPEED    30   HIGHEST WIND DIRECTION     S (170)
  HIGHEST GUST SPEED    38   HIGHEST GUST DIRECTION     S (170)
  AVERAGE WIND SPEED    19.9


SKY COVER
  POSSIBLE SUNSHINE  MM
  AVERAGE SKY COVER 0.8


WEATHER CONDITIONS
 THE FOLLOWING WEATHER WAS RECORDED TODAY.
  THUNDERSTORM
  HEAVY RAIN
  RAIN
  LIGHT RAIN
  FOG


RELATIVE HUMIDITY (PERCENT)
 HIGHEST    87           700 AM
 LOWEST     64           300 PM
 AVERAGE    76

..........................................................


THE SIOUX FALLS SD CLIMATE NORMALS FOR TOMORROW
                         NORMAL    RECORD    YEAR
 MAXIMUM TEMPERATURE (F)   66        92      1953
 MINIMUM TEMPERATURE (F)   42        21      1974


SUNRISE AND SUNSET
OCTOBER  1 2017.......SUNRISE   725 AM CDT   SUNSET   707 PM CDT
OCTOBER  2 2017.......SUNRISE   726 AM CDT   SUNSET   706 PM CDT


-  INDICATES NEGATIVE NUMBERS.
R  INDICATES RECORD WAS SET OR TIED.
MM INDICATES DATA IS MISSING.
T  INDICATES TRACE AMOUNT.




$$
