000
CDUS43 KJKL 010539
CLILOZ

CLIMATE REPORT
NATIONAL WEATHER SERVICE JACKSON KY
119 AM EDT SAT AUG 1 2015

...................................

...THE LONDON KY CLIMATE SUMMARY FOR JULY 31 2015...

CLIMATE NORMAL PERIOD 1981 TO 2010
CLIMATE RECORD PERIOD 1954 TO 2015

WEATHER ITEM   OBSERVED TIME   RECORD YEAR NORMAL DEPARTURE LAST
                VALUE   (LST)  VALUE       VALUE  FROM      YEAR
                                                  NORMAL
..................................................................
TEMPERATURE (F)
 YESTERDAY
  MAXIMUM         87    457 PM 101    1999  86      1       83
  MINIMUM         61    610 AM  54    1965  66     -5       58
  AVERAGE         74                        76     -2       71

PRECIPITATION (IN)
  YESTERDAY        0.00          1.64 2003   0.12  -0.12     0.00
  MONTH TO DATE   11.23                      4.04   7.19     7.00
  SINCE JUN 1     16.20                      8.44   7.76     9.71
  SINCE JAN 1     36.12                     28.97   7.15    28.70

SNOWFALL (IN)
  YESTERDAY       MM
  MONTH TO DATE   MM
  SINCE JUN 1     MM
  SINCE JUL 1     MM
  SNOW DEPTH      MM

DEGREE DAYS
 HEATING
  YESTERDAY        0                         0      0        0
  MONTH TO DATE    0                         0      0        0
  SINCE JUN 1      2                         9     -7        0
  SINCE JUL 1      0                         0      0        0

 COOLING
  YESTERDAY        9                        11     -2        6
  MONTH TO DATE  390                       341     49      275
  SINCE JUN 1    697                       593    104      557
  SINCE JAN 1    891                       698    193      723
..................................................................

WIND (MPH)
  HIGHEST WIND SPEED    12   HIGHEST WIND DIRECTION    NW (320)
  HIGHEST GUST SPEED    15   HIGHEST GUST DIRECTION    NW (300)
  AVERAGE WIND SPEED     2.9

SKY COVER
  POSSIBLE SUNSHINE  MM
  AVERAGE SKY COVER 0.0

WEATHER CONDITIONS
 THE FOLLOWING WEATHER WAS RECORDED YESTERDAY.
  NO SIGNIFICANT WEATHER WAS OBSERVED.

RELATIVE HUMIDITY (PERCENT)
 HIGHEST    90           600 AM
 LOWEST     30           300 PM
 AVERAGE    60
..........................................................

THE LONDON KY CLIMATE NORMALS FOR TODAY
                         NORMAL    RECORD    YEAR
 MAXIMUM TEMPERATURE (F)   86        96      1970
 MINIMUM TEMPERATURE (F)   66        53      1966

SUNRISE AND SUNSET
AUGUST  1 2015........SUNRISE   641 AM EDT   SUNSET   844 PM EDT
AUGUST  2 2015........SUNRISE   642 AM EDT   SUNSET   843 PM EDT

-  INDICATES NEGATIVE NUMBERS.
R  INDICATES RECORD WAS SET OR TIED.
MM INDICATES DATA IS MISSING.
T  INDICATES TRACE AMOUNT.

$$

SHALLENBERGER
