000
CDUS43 KJKL 170541
CLILOZ

CDUS43 KJKL 162023
CLILOZ


CLIMATE REPORT
NATIONAL WEATHER SERVICE JACKSON KY
141 AM EDT FRI JUL 17 2015


...................................

...THE LONDON KY CLIMATE SUMMARY FOR JULY 16 2015...

CLIMATE NORMAL PERIOD 1981 TO 2010
CLIMATE RECORD PERIOD 1954 TO 2015


WEATHER ITEM   OBSERVED TIME   RECORD YEAR NORMAL DEPARTURE LAST
                VALUE   (LST)  VALUE       VALUE  FROM      YEAR
                                                  NORMAL
..................................................................
TEMPERATURE (F)
 YESTERDAY
  MAXIMUM         87    423 PM 100    1980  87      0       77
  MINIMUM         67    539 AM  50    1967  66      1       56
  AVERAGE         77                        76      1       67

PRECIPITATION (IN)
  YESTERDAY        0.00          1.32 1961   0.13  -0.13     0.00
  MONTH TO DATE   10.25                      2.11   8.14     4.57
  SINCE JUN 1     15.22                      6.51   8.71     7.28
  SINCE JAN 1     35.14                     27.04   8.10    26.27

SNOWFALL (IN)
  YESTERDAY       MM
  MONTH TO DATE   MM
  SINCE JUN 1     MM
  SINCE JUL 1     MM
  SNOW DEPTH      MM

DEGREE DAYS
 HEATING
  YESTERDAY        0                         0      0        0
  MONTH TO DATE    0                         0      0        0
  SINCE JUN 1      2                         9     -7        0
  SINCE JUL 1      0                         0      0        0

COOLING
  YESTERDAY       12                        11      1        2
  MONTH TO DATE  178                       176      2      169
  SINCE JUN 1    485                       419     66      451
  SINCE JAN 1    679                       533    146      617
..................................................................


WIND (MPH)
  HIGHEST WIND SPEED     8   HIGHEST WIND DIRECTION     E (110)
  HIGHEST GUST SPEED    11   HIGHEST GUST DIRECTION     N (20)
  AVERAGE WIND SPEED     2.4


SKY COVER
  POSSIBLE SUNSHINE  MM
  AVERAGE SKY COVER 0.2


WEATHER CONDITIONS
 THE FOLLOWING WEATHER WAS RECORDED YESTERDAY.
  HAZE


RELATIVE HUMIDITY (PERCENT)
 HIGHEST    84          1200 AM
 LOWEST     45           400 PM
 AVERAGE    65

..........................................................


THE LONDON KY CLIMATE NORMALS FOR TODAY
                         NORMAL    RECORD    YEAR
 MAXIMUM TEMPERATURE (F)   87        95      1977
 MINIMUM TEMPERATURE (F)   66        53      1970


SUNRISE AND SUNSET
JULY 17 2015..........SUNRISE   630 AM EDT   SUNSET   855 PM EDT
JULY 18 2015..........SUNRISE   630 AM EDT   SUNSET   854 PM EDT


-  INDICATES NEGATIVE NUMBERS.
R  INDICATES RECORD WAS SET OR TIED.
MM INDICATES DATA IS MISSING.
T  INDICATES TRACE AMOUNT.




$$
