000
CDUS43 KJKL 180545
CLILOZ

CLIMATE REPORT
NATIONAL WEATHER SERVICE JACKSON KY
145 AM EDT THU JUN 18 2015

...................................

...THE LONDON KY CLIMATE SUMMARY FOR JUNE 17 2015...

CLIMATE NORMAL PERIOD 1981 TO 2010
CLIMATE RECORD PERIOD 1954 TO 2015

WEATHER ITEM   OBSERVED TIME   RECORD YEAR NORMAL DEPARTURE LAST
                VALUE   (LST)  VALUE       VALUE  FROM      YEAR
                                                  NORMAL
..................................................................
TEMPERATURE (F)
 YESTERDAY
  MAXIMUM         89    203 PM  93    2007  84      5       92
                                      1957
  MINIMUM         68    542 AM  44    1974  63      5       66
  AVERAGE         79                        73      6       79

PRECIPITATION (IN)
  YESTERDAY        0.06          1.78 1960   0.15  -0.09     0.00
  MONTH TO DATE    2.69                      2.59   0.10     0.77
  SINCE JUN 1      2.69                      2.59   0.10     0.77
  SINCE JAN 1     22.61                     23.12  -0.51    19.76

SNOWFALL (IN)
  YESTERDAY       MM
  MONTH TO DATE   MM
  SINCE JUN 1     MM
  SINCE JUL 1     MM
  SNOW DEPTH      MM

DEGREE DAYS
 HEATING
  YESTERDAY        0                         0      0        0
  MONTH TO DATE    2                         7     -5        0
  SINCE JUN 1      2                         7     -5        0
  SINCE JUL 1   4382                      4203    179     4420

 COOLING
  YESTERDAY       14                         9      5       14
  MONTH TO DATE  163                       115     48      114
  SINCE JUN 1    163                       115     48      114
  SINCE JAN 1    357                       229    128      280
..................................................................

WIND (MPH)
  HIGHEST WIND SPEED    16   HIGHEST WIND DIRECTION     W (260)
  HIGHEST GUST SPEED    21   HIGHEST GUST DIRECTION     W (260)
  AVERAGE WIND SPEED     3.9

SKY COVER
  POSSIBLE SUNSHINE  MM
  AVERAGE SKY COVER 0.1

WEATHER CONDITIONS
 THE FOLLOWING WEATHER WAS RECORDED YESTERDAY.
  THUNDERSTORM
  HEAVY RAIN
  RAIN
  LIGHT RAIN
  FOG
  FOG W/VISIBILITY <= 1/4 MILE
  HAZE

RELATIVE HUMIDITY (PERCENT)
 HIGHEST    90           700 AM
 LOWEST     50           100 PM
 AVERAGE    70
..........................................................

THE LONDON KY CLIMATE NORMALS FOR TODAY
                         NORMAL    RECORD    YEAR
 MAXIMUM TEMPERATURE (F)   84        93      2014
 MINIMUM TEMPERATURE (F)   63        48      1999

SUNRISE AND SUNSET
JUNE 18 2015..........SUNRISE   616 AM EDT   SUNSET   859 PM EDT
JUNE 19 2015..........SUNRISE   616 AM EDT   SUNSET   859 PM EDT

-  INDICATES NEGATIVE NUMBERS.
R  INDICATES RECORD WAS SET OR TIED.
MM INDICATES DATA IS MISSING.
T  INDICATES TRACE AMOUNT.

$$

ABE
