000
CDUS43 KJKL 241011
CLILOZ

CLIMATE REPORT
NATIONAL WEATHER SERVICE JACKSON KY
611 AM EDT MON MAR 24 2014

...................................

...THE LONDON KY CLIMATE SUMMARY FOR MARCH 23 2014...

CLIMATE NORMAL PERIOD 1981 TO 2010
CLIMATE RECORD PERIOD 1954 TO 2014


WEATHER ITEM   OBSERVED TIME   RECORD YEAR NORMAL DEPARTURE LAST
                VALUE   (LST)  VALUE       VALUE  FROM      YEAR
                                                  NORMAL
..................................................................

TEMPERATURE (F)
 YESTERDAY
  MAXIMUM         51    300 PM  81    2007  61    -10       54
  MINIMUM         32   1159 PM  16    1960  38     -6       37
  AVERAGE         42                        49     -7       46

PRECIPITATION (IN)
  YESTERDAY        0.00          1.45 1993   0.13  -0.13     0.00
  MONTH TO DATE    3.20                      3.00   0.20     4.16
  SINCE MAR 1      3.20                      3.00   0.20     4.16
  SINCE JAN 1      9.71                     10.25  -0.54    10.95

SNOWFALL (IN)
  YESTERDAY       MM
  MONTH TO DATE   MM
  SINCE MAR 1     MM
  SINCE JUL 1     MM
  SNOW DEPTH      MM

DEGREE DAYS
 HEATING
  YESTERDAY       23                        16      7       19
  MONTH TO DATE  478                       433     45      587
  SINCE MAR 1    478                       433     45      587
  SINCE JUL 1   3985                      3709    276     3935

 COOLING
  YESTERDAY        0                         0      0        0
  MONTH TO DATE    0                         0      0        0
  SINCE MAR 1      0                         0      0        0
  SINCE JAN 1      0                         0      0        0
..................................................................

WIND (MPH)
  HIGHEST WIND SPEED    20   HIGHEST WIND DIRECTION    NW (320)
  HIGHEST GUST SPEED    26   HIGHEST GUST DIRECTION    NW (310)
  AVERAGE WIND SPEED     9.1


SKY COVER
  POSSIBLE SUNSHINE  MM
  AVERAGE SKY COVER 0.5


WEATHER CONDITIONS
 THE FOLLOWING WEATHER WAS RECORDED YESTERDAY.
  NO SIGNIFICANT WEATHER WAS OBSERVED.


RELATIVE HUMIDITY (PERCENT)
 HIGHEST    65           300 AM
 LOWEST     36           200 PM
 AVERAGE    51
..........................................................

THE LONDON KY CLIMATE NORMALS FOR TODAY
                         NORMAL    RECORD    YEAR
 MAXIMUM TEMPERATURE (F)   61        84      2007
 MINIMUM TEMPERATURE (F)   38        17      1971


SUNRISE AND SUNSET
MARCH 24 2014.........SUNRISE   734 AM EDT   SUNSET   752 PM EDT
MARCH 25 2014.........SUNRISE   732 AM EDT   SUNSET   753 PM EDT


-  INDICATES NEGATIVE NUMBERS.
R  INDICATES RECORD WAS SET OR TIED.
MM INDICATES DATA IS MISSING.
T  INDICATES TRACE AMOUNT.
$$
