000
CDUS43 KJKL 232123
CLILOZ

CLIMATE REPORT
NATIONAL WEATHER SERVICE JACKSON KY
423 PM EST SAT JAN 23 2016

...................................

...THE LONDON KY CLIMATE SUMMARY FOR JANUARY 23 2016...
VALID TODAY AS OF 0400 PM LOCAL TIME.

CLIMATE NORMAL PERIOD 1981 TO 2010
CLIMATE RECORD PERIOD 1954 TO 2016

WEATHER ITEM   OBSERVED TIME   RECORD YEAR NORMAL DEPARTURE LAST
                VALUE   (LST)  VALUE       VALUE  FROM      YEAR
                                                  NORMAL
..................................................................
TEMPERATURE (F)
 TODAY
  MAXIMUM         25    359 PM  70    1967  45    -20       37
  MINIMUM         20    925 AM -12    1963  26     -6       33
  AVERAGE         23                        36    -13       35

PRECIPITATION (IN)
  TODAY            0.02          2.00 1999   0.11  -0.09     0.26
  MONTH TO DATE    2.07                      2.61  -0.54     2.04
  SINCE DEC 1      7.52                      6.85   0.67     5.85
  SINCE JAN 1      2.07                      2.61  -0.54     2.04

SNOWFALL (IN)
  TODAY           MM
  MONTH TO DATE   MM
  SINCE DEC 1     MM
  SINCE JUL 1     MM
  SNOW DEPTH      MM

DEGREE DAYS
 HEATING
  TODAY           42                        29     13       30
  MONTH TO DATE  781                       684     97      699
  SINCE DEC 1   1256                      1506   -250     1422
  SINCE JUL 1   1921                      2336   -415     2366

 COOLING
  TODAY            0                         0      0        0
  MONTH TO DATE    0                         0      0        0
  SINCE DEC 1      0                         1     -1        0
  SINCE JAN 1      0                         0      0        0
..................................................................

WIND (MPH)
  HIGHEST WIND SPEED    14   HIGHEST WIND DIRECTION     N (340)
  HIGHEST GUST SPEED    18   HIGHEST GUST DIRECTION     N (350)
  AVERAGE WIND SPEED     9.7

SKY COVER
  POSSIBLE SUNSHINE  MM
  AVERAGE SKY COVER 1.0

WEATHER CONDITIONS
 THE FOLLOWING WEATHER WAS RECORDED TODAY.
  LIGHT SNOW
  FOG

RELATIVE HUMIDITY (PERCENT)
 HIGHEST    84          1200 AM
 LOWEST     74           200 PM
 AVERAGE    79
..........................................................

THE LONDON KY CLIMATE NORMALS FOR TOMORROW
                         NORMAL    RECORD    YEAR
 MAXIMUM TEMPERATURE (F)   45        74      1972
 MINIMUM TEMPERATURE (F)   26       -18      1963

SUNRISE AND SUNSET
JANUARY 23 2016.......SUNRISE   746 AM EST   SUNSET   551 PM EST
JANUARY 24 2016.......SUNRISE   745 AM EST   SUNSET   552 PM EST

-  INDICATES NEGATIVE NUMBERS.
R  INDICATES RECORD WAS SET OR TIED.
MM INDICATES DATA IS MISSING.
T  INDICATES TRACE AMOUNT.

$$

TAB
