000
CDUS43 KJKL 180645
CLILOZ

CLIMATE REPORT
NATIONAL WEATHER SERVICE JACKSON KY
145 AM EST WED FEB 18 2015

...................................

...THE LONDON KY CLIMATE SUMMARY FOR FEBRUARY 17 2015...

CLIMATE NORMAL PERIOD 1981 TO 2010
CLIMATE RECORD PERIOD 1954 TO 2015

WEATHER ITEM   OBSERVED TIME   RECORD YEAR NORMAL DEPARTURE LAST
                VALUE   (LST)  VALUE       VALUE  FROM      YEAR
                                                  NORMAL
..................................................................
TEMPERATURE (F)
 YESTERDAY
  MAXIMUM         27    353 PM  71    1975  50    -23       59
  MINIMUM          6   1125 PM  -8    1958  30    -24       26
  AVERAGE         17                        40    -23       43

PRECIPITATION (IN)
  YESTERDAY        T             3.07 1956   0.13  -0.13     0.13
  MONTH TO DATE    2.05                      2.21  -0.16     3.07
  SINCE DEC 1      8.24                      9.99  -1.75    11.79
  SINCE JAN 1      4.43                      5.75  -1.32     5.35

SNOWFALL (IN)
  YESTERDAY       MM
  MONTH TO DATE   MM
  SINCE DEC 1     MM
  SINCE JUL 1     MM
  SNOW DEPTH      MM

DEGREE DAYS
 HEATING
  YESTERDAY       48                        25     23       22
  MONTH TO DATE  551                       454     97      528
  SINCE DEC 1   2216                      2187     29     2392
  SINCE JUL 1   3160                      3017    143     3259

 COOLING
  YESTERDAY        0                         0      0        0
  MONTH TO DATE    0                         0      0        0
  SINCE DEC 1      0                         1     -1        0
  SINCE JAN 1      0                         0      0        0
..................................................................

WIND (MPH)
  HIGHEST WIND SPEED    10   HIGHEST WIND DIRECTION    NW (310)
  HIGHEST GUST SPEED    14   HIGHEST GUST DIRECTION    NW (320)
  AVERAGE WIND SPEED     3.0

SKY COVER
  POSSIBLE SUNSHINE  MM
  AVERAGE SKY COVER 0.5

WEATHER CONDITIONS
 THE FOLLOWING WEATHER WAS RECORDED YESTERDAY.
  LIGHT SNOW

RELATIVE HUMIDITY (PERCENT)
 HIGHEST    73           100 AM
 LOWEST     27           500 PM
 AVERAGE    50
..........................................................

THE LONDON KY CLIMATE NORMALS FOR TODAY
                         NORMAL    RECORD    YEAR
 MAXIMUM TEMPERATURE (F)   51        71      1986
 MINIMUM TEMPERATURE (F)   30        -4      1958

SUNRISE AND SUNSET
FEBRUARY 18 2015......SUNRISE   722 AM EST   SUNSET   619 PM EST
FEBRUARY 19 2015......SUNRISE   721 AM EST   SUNSET   620 PM EST

-  INDICATES NEGATIVE NUMBERS.
R  INDICATES RECORD WAS SET OR TIED.
MM INDICATES DATA IS MISSING.
T  INDICATES TRACE AMOUNT.

$$
GREIF
