432
CDUS43 KJKL 120551
CLILOZ

CLIMATE REPORT
NATIONAL WEATHER SERVICE JACKSON KY
1232 AM EST SUN FEB 12 2017

...................................

...THE LONDON KY CLIMATE SUMMARY FOR FEBRUARY 11 2017...

CLIMATE NORMAL PERIOD 1981 TO 2010
CLIMATE RECORD PERIOD 1954 TO 2017

WEATHER ITEM   OBSERVED TIME   RECORD YEAR NORMAL DEPARTURE LAST
                VALUE   (LST)  VALUE       VALUE  FROM      YEAR
                                                  NORMAL
..................................................................
TEMPERATURE (F)
 YESTERDAY
  MAXIMUM         62   1159 PM  71    2009  49     13       33
                                      1999
  MINIMUM         54    514 AM   1    1979  29     25       18
  AVERAGE         58                        39     19       26

PRECIPITATION (IN)
  YESTERDAY        T             1.64 1984   0.13  -0.13     0.00
  MONTH TO DATE    0.36                      1.42  -1.06     1.62
  SINCE DEC 1     10.74                      9.20   1.54     9.15
  SINCE JAN 1      4.44                      4.96  -0.52     3.70

SNOWFALL (IN)
  YESTERDAY       MM
  MONTH TO DATE   MM
  SINCE DEC 1     MM
  SINCE JUL 1     MM
  SNOW DEPTH      MM

DEGREE DAYS
 HEATING
  YESTERDAY        7                        26    -19       39
  MONTH TO DATE  251                       301    -50      310
  SINCE DEC 1   1737                      2034   -297     1816
  SINCE JUL 1   2328                      2864   -536     2481

 COOLING
  YESTERDAY        0                         0      0        0
  MONTH TO DATE    0                         0      0        0
  SINCE DEC 1      0                         1     -1        0
  SINCE JAN 1      0                         0      0        0
..................................................................

WIND (MPH)
  HIGHEST WIND SPEED    17   HIGHEST WIND DIRECTION    SW (220)
  HIGHEST GUST SPEED    24   HIGHEST GUST DIRECTION    SW (240)
  AVERAGE WIND SPEED     7.7

SKY COVER
  POSSIBLE SUNSHINE  MM
  AVERAGE SKY COVER 0.8

WEATHER CONDITIONS
 THE FOLLOWING WEATHER WAS RECORDED YESTERDAY.
  NO SIGNIFICANT WEATHER WAS OBSERVED.

RELATIVE HUMIDITY (PERCENT)
 HIGHEST    80           300 PM
 LOWEST     30          1200 AM
 AVERAGE    55
..........................................................

THE LONDON KY CLIMATE NORMALS FOR TODAY
                         NORMAL    RECORD    YEAR
 MAXIMUM TEMPERATURE (F)   49        79      1984
 MINIMUM TEMPERATURE (F)   29        -7      1981

SUNRISE AND SUNSET
FEBRUARY 12 2017......SUNRISE   728 AM EST   SUNSET   613 PM EST
FEBRUARY 13 2017......SUNRISE   727 AM EST   SUNSET   615 PM EST

-  INDICATES NEGATIVE NUMBERS.
R  INDICATES RECORD WAS SET OR TIED.
MM INDICATES DATA IS MISSING.
T  INDICATES TRACE AMOUNT.

$$

SHALLENBERGER
