000
CDUS43 KLMK 142029
CLILOU


CLIMATE REPORT
NATIONAL WEATHER SERVICE LOUISVILLE KY
429 PM EDT SAT OCT 14 2017


...................................

...THE LOUISVILLE BOWMAN KY CLIMATE SUMMARY FOR OCTOBER 14 2017...
VALID TODAY AS OF 0400 PM LOCAL TIME.

CLIMATE NORMAL PERIOD 1981 TO 2010
CLIMATE RECORD PERIOD 9999 TO 9999


WEATHER ITEM   OBSERVED TIME   RECORD YEAR NORMAL DEPARTURE LAST
                VALUE   (LST)  VALUE       VALUE  FROM      YEAR
                                                  NORMAL
..................................................................
TEMPERATURE (F)
 TODAY
  MAXIMUM         83    259 PM  MM      MM  69     14       68
  MINIMUM         54    655 AM  MM      MM  48      6       45
  AVERAGE         69                        59     10       57

PRECIPITATION (IN)
  TODAY            0.00         MM      MM   0.11  -0.11      T
  MONTH TO DATE    3.01                      1.43   1.58     0.01
  SINCE SEP 1      8.11                      4.59   3.52     2.22
  SINCE JAN 1     37.84                     36.13   1.71    37.79

SNOWFALL (IN)
  TODAY           MM            MM      MM  MM     MM       MM
  MONTH TO DATE   MM                        MM     MM       MM
  SINCE SEP 1     MM                        MM     MM       MM
  SINCE JUL 1     MM                        MM     MM       MM
  SNOW DEPTH      MM

DEGREE DAYS
 HEATING
  TODAY            0                         7     -7        8
  MONTH TO DATE    7                        80    -73       28
  SINCE SEP 1     31                       116    -85       44
  SINCE JUL 1     31                       116    -85       44

 COOLING
  TODAY            4                         1      3        0
  MONTH TO DATE   54                        21     33       38
  SINCE SEP 1    223                       195     28      338
  SINCE JAN 1   1557                      1434    123     1812
..................................................................


WIND (MPH)
  HIGHEST WIND SPEED    15   HIGHEST WIND DIRECTION    SW (210)
  HIGHEST GUST SPEED    18   HIGHEST GUST DIRECTION    SW (210)
  AVERAGE WIND SPEED     4.1


SKY COVER
  POSSIBLE SUNSHINE  MM
  AVERAGE SKY COVER 0.0


WEATHER CONDITIONS
 THE FOLLOWING WEATHER WAS RECORDED TODAY.
  FOG


RELATIVE HUMIDITY (PERCENT)
 HIGHEST   100          1200 AM
 LOWEST     51           300 PM
 AVERAGE    76

..........................................................




SUNRISE AND SUNSET
OCTOBER 14 2017.......SUNRISE   751 AM EDT   SUNSET   706 PM EDT
OCTOBER 15 2017.......SUNRISE   752 AM EDT   SUNSET   704 PM EDT


-  INDICATES NEGATIVE NUMBERS.
R  INDICATES RECORD WAS SET OR TIED.
MM INDICATES DATA IS MISSING.
T  INDICATES TRACE AMOUNT.




$$
