000
CDUS43 KLMK 020634
CLILOU


CLIMATE REPORT
NATIONAL WEATHER SERVICE LOUISVILLE KY
134 AM EST THU FEB 2 2017


...................................

...THE LOUISVILLE BOWMAN KY CLIMATE SUMMARY FOR FEBRUARY 1 2017...

CLIMATE NORMAL PERIOD 1981 TO 2010
CLIMATE RECORD PERIOD 9999 TO 9999


WEATHER ITEM   OBSERVED TIME   RECORD YEAR NORMAL DEPARTURE LAST
                VALUE   (LST)  VALUE       VALUE  FROM      YEAR
                                                  NORMAL
..................................................................
TEMPERATURE (F)
 YESTERDAY
  MAXIMUM         51    233 PM  MM      MM  43      8       62
  MINIMUM         40   1159 PM  MM      MM  27     13       41
  AVERAGE         46                        35     11       52

PRECIPITATION (IN)
  YESTERDAY        0.00         MM      MM   0.12  -0.12     0.16
  MONTH TO DATE    0.00                      0.12  -0.12     0.16
  SINCE DEC 1      9.28                      7.51   1.77     7.21
  SINCE JAN 1      4.24                      3.50   0.74     1.09

SNOWFALL (IN)
  YESTERDAY       MM            MM      MM  MM     MM       MM
  MONTH TO DATE   MM                        MM     MM       MM
  SINCE DEC 1     MM                        MM     MM       MM
  SINCE JUL 1     MM                        MM     MM       MM
  SNOW DEPTH      MM

DEGREE DAYS
 HEATING
  YESTERDAY       19                        30    -11       13
  MONTH TO DATE   19                        30    -11       13
  SINCE DEC 1   1591                      1835   -244     1465
  SINCE JUL 1   2119                      2639   -520     2068

 COOLING
  YESTERDAY        0                         0      0        0
  MONTH TO DATE    0                         0      0        0
  SINCE DEC 1      1                         0      1        3
  SINCE JAN 1      0                         0      0        0
..................................................................


WIND (MPH)
  HIGHEST WIND SPEED    13   HIGHEST WIND DIRECTION    NW (320)
  HIGHEST GUST SPEED    17   HIGHEST GUST DIRECTION    NW (320)
  AVERAGE WIND SPEED     4.1


SKY COVER
  POSSIBLE SUNSHINE  MM
  AVERAGE SKY COVER 0.3


WEATHER CONDITIONS
 THE FOLLOWING WEATHER WAS RECORDED YESTERDAY.
  NO SIGNIFICANT WEATHER WAS OBSERVED.


RELATIVE HUMIDITY (PERCENT)
 HIGHEST    65           400 AM
 LOWEST     42           300 PM
 AVERAGE    54

..........................................................


THE LOUISVILLE BOWMAN KY CLIMATE NORMALS FOR TODAY
                         NORMAL
 MAXIMUM TEMPERATURE (F)   44
 MINIMUM TEMPERATURE (F)   27


SUNRISE AND SUNSET
FEBRUARY  2 2017......SUNRISE   746 AM EST   SUNSET   607 PM EST
FEBRUARY  3 2017......SUNRISE   745 AM EST   SUNSET   608 PM EST


-  INDICATES NEGATIVE NUMBERS.
R  INDICATES RECORD WAS SET OR TIED.
MM INDICATES DATA IS MISSING.
T  INDICATES TRACE AMOUNT.




$$
