000
CDUS43 KLMK 262042
CLILOU


CLIMATE REPORT
NATIONAL WEATHER SERVICE LOUISVILLE KY
441 PM EDT FRI JUN 26 2015


...................................

...THE LOUISVILLE BOWMAN KY CLIMATE SUMMARY FOR JUNE 26 2015...
VALID TODAY AS OF 0400 PM LOCAL TIME.

CLIMATE NORMAL PERIOD 1981 TO 2010
CLIMATE RECORD PERIOD 9999 TO 9999


WEATHER ITEM   OBSERVED TIME   RECORD YEAR NORMAL DEPARTURE LAST
                VALUE   (LST)  VALUE       VALUE  FROM      YEAR
                                                  NORMAL
..................................................................
TEMPERATURE (F)
 TODAY
  MAXIMUM         87    323 PM  MM      MM  87      0       91
  MINIMUM         70    624 AM  MM      MM  68      2       70
  AVERAGE         79                        77      2       81

PRECIPITATION (IN)
  TODAY            0.26         MM      MM   0.12   0.14     0.00
  MONTH TO DATE    5.52                      3.68   1.84     1.50
  SINCE JUN 1      5.52                      3.68   1.84     1.50
  SINCE JAN 1     27.14                     23.60   3.54    21.04

SNOWFALL (IN)
  TODAY            0.0          MM      MM  MM     MM       MM
  MONTH TO DATE    0.0                      MM     MM       MM
  SINCE JUN 1      0.0                      MM     MM       MM
  SINCE JUL 1      0.0                      MM     MM       MM
  SNOW DEPTH       0

DEGREE DAYS
 HEATING
  TODAY            0                         0      0        0
  MONTH TO DATE    9                         2      7        0
  SINCE JUN 1      9                         2      7        0
  SINCE JUL 1   4623                      4267    356     4706

 COOLING
  TODAY           14                        12      2       16
  MONTH TO DATE  324                       256     68      343
  SINCE JUN 1    324                       256     68      343
  SINCE JAN 1    523                       403    120      598
..................................................................


WIND (MPH)
  HIGHEST WIND SPEED    18   HIGHEST WIND DIRECTION    NW (300)
  HIGHEST GUST SPEED    24   HIGHEST GUST DIRECTION     W (290)
  AVERAGE WIND SPEED     3.5


SKY COVER
  POSSIBLE SUNSHINE  MM
  AVERAGE SKY COVER 0.3


WEATHER CONDITIONS
 THE FOLLOWING WEATHER WAS RECORDED TODAY.
  THUNDERSTORM
  HEAVY RAIN
  RAIN
  LIGHT RAIN
  FOG


RELATIVE HUMIDITY (PERCENT)
 HIGHEST   100           400 AM
 LOWEST     51           300 PM
 AVERAGE    76

..........................................................




SUNRISE AND SUNSET
JUNE 26 2015..........SUNRISE   621 AM EDT   SUNSET   910 PM EDT
JUNE 27 2015..........SUNRISE   621 AM EDT   SUNSET   910 PM EDT


-  INDICATES NEGATIVE NUMBERS.
R  INDICATES RECORD WAS SET OR TIED.
MM INDICATES DATA IS MISSING.
T  INDICATES TRACE AMOUNT.




$$
